{"id":8335,"date":"2025-06-29T10:22:34","date_gmt":"2025-06-29T08:22:34","guid":{"rendered":"https:\/\/uj.adatbank.ro\/lexikon\/termek\/frunda-karoly-frnda-karoly\/"},"modified":"2025-06-29T10:22:34","modified_gmt":"2025-06-29T08:22:34","slug":"frunda-karoly-frnda-karoly","status":"publish","type":"product","link":"https:\/\/uj.adatbank.ro\/lexikon\/termek\/frunda-karoly-frnda-karoly\/","title":{"rendered":"FRUNDA K\u00e1roly, Frnda K\u00e1roly"},"content":{"rendered":"<p>Mv., 1917. jan. 14., \u2020\u00a0Mv., 2011: \u00e9p\u00edt\u00e9szm\u00e9rn\u00f6k. \u2013 Fia: F. Gy\u00f6rgy (Mv., 1951. j\u00fal. 22. \u2013), \u00fcgyv\u00e9d, politikus. &#8211; Mv.-en \u00e9p\u00edtkez\u00e9si tervez\u0151m\u00e9rn\u00f6k. A Faliboga \u2013csoport tagja. Letart\u00f3ztatt\u00e1k (1956), a v\u00e1d: az orsz\u00e1g er\u0151szakos megd\u00f6nt\u00e9s\u00e9re l\u00e9trej\u00f6tt szervezet tagja, ez\u00e9rt 18 \u00e9v fogs\u00e1gra \u00edt\u00e9lt\u00e9k, kiszabadult (1964 j\u00fal. 29). <br \/><strong>Irod.:<\/strong> 1956 Erd\u00e9lyben; Drept minoritar, spaime na\u021bionale \/ Gy\u00f6rgy Frunda \u00een dialog cu Elena \u0218tefoi. \u2013 Bucure\u0219ti, 1997.<\/br><\/p>\n","protected":false},"excerpt":{"rendered":"<p>Mv., 1917. jan. 14., \u2020\u00a0Mv., 2011: \u00e9p\u00edt\u00e9szm\u00e9rn\u00f6k. \u2013 Fia: F. Gy\u00f6rgy (Mv., 1951. j\u00fal. 22. \u2013), \u00fcgyv\u00e9d, politikus. &#8211; Mv.-en \u00e9p\u00edtkez\u00e9si tervez\u0151m\u00e9rn\u00f6k. A Faliboga \u2013csoport tagja. Letart\u00f3ztatt\u00e1k (1956), a v\u00e1d: az orsz\u00e1g er\u0151szakos megd\u00f6nt\u00e9s\u00e9re l\u00e9trej\u00f6tt szervezet tagja, ez\u00e9rt 18 \u00e9v fogs\u00e1gra \u00edt\u00e9lt\u00e9k, kiszabadult (1964 j\u00fal. 29). Irod.: 1956 Erd\u00e9lyben; Drept minoritar, spaime na\u021bionale \/ Gy\u00f6rgy [&hellip;]<\/p>\n","protected":false},"featured_media":0,"comment_status":"open","ping_status":"closed","template":"","meta":[],"product_brand":[],"product_cat":[137],"product_tag":[],"class_list":{"0":"post-8335","1":"product","2":"type-product","3":"status-publish","5":"product_cat-maros-megyei-eletrajzi-lexikon","7":"first","8":"instock","9":"shipping-taxable","10":"product-type-simple"},"_links":{"self":[{"href":"https:\/\/uj.adatbank.ro\/lexikon\/wp-json\/wp\/v2\/product\/8335","targetHints":{"allow":["GET"]}}],"collection":[{"href":"https:\/\/uj.adatbank.ro\/lexikon\/wp-json\/wp\/v2\/product"}],"about":[{"href":"https:\/\/uj.adatbank.ro\/lexikon\/wp-json\/wp\/v2\/types\/product"}],"replies":[{"embeddable":true,"href":"https:\/\/uj.adatbank.ro\/lexikon\/wp-json\/wp\/v2\/comments?post=8335"}],"wp:attachment":[{"href":"https:\/\/uj.adatbank.ro\/lexikon\/wp-json\/wp\/v2\/media?parent=8335"}],"wp:term":[{"taxonomy":"product_brand","embeddable":true,"href":"https:\/\/uj.adatbank.ro\/lexikon\/wp-json\/wp\/v2\/product_brand?post=8335"},{"taxonomy":"product_cat","embeddable":true,"href":"https:\/\/uj.adatbank.ro\/lexikon\/wp-json\/wp\/v2\/product_cat?post=8335"},{"taxonomy":"product_tag","embeddable":true,"href":"https:\/\/uj.adatbank.ro\/lexikon\/wp-json\/wp\/v2\/product_tag?post=8335"}],"curies":[{"name":"wp","href":"https:\/\/api.w.org\/{rel}","templated":true}]}}

FRUNDA Károly, Frnda Károly

<p>Mv., 1917. jan. 14., † Mv., 2011: építészmérnök. – Fia: F. György (Mv., 1951. júl. 22. –), ügyvéd, politikus. &#8211; Mv.-en építkezési tervezőmérnök. A Faliboga –csoport tagja. Letartóztatták (1956), a vád: az ország erőszakos megdöntésére létrejött szervezet tagja, ezért 18 év fogságra ítélték, kiszabadult (1964 júl. 29). <br /><strong>Irod.:</strong> 1956 Erdélyben; Drept minoritar, spaime naționale / György Frunda în dialog cu Elena Ștefoi. – București, 1997.</br></p>

<p>Mv., 1917. jan. 14., † Mv., 2011: építészmérnök. – Fia: F. György (Mv., 1951. júl. 22. –), ügyvéd, politikus. &#8211; Mv.-en építkezési tervezőmérnök. A Faliboga –csoport tagja. Letartóztatták (1956), a vád: az ország erőszakos megdöntésére létrejött szervezet tagja, ezért 18 év fogságra ítélték, kiszabadult (1964 júl. 29). Irod.: 1956 Erdélyben; Drept minoritar, spaime naționale / György [&hellip;]</p>
