{"id":8338,"date":"2025-06-29T10:22:42","date_gmt":"2025-06-29T08:22:42","guid":{"rendered":"https:\/\/uj.adatbank.ro\/lexikon\/termek\/fuchs-gusztav\/"},"modified":"2025-06-29T10:22:42","modified_gmt":"2025-06-29T08:22:42","slug":"fuchs-gusztav","status":"publish","type":"product","link":"https:\/\/uj.adatbank.ro\/lexikon\/termek\/fuchs-gusztav\/","title":{"rendered":"FUCHS Guszt\u00e1v"},"content":{"rendered":"<p>Verespatak, 1873. j\u00fal. 31., \u2020\u00a0Petrozs\u00e9ny, 1947. nov. 21.: r. k. pap. \u2013 Tanulm\u00e1nyait Gyulafeh\u00e9rv\u00e1ron v\u00e9gezte \u00e9s itt szentelt\u00e9k papp\u00e1 (1896. j\u00fal. 16.). K\u00e1pl\u00e1n volt Ditr\u00f3ban (1896), Brass\u00f3ban. Pl\u00e9b\u00e1nos Atyh\u00e1ban (1902), T\u00fcrk\u00f6s\u00f6n. Hitoktat\u00f3 Sz\u00e9kelykereszt\u00faron (1905). Pl\u00e9b\u00e1nos Sz\u00e9kelyszentl\u00e9leken (1906\u201311), T\u00f6visen, Zetelak\u00e1n, Jobb\u00e1gytelk\u00e9n (1926\u201331), Segesv\u00e1ros pl\u00e9b\u00e1nos \u00e9s f\u0151esperes (1930\u201333), Kiskapuson, Erzs\u00e9betv\u00e1roson (1835\u2013). <br \/><strong>Irod.:<\/strong> Eml\u00e9kk\u00f6nyv : jobb\u00e1gytelki iskola; Ferenczi S\u00e1ndor 2009; Maros-k\u00fck\u00fcll\u0151i f\u0151esp.<\/br><\/p>\n","protected":false},"excerpt":{"rendered":"<p>Verespatak, 1873. j\u00fal. 31., \u2020\u00a0Petrozs\u00e9ny, 1947. nov. 21.: r. k. pap. \u2013 Tanulm\u00e1nyait Gyulafeh\u00e9rv\u00e1ron v\u00e9gezte \u00e9s itt szentelt\u00e9k papp\u00e1 (1896. j\u00fal. 16.). K\u00e1pl\u00e1n volt Ditr\u00f3ban (1896), Brass\u00f3ban. Pl\u00e9b\u00e1nos Atyh\u00e1ban (1902), T\u00fcrk\u00f6s\u00f6n. Hitoktat\u00f3 Sz\u00e9kelykereszt\u00faron (1905). Pl\u00e9b\u00e1nos Sz\u00e9kelyszentl\u00e9leken (1906\u201311), T\u00f6visen, Zetelak\u00e1n, Jobb\u00e1gytelk\u00e9n (1926\u201331), Segesv\u00e1ros pl\u00e9b\u00e1nos \u00e9s f\u0151esperes (1930\u201333), Kiskapuson, Erzs\u00e9betv\u00e1roson (1835\u2013). Irod.: Eml\u00e9kk\u00f6nyv : jobb\u00e1gytelki iskola; Ferenczi [&hellip;]<\/p>\n","protected":false},"featured_media":0,"comment_status":"open","ping_status":"closed","template":"","meta":[],"product_brand":[],"product_cat":[137],"product_tag":[],"class_list":{"0":"post-8338","1":"product","2":"type-product","3":"status-publish","5":"product_cat-maros-megyei-eletrajzi-lexikon","7":"first","8":"instock","9":"shipping-taxable","10":"product-type-simple"},"_links":{"self":[{"href":"https:\/\/uj.adatbank.ro\/lexikon\/wp-json\/wp\/v2\/product\/8338","targetHints":{"allow":["GET"]}}],"collection":[{"href":"https:\/\/uj.adatbank.ro\/lexikon\/wp-json\/wp\/v2\/product"}],"about":[{"href":"https:\/\/uj.adatbank.ro\/lexikon\/wp-json\/wp\/v2\/types\/product"}],"replies":[{"embeddable":true,"href":"https:\/\/uj.adatbank.ro\/lexikon\/wp-json\/wp\/v2\/comments?post=8338"}],"wp:attachment":[{"href":"https:\/\/uj.adatbank.ro\/lexikon\/wp-json\/wp\/v2\/media?parent=8338"}],"wp:term":[{"taxonomy":"product_brand","embeddable":true,"href":"https:\/\/uj.adatbank.ro\/lexikon\/wp-json\/wp\/v2\/product_brand?post=8338"},{"taxonomy":"product_cat","embeddable":true,"href":"https:\/\/uj.adatbank.ro\/lexikon\/wp-json\/wp\/v2\/product_cat?post=8338"},{"taxonomy":"product_tag","embeddable":true,"href":"https:\/\/uj.adatbank.ro\/lexikon\/wp-json\/wp\/v2\/product_tag?post=8338"}],"curies":[{"name":"wp","href":"https:\/\/api.w.org\/{rel}","templated":true}]}}