{"id":8350,"date":"2025-06-29T10:23:08","date_gmt":"2025-06-29T08:23:08","guid":{"rendered":"https:\/\/uj.adatbank.ro\/lexikon\/termek\/fulea-mihail\/"},"modified":"2025-06-29T10:23:08","modified_gmt":"2025-06-29T08:23:08","slug":"fulea-mihail","status":"publish","type":"product","link":"https:\/\/uj.adatbank.ro\/lexikon\/termek\/fulea-mihail\/","title":{"rendered":"FULEA Mihail"},"content":{"rendered":"<p>N\u00e1zna, 1824. okt. 28., \u2020 Erd\u0151szak\u00e1l, 1890.: ort. pap. \u2013 Szebenben v\u00e9gezte a teol\u00f3gi\u00e1t, majd Aradon a Hodos-Bodrog kolostorban Vasile Moga p\u00fcsp\u00f6k szentelte papp\u00e1 (1847). Avram Iancu tribunja lett (1848), a 12. L\u00e9gi\u00f3ban, amelyet Constantin Romanu-Vivu vezetett. A forradalom ut\u00e1n Erd\u0151szak\u00e1lban volt lelk\u00e9sz (1840\u201370). \u00daj par\u00f3ki\u00e1t \u00e9s papi lak\u00e1st \u00e9p\u00edtett a saj\u00e1t k\u00f6lts\u00e9g\u00e9n. Megnyitotta a falu lakosai r\u00e9sz\u00e9re a Moctar nev\u0171 gabonalerakatot, amelyb\u0151l a nincsteleneket l\u00e1tta el gabon\u00e1val; seg\u00e9lyez\u0151 p\u00e9nzt\u00e1rat is ind\u00edtott, ahol egy \u00e9vre lehetett p\u00e9nzt k\u00f6lcs\u00f6n\u00f6zni; l\u00e9trehozta a Fulea-Baci Alap\u00edtv\u00e1nyt, amelynek seg\u00edts\u00e9g\u00e9vel a szeg\u00e9ny, de tehets\u00e9ges tanul\u00f3k tov\u00e1bbtanul\u00e1s\u00e1t t\u00e1mogatta. Beteg, id\u0151s volt, de a h\u00edvek ragaszkodtak hozz\u00e1, seg\u00e9dlelk\u00e9szt is fogadtak mell\u00e9, csak ne mondjon le tiszts\u00e9g\u00e9r\u0151l (1879). Az erd\u0151szak\u00e1li s\u00edrja (19. sz.) \u201eB\u201d kateg\u00f3ri\u00e1s m\u0171eml\u00e9k. \u2013 Irod: Dobozi; Reghin, Protopopiat; S\u0103calu de P\u0103dure; Valori mure\u015fene de patrimoniu<\/br><\/p>\n","protected":false},"excerpt":{"rendered":"<p>N\u00e1zna, 1824. okt. 28., \u2020 Erd\u0151szak\u00e1l, 1890.: ort. pap. \u2013 Szebenben v\u00e9gezte a teol\u00f3gi\u00e1t, majd Aradon a Hodos-Bodrog kolostorban Vasile Moga p\u00fcsp\u00f6k szentelte papp\u00e1 (1847). Avram Iancu tribunja lett (1848), a 12. L\u00e9gi\u00f3ban, amelyet Constantin Romanu-Vivu vezetett. A forradalom ut\u00e1n Erd\u0151szak\u00e1lban volt lelk\u00e9sz (1840\u201370). \u00daj par\u00f3ki\u00e1t \u00e9s papi lak\u00e1st \u00e9p\u00edtett a saj\u00e1t k\u00f6lts\u00e9g\u00e9n. Megnyitotta a [&hellip;]<\/p>\n","protected":false},"featured_media":0,"comment_status":"open","ping_status":"closed","template":"","meta":[],"product_brand":[],"product_cat":[137],"product_tag":[],"class_list":{"0":"post-8350","1":"product","2":"type-product","3":"status-publish","5":"product_cat-maros-megyei-eletrajzi-lexikon","7":"first","8":"instock","9":"shipping-taxable","10":"product-type-simple"},"_links":{"self":[{"href":"https:\/\/uj.adatbank.ro\/lexikon\/wp-json\/wp\/v2\/product\/8350","targetHints":{"allow":["GET"]}}],"collection":[{"href":"https:\/\/uj.adatbank.ro\/lexikon\/wp-json\/wp\/v2\/product"}],"about":[{"href":"https:\/\/uj.adatbank.ro\/lexikon\/wp-json\/wp\/v2\/types\/product"}],"replies":[{"embeddable":true,"href":"https:\/\/uj.adatbank.ro\/lexikon\/wp-json\/wp\/v2\/comments?post=8350"}],"wp:attachment":[{"href":"https:\/\/uj.adatbank.ro\/lexikon\/wp-json\/wp\/v2\/media?parent=8350"}],"wp:term":[{"taxonomy":"product_brand","embeddable":true,"href":"https:\/\/uj.adatbank.ro\/lexikon\/wp-json\/wp\/v2\/product_brand?post=8350"},{"taxonomy":"product_cat","embeddable":true,"href":"https:\/\/uj.adatbank.ro\/lexikon\/wp-json\/wp\/v2\/product_cat?post=8350"},{"taxonomy":"product_tag","embeddable":true,"href":"https:\/\/uj.adatbank.ro\/lexikon\/wp-json\/wp\/v2\/product_tag?post=8350"}],"curies":[{"name":"wp","href":"https:\/\/api.w.org\/{rel}","templated":true}]}}