{"id":8366,"date":"2025-06-29T10:23:40","date_gmt":"2025-06-29T08:23:40","guid":{"rendered":"https:\/\/uj.adatbank.ro\/lexikon\/termek\/fuli-stefan-%c2%a7\/"},"modified":"2025-06-29T10:23:40","modified_gmt":"2025-06-29T08:23:40","slug":"fuli-stefan-%c2%a7","status":"publish","type":"product","link":"https:\/\/uj.adatbank.ro\/lexikon\/termek\/fuli-stefan-%c2%a7\/","title":{"rendered":"FULI \u015etefan, \u00a7"},"content":{"rendered":"<p>Meggyesfalva, 1950. aug. 23., \u2020 Dics\u0151szentm\u00e1rton, 1995. m\u00e1rc. 28. Eltemett\u00e9k \u00c1d\u00e1moson: k\u00f6lt\u0151. \u2013 Mind\u00f6ssze 8 oszt. -t v\u00e9gzett cig\u00e1ny fi\u00fa, aki elemi iskol\u00e1ba Mv.-en \u00e9s \u00c1d\u00e1mos faluban, a zsidvei Mez\u0151gazdas\u00e1gi l\u00edc.-ban. A d\u00edcs\u0151i Vegyipari Kombin\u00e1t alkalmazottja \u00e9s kaz\u00e1nf\u0171t\u0151 volt a K\u00e9miai Ipari L\u00edc.-ban. A versel\u00e9sre sz\u00fcletett tehets\u00e9g, Dics\u0151szentm\u00e1rtonban tagja volt a \u201eTudor Arghezii\u201d Irodalmi k\u00f6rnek, amely k\u00e9s\u0151bb az \u201eElena din Ardeal\u201d nevet vette fel (1985\u2013). Az els\u0151 roma Rom\u00e1ni\u00e1ban, aki \u00f6n\u00e1ll\u00f3 verses k\u00f6tetet jelentetett meg, \u00e9s akit belefoglaltak a Rom\u00e1niai rom\u00e1k vers- \u00e9s pr\u00f3zaantol\u00f3gi\u00e1j\u00e1ba, amelyet a berlini Romani-Pen-Club adott ki, Franz Remmel, az antol\u00f3gia szek. (1994). Versei megjelentek a St. R., T\u00e2rnava, Cuv\u00e2ntul liber, Vatra has\u00e1bjain. \u00c1d\u00e1mos k\u00f6zs\u00e9gben az utc\u00e1t, ahol lakott, r\u00f3la nevezt\u00e9k el. \u2013 <strong>F. m.:<\/strong> Aproape-departe (Tg. M., 1993); k\u00e9zirata: Calvarul rugului. <br \/><strong>Irod.:<\/strong> C. L. (2002. m\u00e1rc. 26; 2003. \u00e1pr. 1.); Cosma; Dasc\u0103li mure\u015feni, 1.; Ducan, R\u0103zvan: \u015e. F. (1950\u20131995) (C. L., 2001. \u00e1pr. 3)<\/br><\/p>\n","protected":false},"excerpt":{"rendered":"<p>Meggyesfalva, 1950. aug. 23., \u2020 Dics\u0151szentm\u00e1rton, 1995. m\u00e1rc. 28. Eltemett\u00e9k \u00c1d\u00e1moson: k\u00f6lt\u0151. \u2013 Mind\u00f6ssze 8 oszt. -t v\u00e9gzett cig\u00e1ny fi\u00fa, aki elemi iskol\u00e1ba Mv.-en \u00e9s \u00c1d\u00e1mos faluban, a zsidvei Mez\u0151gazdas\u00e1gi l\u00edc.-ban. A d\u00edcs\u0151i Vegyipari Kombin\u00e1t alkalmazottja \u00e9s kaz\u00e1nf\u0171t\u0151 volt a K\u00e9miai Ipari L\u00edc.-ban. A versel\u00e9sre sz\u00fcletett tehets\u00e9g, Dics\u0151szentm\u00e1rtonban tagja volt a \u201eTudor Arghezii\u201d Irodalmi k\u00f6rnek, [&hellip;]<\/p>\n","protected":false},"featured_media":0,"comment_status":"open","ping_status":"closed","template":"","meta":[],"product_brand":[],"product_cat":[137],"product_tag":[],"class_list":{"0":"post-8366","1":"product","2":"type-product","3":"status-publish","5":"product_cat-maros-megyei-eletrajzi-lexikon","7":"first","8":"instock","9":"shipping-taxable","10":"product-type-simple"},"_links":{"self":[{"href":"https:\/\/uj.adatbank.ro\/lexikon\/wp-json\/wp\/v2\/product\/8366","targetHints":{"allow":["GET"]}}],"collection":[{"href":"https:\/\/uj.adatbank.ro\/lexikon\/wp-json\/wp\/v2\/product"}],"about":[{"href":"https:\/\/uj.adatbank.ro\/lexikon\/wp-json\/wp\/v2\/types\/product"}],"replies":[{"embeddable":true,"href":"https:\/\/uj.adatbank.ro\/lexikon\/wp-json\/wp\/v2\/comments?post=8366"}],"wp:attachment":[{"href":"https:\/\/uj.adatbank.ro\/lexikon\/wp-json\/wp\/v2\/media?parent=8366"}],"wp:term":[{"taxonomy":"product_brand","embeddable":true,"href":"https:\/\/uj.adatbank.ro\/lexikon\/wp-json\/wp\/v2\/product_brand?post=8366"},{"taxonomy":"product_cat","embeddable":true,"href":"https:\/\/uj.adatbank.ro\/lexikon\/wp-json\/wp\/v2\/product_cat?post=8366"},{"taxonomy":"product_tag","embeddable":true,"href":"https:\/\/uj.adatbank.ro\/lexikon\/wp-json\/wp\/v2\/product_tag?post=8366"}],"curies":[{"name":"wp","href":"https:\/\/api.w.org\/{rel}","templated":true}]}}

FULI Ştefan, §

<p>Meggyesfalva, 1950. aug. 23., † Dicsőszentmárton, 1995. márc. 28. Eltemették Ádámoson: költő. – Mindössze 8 oszt. -t végzett cigány fiú, aki elemi iskolába Mv.-en és Ádámos faluban, a zsidvei Mezőgazdasági líc.-ban. A dícsői Vegyipari Kombinát alkalmazottja és kazánfűtő volt a Kémiai Ipari Líc.-ban. A verselésre született tehetség, Dicsőszentmártonban tagja volt a „Tudor Arghezii” Irodalmi körnek, amely később az „Elena din Ardeal” nevet vette fel (1985–). Az első roma Romániában, aki önálló verses kötetet jelentetett meg, és akit belefoglaltak a Romániai romák vers- és prózaantológiájába, amelyet a berlini Romani-Pen-Club adott ki, Franz Remmel, az antológia szek. (1994). Versei megjelentek a St. R., Târnava, Cuvântul liber, Vatra hasábjain. Ádámos községben az utcát, ahol lakott, róla nevezték el. – <strong>F. m.:</strong> Aproape-departe (Tg. M., 1993); kézirata: Calvarul rugului. <br /><strong>Irod.:</strong> C. L. (2002. márc. 26; 2003. ápr. 1.); Cosma; Dascăli mureşeni, 1.; Ducan, Răzvan: Ş. F. (1950–1995) (C. L., 2001. ápr. 3)</br></p>

<p>Meggyesfalva, 1950. aug. 23., † Dicsőszentmárton, 1995. márc. 28. Eltemették Ádámoson: költő. – Mindössze 8 oszt. -t végzett cigány fiú, aki elemi iskolába Mv.-en és Ádámos faluban, a zsidvei Mezőgazdasági líc.-ban. A dícsői Vegyipari Kombinát alkalmazottja és kazánfűtő volt a Kémiai Ipari Líc.-ban. A verselésre született tehetség, Dicsőszentmártonban tagja volt a „Tudor Arghezii” Irodalmi körnek, [&hellip;]</p>
