{"id":8368,"date":"2025-06-29T10:23:44","date_gmt":"2025-06-29T08:23:44","guid":{"rendered":"https:\/\/uj.adatbank.ro\/lexikon\/termek\/fulop-alajos\/"},"modified":"2025-06-29T10:23:44","modified_gmt":"2025-06-29T08:23:44","slug":"fulop-alajos","status":"publish","type":"product","link":"https:\/\/uj.adatbank.ro\/lexikon\/termek\/fulop-alajos\/","title":{"rendered":"F\u00dcL\u00d6P Alajos"},"content":{"rendered":"<p>1831. szept. 29., \u2020 Mv., 1902. febr. 23.: r. k. pap, tan\u00e1r, szak\u00edr\u00f3 \u2013 Mis\u00e9z\u0151 papp\u00e1 szentelt\u00e9k (1855. szept. 9.), Alvincen kezdte p\u00e1lyafut\u00e1s\u00e1t, k\u00e9s\u0151bb pl\u00e9b\u00e1nos Felvincen, majd Erny\u00e9ben (1865\u201372), Kiskapuson (1880\u201385) pl\u00e9b\u00e1nos. Nyugd\u00edjaztat\u00e1sa ut\u00e1n Erny\u00e9be k\u00f6lt\u00f6z\u00f6tt (1900\u2013). Papi \u00e9s vall\u00e1stan\u00e1ri m\u0171k\u0151d\u00e9se mellett irodalommal is foglalkozott. \u2013 <strong>F. m.:<\/strong> Axiom\u00e1k gy\u0171jtem\u00e9nye m. \u00e9s latin nyelven (Gyulafeh\u00e9rv\u00e1r, 1888; Mv., 1890); Mithol\u00f3gia \u00e9s revel\u00e1ci\u00f3\u00a0vagyis: A klasszikai hitreg\u00e9szet val\u00f3di \u00e9rtelm\u00e9nek magyar\u00e1zata (Mv., 1892; Bp., 1893.), 4. r\u00e9sz (1895). <br \/><strong>Irod.:<\/strong> Guly\u00e1s, Gy\u00e1szjelent\u0151; MKL; Nagyernye<\/br><\/p>\n","protected":false},"excerpt":{"rendered":"<p>1831. szept. 29., \u2020 Mv., 1902. febr. 23.: r. k. pap, tan\u00e1r, szak\u00edr\u00f3 \u2013 Mis\u00e9z\u0151 papp\u00e1 szentelt\u00e9k (1855. szept. 9.), Alvincen kezdte p\u00e1lyafut\u00e1s\u00e1t, k\u00e9s\u0151bb pl\u00e9b\u00e1nos Felvincen, majd Erny\u00e9ben (1865\u201372), Kiskapuson (1880\u201385) pl\u00e9b\u00e1nos. Nyugd\u00edjaztat\u00e1sa ut\u00e1n Erny\u00e9be k\u00f6lt\u00f6z\u00f6tt (1900\u2013). Papi \u00e9s vall\u00e1stan\u00e1ri m\u0171k\u0151d\u00e9se mellett irodalommal is foglalkozott. \u2013 F. m.: Axiom\u00e1k gy\u0171jtem\u00e9nye m. \u00e9s latin nyelven (Gyulafeh\u00e9rv\u00e1r, [&hellip;]<\/p>\n","protected":false},"featured_media":0,"comment_status":"open","ping_status":"closed","template":"","meta":[],"product_brand":[],"product_cat":[137],"product_tag":[],"class_list":{"0":"post-8368","1":"product","2":"type-product","3":"status-publish","5":"product_cat-maros-megyei-eletrajzi-lexikon","7":"first","8":"instock","9":"shipping-taxable","10":"product-type-simple"},"_links":{"self":[{"href":"https:\/\/uj.adatbank.ro\/lexikon\/wp-json\/wp\/v2\/product\/8368","targetHints":{"allow":["GET"]}}],"collection":[{"href":"https:\/\/uj.adatbank.ro\/lexikon\/wp-json\/wp\/v2\/product"}],"about":[{"href":"https:\/\/uj.adatbank.ro\/lexikon\/wp-json\/wp\/v2\/types\/product"}],"replies":[{"embeddable":true,"href":"https:\/\/uj.adatbank.ro\/lexikon\/wp-json\/wp\/v2\/comments?post=8368"}],"wp:attachment":[{"href":"https:\/\/uj.adatbank.ro\/lexikon\/wp-json\/wp\/v2\/media?parent=8368"}],"wp:term":[{"taxonomy":"product_brand","embeddable":true,"href":"https:\/\/uj.adatbank.ro\/lexikon\/wp-json\/wp\/v2\/product_brand?post=8368"},{"taxonomy":"product_cat","embeddable":true,"href":"https:\/\/uj.adatbank.ro\/lexikon\/wp-json\/wp\/v2\/product_cat?post=8368"},{"taxonomy":"product_tag","embeddable":true,"href":"https:\/\/uj.adatbank.ro\/lexikon\/wp-json\/wp\/v2\/product_tag?post=8368"}],"curies":[{"name":"wp","href":"https:\/\/api.w.org\/{rel}","templated":true}]}}