{"id":8369,"date":"2025-06-29T10:23:45","date_gmt":"2025-06-29T08:23:45","guid":{"rendered":"https:\/\/uj.adatbank.ro\/lexikon\/termek\/fulop-albert\/"},"modified":"2025-06-29T10:23:45","modified_gmt":"2025-06-29T08:23:45","slug":"fulop-albert","status":"publish","type":"product","link":"https:\/\/uj.adatbank.ro\/lexikon\/termek\/fulop-albert\/","title":{"rendered":"F\u00dcL\u00d6P Albert"},"content":{"rendered":"<p>? \u2020 ? : tanfel\u00fcgyel\u0151. \u2013 Consistor (1861), kir. tanfel\u00fcgyel\u0151 hosszasan, tan\u00e1csos (1870-es \u00e9vek), az unit. egyh\u00e1z marosk\u00f6ri gondnoka. <br \/><strong>Irod.:<\/strong> K\u0151v\u00e1ry L\u00e1szl\u00f3 1899; Nemes<\/br><\/p>\n","protected":false},"excerpt":{"rendered":"<p>? \u2020 ? : tanfel\u00fcgyel\u0151. \u2013 Consistor (1861), kir. tanfel\u00fcgyel\u0151 hosszasan, tan\u00e1csos (1870-es \u00e9vek), az unit. egyh\u00e1z marosk\u00f6ri gondnoka. Irod.: K\u0151v\u00e1ry L\u00e1szl\u00f3 1899; Nemes<\/p>\n","protected":false},"featured_media":0,"comment_status":"open","ping_status":"closed","template":"","meta":[],"product_brand":[],"product_cat":[137],"product_tag":[],"class_list":{"0":"post-8369","1":"product","2":"type-product","3":"status-publish","5":"product_cat-maros-megyei-eletrajzi-lexikon","7":"first","8":"instock","9":"shipping-taxable","10":"product-type-simple"},"_links":{"self":[{"href":"https:\/\/uj.adatbank.ro\/lexikon\/wp-json\/wp\/v2\/product\/8369","targetHints":{"allow":["GET"]}}],"collection":[{"href":"https:\/\/uj.adatbank.ro\/lexikon\/wp-json\/wp\/v2\/product"}],"about":[{"href":"https:\/\/uj.adatbank.ro\/lexikon\/wp-json\/wp\/v2\/types\/product"}],"replies":[{"embeddable":true,"href":"https:\/\/uj.adatbank.ro\/lexikon\/wp-json\/wp\/v2\/comments?post=8369"}],"wp:attachment":[{"href":"https:\/\/uj.adatbank.ro\/lexikon\/wp-json\/wp\/v2\/media?parent=8369"}],"wp:term":[{"taxonomy":"product_brand","embeddable":true,"href":"https:\/\/uj.adatbank.ro\/lexikon\/wp-json\/wp\/v2\/product_brand?post=8369"},{"taxonomy":"product_cat","embeddable":true,"href":"https:\/\/uj.adatbank.ro\/lexikon\/wp-json\/wp\/v2\/product_cat?post=8369"},{"taxonomy":"product_tag","embeddable":true,"href":"https:\/\/uj.adatbank.ro\/lexikon\/wp-json\/wp\/v2\/product_tag?post=8369"}],"curies":[{"name":"wp","href":"https:\/\/api.w.org\/{rel}","templated":true}]}}