{"id":8370,"date":"2025-06-29T10:23:49","date_gmt":"2025-06-29T08:23:49","guid":{"rendered":"https:\/\/uj.adatbank.ro\/lexikon\/termek\/fulop-albert-2\/"},"modified":"2025-06-29T10:23:49","modified_gmt":"2025-06-29T08:23:49","slug":"fulop-albert-2","status":"publish","type":"product","link":"https:\/\/uj.adatbank.ro\/lexikon\/termek\/fulop-albert-2\/","title":{"rendered":"F\u00dcL\u00d6P Albert"},"content":{"rendered":"<p>Jobb\u00e1gytelke, 1922 \u2020 Losonc, 1944. dec. 23: \u0151rvezet\u0151. \u2013 A 27. t\u00e1bori t\u00fcz\u00e9rezredben bombaszil\u00e1nk \u00e9rte Losoncon, temetetlen maradt. <br \/><strong>Irod.:<\/strong> Berekm\u00e9ri 2015<\/br><\/p>\n","protected":false},"excerpt":{"rendered":"<p>Jobb\u00e1gytelke, 1922 \u2020 Losonc, 1944. dec. 23: \u0151rvezet\u0151. \u2013 A 27. t\u00e1bori t\u00fcz\u00e9rezredben bombaszil\u00e1nk \u00e9rte Losoncon, temetetlen maradt. Irod.: Berekm\u00e9ri 2015<\/p>\n","protected":false},"featured_media":0,"comment_status":"open","ping_status":"closed","template":"","meta":[],"product_brand":[],"product_cat":[137],"product_tag":[],"class_list":{"0":"post-8370","1":"product","2":"type-product","3":"status-publish","5":"product_cat-maros-megyei-eletrajzi-lexikon","7":"first","8":"instock","9":"shipping-taxable","10":"product-type-simple"},"_links":{"self":[{"href":"https:\/\/uj.adatbank.ro\/lexikon\/wp-json\/wp\/v2\/product\/8370","targetHints":{"allow":["GET"]}}],"collection":[{"href":"https:\/\/uj.adatbank.ro\/lexikon\/wp-json\/wp\/v2\/product"}],"about":[{"href":"https:\/\/uj.adatbank.ro\/lexikon\/wp-json\/wp\/v2\/types\/product"}],"replies":[{"embeddable":true,"href":"https:\/\/uj.adatbank.ro\/lexikon\/wp-json\/wp\/v2\/comments?post=8370"}],"wp:attachment":[{"href":"https:\/\/uj.adatbank.ro\/lexikon\/wp-json\/wp\/v2\/media?parent=8370"}],"wp:term":[{"taxonomy":"product_brand","embeddable":true,"href":"https:\/\/uj.adatbank.ro\/lexikon\/wp-json\/wp\/v2\/product_brand?post=8370"},{"taxonomy":"product_cat","embeddable":true,"href":"https:\/\/uj.adatbank.ro\/lexikon\/wp-json\/wp\/v2\/product_cat?post=8370"},{"taxonomy":"product_tag","embeddable":true,"href":"https:\/\/uj.adatbank.ro\/lexikon\/wp-json\/wp\/v2\/product_tag?post=8370"}],"curies":[{"name":"wp","href":"https:\/\/api.w.org\/{rel}","templated":true}]}}