{"id":8371,"date":"2025-06-29T10:23:51","date_gmt":"2025-06-29T08:23:51","guid":{"rendered":"https:\/\/uj.adatbank.ro\/lexikon\/termek\/fulop-andras-mv\/"},"modified":"2025-06-29T10:23:51","modified_gmt":"2025-06-29T08:23:51","slug":"fulop-andras-mv","status":"publish","type":"product","link":"https:\/\/uj.adatbank.ro\/lexikon\/termek\/fulop-andras-mv\/","title":{"rendered":"F\u00dcL\u00d6P Andr\u00e1s, Mv."},"content":{"rendered":"<p>1922. m\u00e1j. 10., \u2020 Mv., 1996. okt. 11.: tan\u00e1r. \u2013 Apja mozdonyvezet\u0151 volt, 9 \u00e9ves kor\u00e1ban halt meg az anyja. Testv\u00e9rei: Ferenc, Gy\u00f6rgy. Feles\u00e9ge: Buttinger Anna (Kv., 1920. m\u00e1j. 16. &#8211; Mv., 2004. aug. 1), fogorvos, k\u00f3rh\u00e1zigazgat\u00f3, megyei f\u0151orvos. Gyermekeik: Gy\u00f6rgy (1950\u2013), Anna-Katalin (1952\u2013), Emese (1959\u2013). \u2013 A mv.-i Ref. koll.-ban tanult \u00e9s \u00e9retts\u00e9gizett (1941). Bp.-en a M\u0171egyetem m\u00e9rn\u00f6ki kar\u00e1n kezdte tanulm\u00e1nyait, de a katonai szolg\u00e1lat (1943. \u00e1pr. \u2013 1945. szept.), a t\u00f6rt\u00e9nelmi v\u00e1ltoz\u00e1sok miatt nem tudta befejezni. Kv.-on a Bolyai TE k\u00f6zgazdas\u00e1gi szak\u00e1n (1945\u20131949), \u00e9s p\u00e1rhuzamosan az egyetem fizika-matematika kar\u00e1n v\u00e9gzett. Fizikatan\u00e1r Mv.-en a Ref. koll.-ban (1945\u20131946), Kv.-on (1947\u20131948), Zilahon az Ady Endre L\u00edc.-ban (1948. szept. \u2013 1957), a Simion B\u0103rno\u021biu \u00e1ltal\u00e1nos iskol\u00e1ban, az \u00faj iskola aligazgat\u00f3ja (1966\u2013), betegnyugd\u00edjazt\u00e1k (1976). <br \/><strong>Irod.:<\/strong> Nekrol\u00f3g<\/br><\/p>\n","protected":false},"excerpt":{"rendered":"<p>1922. m\u00e1j. 10., \u2020 Mv., 1996. okt. 11.: tan\u00e1r. \u2013 Apja mozdonyvezet\u0151 volt, 9 \u00e9ves kor\u00e1ban halt meg az anyja. Testv\u00e9rei: Ferenc, Gy\u00f6rgy. Feles\u00e9ge: Buttinger Anna (Kv., 1920. m\u00e1j. 16. &#8211; Mv., 2004. aug. 1), fogorvos, k\u00f3rh\u00e1zigazgat\u00f3, megyei f\u0151orvos. Gyermekeik: Gy\u00f6rgy (1950\u2013), Anna-Katalin (1952\u2013), Emese (1959\u2013). \u2013 A mv.-i Ref. koll.-ban tanult \u00e9s \u00e9retts\u00e9gizett (1941). [&hellip;]<\/p>\n","protected":false},"featured_media":0,"comment_status":"open","ping_status":"closed","template":"","meta":[],"product_brand":[],"product_cat":[137],"product_tag":[],"class_list":{"0":"post-8371","1":"product","2":"type-product","3":"status-publish","5":"product_cat-maros-megyei-eletrajzi-lexikon","7":"first","8":"instock","9":"shipping-taxable","10":"product-type-simple"},"_links":{"self":[{"href":"https:\/\/uj.adatbank.ro\/lexikon\/wp-json\/wp\/v2\/product\/8371","targetHints":{"allow":["GET"]}}],"collection":[{"href":"https:\/\/uj.adatbank.ro\/lexikon\/wp-json\/wp\/v2\/product"}],"about":[{"href":"https:\/\/uj.adatbank.ro\/lexikon\/wp-json\/wp\/v2\/types\/product"}],"replies":[{"embeddable":true,"href":"https:\/\/uj.adatbank.ro\/lexikon\/wp-json\/wp\/v2\/comments?post=8371"}],"wp:attachment":[{"href":"https:\/\/uj.adatbank.ro\/lexikon\/wp-json\/wp\/v2\/media?parent=8371"}],"wp:term":[{"taxonomy":"product_brand","embeddable":true,"href":"https:\/\/uj.adatbank.ro\/lexikon\/wp-json\/wp\/v2\/product_brand?post=8371"},{"taxonomy":"product_cat","embeddable":true,"href":"https:\/\/uj.adatbank.ro\/lexikon\/wp-json\/wp\/v2\/product_cat?post=8371"},{"taxonomy":"product_tag","embeddable":true,"href":"https:\/\/uj.adatbank.ro\/lexikon\/wp-json\/wp\/v2\/product_tag?post=8371"}],"curies":[{"name":"wp","href":"https:\/\/api.w.org\/{rel}","templated":true}]}}

FÜLÖP András, Mv.

<p>1922. máj. 10., † Mv., 1996. okt. 11.: tanár. – Apja mozdonyvezető volt, 9 éves korában halt meg az anyja. Testvérei: Ferenc, György. Felesége: Buttinger Anna (Kv., 1920. máj. 16. &#8211; Mv., 2004. aug. 1), fogorvos, kórházigazgató, megyei főorvos. Gyermekeik: György (1950–), Anna-Katalin (1952–), Emese (1959–). – A mv.-i Ref. koll.-ban tanult és érettségizett (1941). Bp.-en a Műegyetem mérnöki karán kezdte tanulmányait, de a katonai szolgálat (1943. ápr. – 1945. szept.), a történelmi változások miatt nem tudta befejezni. Kv.-on a Bolyai TE közgazdasági szakán (1945–1949), és párhuzamosan az egyetem fizika-matematika karán végzett. Fizikatanár Mv.-en a Ref. koll.-ban (1945–1946), Kv.-on (1947–1948), Zilahon az Ady Endre Líc.-ban (1948. szept. – 1957), a Simion Bărnoțiu általános iskolában, az új iskola aligazgatója (1966–), betegnyugdíjazták (1976). <br /><strong>Irod.:</strong> Nekrológ</br></p>

<p>1922. máj. 10., † Mv., 1996. okt. 11.: tanár. – Apja mozdonyvezető volt, 9 éves korában halt meg az anyja. Testvérei: Ferenc, György. Felesége: Buttinger Anna (Kv., 1920. máj. 16. &#8211; Mv., 2004. aug. 1), fogorvos, kórházigazgató, megyei főorvos. Gyermekeik: György (1950–), Anna-Katalin (1952–), Emese (1959–). – A mv.-i Ref. koll.-ban tanult és érettségizett (1941). [&hellip;]</p>
