{"id":8373,"date":"2025-06-29T10:23:54","date_gmt":"2025-06-29T08:23:54","guid":{"rendered":"https:\/\/uj.adatbank.ro\/lexikon\/termek\/fulop-arpad-ferenc-fulop-ferenc\/"},"modified":"2025-06-29T10:23:54","modified_gmt":"2025-06-29T08:23:54","slug":"fulop-arpad-ferenc-fulop-ferenc","status":"publish","type":"product","link":"https:\/\/uj.adatbank.ro\/lexikon\/termek\/fulop-arpad-ferenc-fulop-ferenc\/","title":{"rendered":"F\u00dcL\u00d6P \u00c1rp\u00e1d Ferenc, F\u00fcl\u00f6p Ferenc"},"content":{"rendered":"<p>Erd\u0151szentgy\u00f6rgy, 1937. dec. 20., \u2020\u00a0Debrecen., 1994. m\u00e1rc. 21. Mv.-en nyugszik a ref. temet\u0151ben: orvos, n\u0151gy\u00f3gy\u00e1sz. \u2013 Feles\u00e9ge Filep Margit. Gyermekeik: Katalin (1965), Ildik\u00f3 (1970), Orsolya (1974). -Elemi iskol\u00e1t Erd\u0151szentgy\u00f6rgy\u00f6n v\u00e9gzett, majd a mv.-i Ref. Koll. ker\u00fclt (1951), ahonnan \u00e9desapja papi tev\u00e9kenys\u00e9ge miatt elt\u00e1vol\u00edtott\u00e1k, a sz\u00e9kelykereszt\u00fari Gimn.-ban \u00e9retts\u00e9gizett (1954); a mv.-i OGYI-n v\u00e9gzett (1961). A szil\u00e1gys\u00e1gi Sarmas\u00e1gon b\u00e1nyaorvos, majd Szentp\u00e9teren. Keresl\u0151szentp\u00e1lra ker\u00fclt k\u00f6rorvosnak (1964\u201378). Mv. -re helyezt\u00e9k, sz\u00fcl\u00e9sz-n\u0151gy\u00f3gy\u00e1sz szakorvos lett (1978\u2013), a mv.-i Sz\u00fcl\u00e9szeti \u00e9s N\u0151gy\u00f3gy\u00e1szati Klinika f\u0151orvosa volt hal\u00e1l\u00e1ig. Mv.-en t\u00f6bbedmag\u00e1val kezdem\u00e9nyezte az orsz\u00e1g els\u0151 m. j\u00e1r\u00f3beteg rendel\u0151int\u00e9zet\u00e9nek l\u00e9tes\u00edt\u00e9s\u00e9t, a Carit-San orvosi KFT alap\u00edt\u00f3ja \u00e9s \u00fcgyvezet\u0151 igazgat\u00f3ja volt. Tudom\u00e1nyn\u00e9pszer\u0171sit\u0151 orvosi cikkeket k\u00f6z\u00f6lt a N\u00fa.-ban. <br \/><strong>Irod.:<\/strong> B\u00e9rczes Judit; Bodolai: Carit-San kft \u2013 \u00faj rendel\u0151int\u00e9zet (N\u00fa., 1992. \u00e1pr. 24.); Bodolai Gy\u00f6ngyi: Carit-San (N\u00fa., 1994. jan. 12); Fodor Imre: Karszti sors (N\u00fa., 1994. \u00e1pr. 7.); [Nekrol\u00f3g] (N\u00fa., 1994. m\u00e1rc. 23.); Sk\u00f3la<\/br><\/p>\n","protected":false},"excerpt":{"rendered":"<p>Erd\u0151szentgy\u00f6rgy, 1937. dec. 20., \u2020\u00a0Debrecen., 1994. m\u00e1rc. 21. Mv.-en nyugszik a ref. temet\u0151ben: orvos, n\u0151gy\u00f3gy\u00e1sz. \u2013 Feles\u00e9ge Filep Margit. Gyermekeik: Katalin (1965), Ildik\u00f3 (1970), Orsolya (1974). -Elemi iskol\u00e1t Erd\u0151szentgy\u00f6rgy\u00f6n v\u00e9gzett, majd a mv.-i Ref. Koll. ker\u00fclt (1951), ahonnan \u00e9desapja papi tev\u00e9kenys\u00e9ge miatt elt\u00e1vol\u00edtott\u00e1k, a sz\u00e9kelykereszt\u00fari Gimn.-ban \u00e9retts\u00e9gizett (1954); a mv.-i OGYI-n v\u00e9gzett (1961). A szil\u00e1gys\u00e1gi [&hellip;]<\/p>\n","protected":false},"featured_media":0,"comment_status":"open","ping_status":"closed","template":"","meta":[],"product_brand":[],"product_cat":[137],"product_tag":[],"class_list":{"0":"post-8373","1":"product","2":"type-product","3":"status-publish","5":"product_cat-maros-megyei-eletrajzi-lexikon","7":"first","8":"instock","9":"shipping-taxable","10":"product-type-simple"},"_links":{"self":[{"href":"https:\/\/uj.adatbank.ro\/lexikon\/wp-json\/wp\/v2\/product\/8373","targetHints":{"allow":["GET"]}}],"collection":[{"href":"https:\/\/uj.adatbank.ro\/lexikon\/wp-json\/wp\/v2\/product"}],"about":[{"href":"https:\/\/uj.adatbank.ro\/lexikon\/wp-json\/wp\/v2\/types\/product"}],"replies":[{"embeddable":true,"href":"https:\/\/uj.adatbank.ro\/lexikon\/wp-json\/wp\/v2\/comments?post=8373"}],"wp:attachment":[{"href":"https:\/\/uj.adatbank.ro\/lexikon\/wp-json\/wp\/v2\/media?parent=8373"}],"wp:term":[{"taxonomy":"product_brand","embeddable":true,"href":"https:\/\/uj.adatbank.ro\/lexikon\/wp-json\/wp\/v2\/product_brand?post=8373"},{"taxonomy":"product_cat","embeddable":true,"href":"https:\/\/uj.adatbank.ro\/lexikon\/wp-json\/wp\/v2\/product_cat?post=8373"},{"taxonomy":"product_tag","embeddable":true,"href":"https:\/\/uj.adatbank.ro\/lexikon\/wp-json\/wp\/v2\/product_tag?post=8373"}],"curies":[{"name":"wp","href":"https:\/\/api.w.org\/{rel}","templated":true}]}}