{"id":8379,"date":"2025-06-29T10:24:04","date_gmt":"2025-06-29T08:24:04","guid":{"rendered":"https:\/\/uj.adatbank.ro\/lexikon\/termek\/fulop-ede\/"},"modified":"2025-06-29T10:24:04","modified_gmt":"2025-06-29T08:24:04","slug":"fulop-ede","status":"publish","type":"product","link":"https:\/\/uj.adatbank.ro\/lexikon\/termek\/fulop-ede\/","title":{"rendered":"F\u00dcL\u00d6P Ede"},"content":{"rendered":"<p>? \u2020 ? : f\u00f6ldbirtokos, szak\u00edr\u00f3, m\u00e9rn\u00f6k. \u2013 Sz\u00e9kelyk\u00e1li f\u00f6ldbirtokos. M. T\u00e1rstud. Egyes\u00fclet alap\u00edt\u00f3 tagja (1907). Cikkeit k\u00f6z\u00f6lte a : Gazdas\u00e1gi Lapok, Gazdas\u00e1gi M\u00e9rn\u00f6k. \u2013 <strong>F. m.:<\/strong> Mez\u0151gazdas\u00e1gunk gyarap\u00edt\u00e1sa, kult\u00farn\u00f6v\u00e9nyeink m\u0171vel\u00e9se, takarm\u00e1ny termel\u00e9s, tr\u00e1gyahozam n\u00f6vel\u00e9s \u00e1ltal. M\u0171tr\u00e1gy\u00e1k: El\u0151ad\u00e1s Sz\u00e1szr\u00e9genben 1899. febr. 26 (Mv., 1899). <br \/><strong>Irod.:<\/strong> Guly\u00e1s; M. T\u00e1rstud. Egyes\u00fclet<\/br><\/p>\n","protected":false},"excerpt":{"rendered":"<p>? \u2020 ? : f\u00f6ldbirtokos, szak\u00edr\u00f3, m\u00e9rn\u00f6k. \u2013 Sz\u00e9kelyk\u00e1li f\u00f6ldbirtokos. M. T\u00e1rstud. Egyes\u00fclet alap\u00edt\u00f3 tagja (1907). Cikkeit k\u00f6z\u00f6lte a : Gazdas\u00e1gi Lapok, Gazdas\u00e1gi M\u00e9rn\u00f6k. \u2013 F. m.: Mez\u0151gazdas\u00e1gunk gyarap\u00edt\u00e1sa, kult\u00farn\u00f6v\u00e9nyeink m\u0171vel\u00e9se, takarm\u00e1ny termel\u00e9s, tr\u00e1gyahozam n\u00f6vel\u00e9s \u00e1ltal. M\u0171tr\u00e1gy\u00e1k: El\u0151ad\u00e1s Sz\u00e1szr\u00e9genben 1899. febr. 26 (Mv., 1899). Irod.: Guly\u00e1s; M. T\u00e1rstud. Egyes\u00fclet<\/p>\n","protected":false},"featured_media":0,"comment_status":"open","ping_status":"closed","template":"","meta":[],"product_brand":[],"product_cat":[137],"product_tag":[],"class_list":{"0":"post-8379","1":"product","2":"type-product","3":"status-publish","5":"product_cat-maros-megyei-eletrajzi-lexikon","7":"first","8":"instock","9":"shipping-taxable","10":"product-type-simple"},"_links":{"self":[{"href":"https:\/\/uj.adatbank.ro\/lexikon\/wp-json\/wp\/v2\/product\/8379","targetHints":{"allow":["GET"]}}],"collection":[{"href":"https:\/\/uj.adatbank.ro\/lexikon\/wp-json\/wp\/v2\/product"}],"about":[{"href":"https:\/\/uj.adatbank.ro\/lexikon\/wp-json\/wp\/v2\/types\/product"}],"replies":[{"embeddable":true,"href":"https:\/\/uj.adatbank.ro\/lexikon\/wp-json\/wp\/v2\/comments?post=8379"}],"wp:attachment":[{"href":"https:\/\/uj.adatbank.ro\/lexikon\/wp-json\/wp\/v2\/media?parent=8379"}],"wp:term":[{"taxonomy":"product_brand","embeddable":true,"href":"https:\/\/uj.adatbank.ro\/lexikon\/wp-json\/wp\/v2\/product_brand?post=8379"},{"taxonomy":"product_cat","embeddable":true,"href":"https:\/\/uj.adatbank.ro\/lexikon\/wp-json\/wp\/v2\/product_cat?post=8379"},{"taxonomy":"product_tag","embeddable":true,"href":"https:\/\/uj.adatbank.ro\/lexikon\/wp-json\/wp\/v2\/product_tag?post=8379"}],"curies":[{"name":"wp","href":"https:\/\/api.w.org\/{rel}","templated":true}]}}