{"id":8387,"date":"2025-06-29T10:24:21","date_gmt":"2025-06-29T08:24:21","guid":{"rendered":"https:\/\/uj.adatbank.ro\/lexikon\/termek\/fulop-ferenc-6\/"},"modified":"2025-06-29T10:24:21","modified_gmt":"2025-06-29T08:24:21","slug":"fulop-ferenc-6","status":"publish","type":"product","link":"https:\/\/uj.adatbank.ro\/lexikon\/termek\/fulop-ferenc-6\/","title":{"rendered":"F\u00dcL\u00d6P Ferenc"},"content":{"rendered":"<p>Erd\u0151szentgy\u00f6rgy, 1937. dec. 20., \u2020\u00a0Debrecen, 1994.: orvos. \u2013 Apja ref. lelk\u00e9sz. Feles\u00e9ge: Filep Margit, asszisztens. Gyermekeik: Katalin (1965), Ildik\u00f3 (1970), Orsolya (1974). \u2013 Apja fogl\u00e1lkoz\u00e1sa miatt a mv.-i 2. sz. Fi\u00fal\u00edc. -b\u00f3l elt\u00e1vol\u00edtott\u00e1k, Sz\u00e9kelykereszt\u00faron folytatta tanulm\u00e1nyait \u00e9s mag\u00e1ntanul\u00f3k\u00e9nt v\u00e9gzett. Orvosi k\u00e9pz\u00e9st a MOGYI-ban kapott \u00e9s v\u00e9gzett (1961). K\u00f6rorvos Sarmas\u00e1gon (1961\u201362), Szentp\u00e9teren (1962\u201364), Kerel\u0151szentp\u00e1lon (1964\u201378). A Maros megyei Eg\u00e9szs\u00e9g\u00fcgyi Igazgat\u00f3s\u00e1g inspektora (1978\u2013). Sz\u00fcl\u00e9s-n\u0151gy\u00f3gy\u00e1sz-szakorvosk\u00e9nt a mv.-i sz\u00fcl\u00e9szeti klinik\u00e1n is dolgozott. Kezdem\u00e9nyezte \u00e9s megval\u00f3s\u00edtotta t\u00f6bbedmag\u00e1val Mv.-en a Carit-San j\u00e1r\u00f3betegrendel\u0151t (1991). <br \/><strong>Irod.:<\/strong> B\u00e9rczes Judit; Kiss\u2013P\u00e9terffy\u2013P\u00e9terffy<\/br><\/p>\n","protected":false},"excerpt":{"rendered":"<p>Erd\u0151szentgy\u00f6rgy, 1937. dec. 20., \u2020\u00a0Debrecen, 1994.: orvos. \u2013 Apja ref. lelk\u00e9sz. Feles\u00e9ge: Filep Margit, asszisztens. Gyermekeik: Katalin (1965), Ildik\u00f3 (1970), Orsolya (1974). \u2013 Apja fogl\u00e1lkoz\u00e1sa miatt a mv.-i 2. sz. Fi\u00fal\u00edc. -b\u00f3l elt\u00e1vol\u00edtott\u00e1k, Sz\u00e9kelykereszt\u00faron folytatta tanulm\u00e1nyait \u00e9s mag\u00e1ntanul\u00f3k\u00e9nt v\u00e9gzett. Orvosi k\u00e9pz\u00e9st a MOGYI-ban kapott \u00e9s v\u00e9gzett (1961). K\u00f6rorvos Sarmas\u00e1gon (1961\u201362), Szentp\u00e9teren (1962\u201364), Kerel\u0151szentp\u00e1lon (1964\u201378). A [&hellip;]<\/p>\n","protected":false},"featured_media":0,"comment_status":"open","ping_status":"closed","template":"","meta":[],"product_brand":[],"product_cat":[137],"product_tag":[],"class_list":{"0":"post-8387","1":"product","2":"type-product","3":"status-publish","5":"product_cat-maros-megyei-eletrajzi-lexikon","7":"first","8":"instock","9":"shipping-taxable","10":"product-type-simple"},"_links":{"self":[{"href":"https:\/\/uj.adatbank.ro\/lexikon\/wp-json\/wp\/v2\/product\/8387","targetHints":{"allow":["GET"]}}],"collection":[{"href":"https:\/\/uj.adatbank.ro\/lexikon\/wp-json\/wp\/v2\/product"}],"about":[{"href":"https:\/\/uj.adatbank.ro\/lexikon\/wp-json\/wp\/v2\/types\/product"}],"replies":[{"embeddable":true,"href":"https:\/\/uj.adatbank.ro\/lexikon\/wp-json\/wp\/v2\/comments?post=8387"}],"wp:attachment":[{"href":"https:\/\/uj.adatbank.ro\/lexikon\/wp-json\/wp\/v2\/media?parent=8387"}],"wp:term":[{"taxonomy":"product_brand","embeddable":true,"href":"https:\/\/uj.adatbank.ro\/lexikon\/wp-json\/wp\/v2\/product_brand?post=8387"},{"taxonomy":"product_cat","embeddable":true,"href":"https:\/\/uj.adatbank.ro\/lexikon\/wp-json\/wp\/v2\/product_cat?post=8387"},{"taxonomy":"product_tag","embeddable":true,"href":"https:\/\/uj.adatbank.ro\/lexikon\/wp-json\/wp\/v2\/product_tag?post=8387"}],"curies":[{"name":"wp","href":"https:\/\/api.w.org\/{rel}","templated":true}]}}

FÜLÖP Ferenc

<p>Erdőszentgyörgy, 1937. dec. 20., † Debrecen, 1994.: orvos. – Apja ref. lelkész. Felesége: Filep Margit, asszisztens. Gyermekeik: Katalin (1965), Ildikó (1970), Orsolya (1974). – Apja foglálkozása miatt a mv.-i 2. sz. Fiúlíc. -ból eltávolították, Székelykeresztúron folytatta tanulmányait és magántanulóként végzett. Orvosi képzést a MOGYI-ban kapott és végzett (1961). Körorvos Sarmaságon (1961–62), Szentpéteren (1962–64), Kerelőszentpálon (1964–78). A Maros megyei Egészségügyi Igazgatóság inspektora (1978–). Szülés-nőgyógyász-szakorvosként a mv.-i szülészeti klinikán is dolgozott. Kezdeményezte és megvalósította többedmagával Mv.-en a Carit-San járóbetegrendelőt (1991). <br /><strong>Irod.:</strong> Bérczes Judit; Kiss–Péterffy–Péterffy</br></p>

<p>Erdőszentgyörgy, 1937. dec. 20., † Debrecen, 1994.: orvos. – Apja ref. lelkész. Felesége: Filep Margit, asszisztens. Gyermekeik: Katalin (1965), Ildikó (1970), Orsolya (1974). – Apja foglálkozása miatt a mv.-i 2. sz. Fiúlíc. -ból eltávolították, Székelykeresztúron folytatta tanulmányait és magántanulóként végzett. Orvosi képzést a MOGYI-ban kapott és végzett (1961). Körorvos Sarmaságon (1961–62), Szentpéteren (1962–64), Kerelőszentpálon (1964–78). A [&hellip;]</p>
