{"id":8391,"date":"2025-06-29T10:24:32","date_gmt":"2025-06-29T08:24:32","guid":{"rendered":"https:\/\/uj.adatbank.ro\/lexikon\/termek\/fulop-geza\/"},"modified":"2025-06-29T10:24:32","modified_gmt":"2025-06-29T08:24:32","slug":"fulop-geza","status":"publish","type":"product","link":"https:\/\/uj.adatbank.ro\/lexikon\/termek\/fulop-geza\/","title":{"rendered":"F\u00dcL\u00d6P G\u00e9za"},"content":{"rendered":"<p>Kv., 1930. nov. 23., \u2020 Mv., 2021. j\u00fan. 4.: vegy\u00e9sz, informatikus, publicista, szak\u00edr\u00f3 \u2013 F. G\u00e9za \u00e9s Erzs\u00e9bet fia. Testv\u00e9re: Erzs\u00e9bet Barab\u00e1ssy J\u00f3zsefn\u00e9. \u2013 Feles\u00e9ge: sz. Kozma M\u00e1ria, k\u00f6nyvt\u00e1ros. Fiaik: G\u00e9za (Mv., 1964. m\u00e1j. 27. \u2013), L\u00e1szl\u00f3 Zsolt (1965. nov. 23. \u2013). \u2013 Kv.-on a Ref. Koll.-ban \u00e9retts\u00e9gizett, a Bolyai TE k\u00e9mia szak\u00e1n v\u00e9gzett (1953). Nagyv\u00e1radon k\u00f6z\u00e9piskolai tan\u00e1r (1953\u201355). Kv.-on az Ifj\u00fas\u00e1gi K\u00f6nyvkiad\u00f3 korrektora, majd szerkeszt\u0151je. Az ifj\u00fas\u00e1g sz\u00e1m\u00e1ra a Gy\u0151z a tudom\u00e1ny sorozatban jelentek meg ford\u00edt\u00e1sai: Emil Racovi\u021b\u0103: T\u00fal a d\u00e9li Sarkk\u00f6r\u00f6n (1959); Edmond Nicolau: Robotg\u00e9pek az ember szolg\u00e1lat\u00e1ban (1962). Helyettes tan\u00e1r id\u0151nk\u00e9nt, t\u00f6bb k\u00f6z\u00e9piskol\u00e1ban (1955\u201361). \u00c1tk\u00f6lt\u00f6z\u00f6tt Mv. -re, \u00e9lete tov\u00e1bbi szakasz\u00e1ban itt tev\u00e9kenykedett. A Metalotechnica \u00fczem vegy\u00e9sze (1961\u20131965). Az Azomure\u0219 Vegyi Kombin\u00e1tban dokument\u00e1lista, informatikus, szakirodalmi referens (1965\u201380), majd ezt a tev\u00e9kenys\u00e9g\u00e9t nyugd\u00edjaz\u00e1s\u00e1ig a K\u00f6nny\u0171ipari Technol\u00f3giai Kutat\u00f3int\u00e9zetben (CCSITMIU) folytatta (1980\u201390). Ekkoriban kezdett elm\u00e9ly\u00fclni az infom\u00e1ci\u00f3elm\u00e9letben. \u00c9rdekl\u0151d\u00e9se \u00e9s kutat\u00e1si ter\u00fclete az inform\u00e1ci\u00f3elm\u00e9let, kommunik\u00e1ci\u00f3, k\u00f6nyvt\u00e1rtudom\u00e1ny. K\u00f6nyveket \u00edrt \u00e9s sz\u00e1mos konferenci\u00e1n vett r\u00e9szt dolgozataival. Tanulm\u00e1nyai, cikkei jelentek meg, a Korunk, K\u00f6nyvt\u00e1ri Szemle, K\u00f6nyvt\u00e1ri Figyel\u0151, A H\u00e9t, V. Z., N\u00fa. oldalain. A rendszerv\u00e1lt\u00e1s ut\u00e1n is akt\u00edvan tev\u00e9kenykedett. A Rom\u00e1niai Magyar K\u00f6nyvt\u00e1rosok Egyes\u00fclet\u00e9nek tagja. A mv.-i 1. sz. V\u00e1rtemplomi Egyh\u00e1zk\u00f6zs\u00e9g presbitere. F\u00fcl\u00f6p G. D\u00e9nes ref. lelk\u00e9sszel az ifj\u00fas\u00e1g fel\u00e9 fordultak, kezdem\u00e9nyezt\u00e9k hi\u00e1nyz\u00f3 tanulm\u00e1nyi int\u00e9zm\u00e9nyek l\u00e9trehoz\u00e1s\u00e1t, pl. a K\u00e1ntortan\u00edt\u00f3k\u00e9pz\u0151t, a Calepinus Idegen nyelv\u0171 N\u00e9pf\u0151iskol\u00e1t, ennek lett alap\u00edt\u00f3 igazgat\u00f3-tan\u00e1ra (1991\u20132000). A sz\u00e9lesk\u00f6r\u0171 tudom\u00e1ny-n\u00e9pszer\u0171s\u00edt\u00e9s \u00e9rdek\u00e9ben kezdem\u00e9nyezte a Kem\u00e9ny Zsigmond T\u00e1rsas\u00e1g \u00fajraalap\u00edt\u00e1s\u00e1t (1990), ind\u00edt\u00e1s\u00e1ban mint titk\u00e1r, javasolta a vezet\u0151s\u00e9gi tagok megh\u00edv\u00e1s\u00e1t \u00e9s a havi \u00f6sszej\u00f6vetelek megtart\u00e1s\u00e1t. Az EMKE Monoki Istv\u00e1n\u2013d\u00edja (1996), a Magyar K\u00f6nyvt\u00e1rosok Egyes\u00fclete eml\u00e9k\u00e9rem (1998) tulajdonosa. \u2013 <strong>F. m.:<\/strong> Az ezerarc\u00fa m\u0171anyag (t\u00e1rssz., 1961); Ember \u00e9s inform\u00e1ci\u00f3 (Kv., 1973; Bp. 1984); Munk\u00e1ban az enzimek (Kv., 1973); M\u0171anyagok ma \u00e9s 2000-ben (Kv., 1975); Az inform\u00e1ci\u00f3 nyom\u00e1ban (Buk., 1978); A Kem\u00e9ny Zsigmond T\u00e1rsas\u00e1g \u00f6t\u00f6dik felt\u00e1mad\u00e1sa = Kem\u00e9ny Zsigmond T\u00e1rsas\u00e1g. Az: \u00fajraalakul\u00e1s t\u00edz \u00e9ve, 1991\u20132001. (Mv., 2000); KZST 1991\u20132011. \u00dcnnepi kiadv\u00e1ny a Kem\u00e9ny Zsigmond T\u00e1rsas\u00e1g \u00fajraalap\u00edt\u00e1s\u00e1nak XX. \u00c9vfordul\u00f3ja alkalm\u00e1b\u00f3l: 20. \u00e9v: \u00d6sszefoglal\u00f3 (Mv., 2011); Az inform\u00e1ci\u00f3 (Buk., 1990; 2. kiad. Bp., 1996); Az: inform\u00e1ci\u00f3. 3. \u00e1tdolgozott \u00e9s b\u0151v\u00edtett kiad. (Kv., 2001); Hol keressem ?; Hogy keressem ? : Inform\u00e1ci\u00f3keres\u00e9s \u2013 szakirodalomkutat\u00e1s (Buc., 2007). Cikkeit, tanulm\u00e1nyait k\u00f6zli a K\u00f6nyvt\u00e1ri Szemle, K\u00f6nyvt\u00e1ri Figyel\u0151, A H\u00e9t. <br \/><strong>Irod.:<\/strong> Allbert-L\u0151rincz M\u00e1rton: Ladik lebeg odalenn: B\u00facs\u00fa F\u00fcl\u00f6p G\u00e9z\u00e1t\u00f3l (N\u00e9p\u00fajs\u00e1g, 2021. j\u00fan. 19.); Barab\u00e1ssy csal\u00e1di inf.; EMKK 2000; F\u00fcl\u00f6p G\u00e9za (1930\u20132021) hal\u00e1l\u00e1ra (sp); Kov\u00e1cs Katalin: F\u0151hajt\u00e1s F\u00fcl\u00f6p G\u00e9za el\u0151tt (K\u00f6nyvt\u00e1ri Figyel\u0151, 2021; 3. sz.); Nemes Gy; Nemes Gyula: \u201eEz teszi az \u00e9letet \u00e9rdemess\u00e9\u201d (K\u00f6zpont, 2015. j\u00fal. 30. -aug. 5.); RMIL.<\/br><\/p>\n","protected":false},"excerpt":{"rendered":"<p>Kv., 1930. nov. 23., \u2020 Mv., 2021. j\u00fan. 4.: vegy\u00e9sz, informatikus, publicista, szak\u00edr\u00f3 \u2013 F. G\u00e9za \u00e9s Erzs\u00e9bet fia. Testv\u00e9re: Erzs\u00e9bet Barab\u00e1ssy J\u00f3zsefn\u00e9. \u2013 Feles\u00e9ge: sz. Kozma M\u00e1ria, k\u00f6nyvt\u00e1ros. Fiaik: G\u00e9za (Mv., 1964. m\u00e1j. 27. \u2013), L\u00e1szl\u00f3 Zsolt (1965. nov. 23. \u2013). \u2013 Kv.-on a Ref. Koll.-ban \u00e9retts\u00e9gizett, a Bolyai TE k\u00e9mia szak\u00e1n v\u00e9gzett (1953). [&hellip;]<\/p>\n","protected":false},"featured_media":0,"comment_status":"open","ping_status":"closed","template":"","meta":[],"product_brand":[],"product_cat":[137],"product_tag":[],"class_list":{"0":"post-8391","1":"product","2":"type-product","3":"status-publish","5":"product_cat-maros-megyei-eletrajzi-lexikon","7":"first","8":"instock","9":"shipping-taxable","10":"product-type-simple"},"_links":{"self":[{"href":"https:\/\/uj.adatbank.ro\/lexikon\/wp-json\/wp\/v2\/product\/8391","targetHints":{"allow":["GET"]}}],"collection":[{"href":"https:\/\/uj.adatbank.ro\/lexikon\/wp-json\/wp\/v2\/product"}],"about":[{"href":"https:\/\/uj.adatbank.ro\/lexikon\/wp-json\/wp\/v2\/types\/product"}],"replies":[{"embeddable":true,"href":"https:\/\/uj.adatbank.ro\/lexikon\/wp-json\/wp\/v2\/comments?post=8391"}],"wp:attachment":[{"href":"https:\/\/uj.adatbank.ro\/lexikon\/wp-json\/wp\/v2\/media?parent=8391"}],"wp:term":[{"taxonomy":"product_brand","embeddable":true,"href":"https:\/\/uj.adatbank.ro\/lexikon\/wp-json\/wp\/v2\/product_brand?post=8391"},{"taxonomy":"product_cat","embeddable":true,"href":"https:\/\/uj.adatbank.ro\/lexikon\/wp-json\/wp\/v2\/product_cat?post=8391"},{"taxonomy":"product_tag","embeddable":true,"href":"https:\/\/uj.adatbank.ro\/lexikon\/wp-json\/wp\/v2\/product_tag?post=8391"}],"curies":[{"name":"wp","href":"https:\/\/api.w.org\/{rel}","templated":true}]}}

FÜLÖP Géza

<p>Kv., 1930. nov. 23., † Mv., 2021. jún. 4.: vegyész, informatikus, publicista, szakíró – F. Géza és Erzsébet fia. Testvére: Erzsébet Barabássy Józsefné. – Felesége: sz. Kozma Mária, könyvtáros. Fiaik: Géza (Mv., 1964. máj. 27. –), László Zsolt (1965. nov. 23. –). – Kv.-on a Ref. Koll.-ban érettségizett, a Bolyai TE kémia szakán végzett (1953). Nagyváradon középiskolai tanár (1953–55). Kv.-on az Ifjúsági Könyvkiadó korrektora, majd szerkesztője. Az ifjúság számára a Győz a tudomány sorozatban jelentek meg fordításai: Emil Racoviță: Túl a déli Sarkkörön (1959); Edmond Nicolau: Robotgépek az ember szolgálatában (1962). Helyettes tanár időnként, több középiskolában (1955–61). Átköltözött Mv. -re, élete további szakaszában itt tevékenykedett. A Metalotechnica üzem vegyésze (1961–1965). Az Azomureș Vegyi Kombinátban dokumentálista, informatikus, szakirodalmi referens (1965–80), majd ezt a tevékenységét nyugdíjazásáig a Könnyűipari Technológiai Kutatóintézetben (CCSITMIU) folytatta (1980–90). Ekkoriban kezdett elmélyülni az infomációelméletben. Érdeklődése és kutatási területe az információelmélet, kommunikáció, könyvtártudomány. Könyveket írt és számos konferencián vett részt dolgozataival. Tanulmányai, cikkei jelentek meg, a Korunk, Könyvtári Szemle, Könyvtári Figyelő, A Hét, V. Z., Nú. oldalain. A rendszerváltás után is aktívan tevékenykedett. A Romániai Magyar Könyvtárosok Egyesületének tagja. A mv.-i 1. sz. Vártemplomi Egyházközség presbitere. Fülöp G. Dénes ref. lelkésszel az ifjúság felé fordultak, kezdeményezték hiányzó tanulmányi intézmények létrehozását, pl. a Kántortanítóképzőt, a Calepinus Idegen nyelvű Népfőiskolát, ennek lett alapító igazgató-tanára (1991–2000). A széleskörű tudomány-népszerűsítés érdekében kezdeményezte a Kemény Zsigmond Társaság újraalapítását (1990), indításában mint titkár, javasolta a vezetőségi tagok meghívását és a havi összejövetelek megtartását. Az EMKE Monoki István–díja (1996), a Magyar Könyvtárosok Egyesülete emlékérem (1998) tulajdonosa. – <strong>F. m.:</strong> Az ezerarcú műanyag (társsz., 1961); Ember és információ (Kv., 1973; Bp. 1984); Munkában az enzimek (Kv., 1973); Műanyagok ma és 2000-ben (Kv., 1975); Az információ nyomában (Buk., 1978); A Kemény Zsigmond Társaság ötödik feltámadása = Kemény Zsigmond Társaság. Az: újraalakulás tíz éve, 1991–2001. (Mv., 2000); KZST 1991–2011. Ünnepi kiadvány a Kemény Zsigmond Társaság újraalapításának XX. Évfordulója alkalmából: 20. év: Összefoglaló (Mv., 2011); Az információ (Buk., 1990; 2. kiad. Bp., 1996); Az: információ. 3. átdolgozott és bővített kiad. (Kv., 2001); Hol keressem ?; Hogy keressem ? : Információkeresés – szakirodalomkutatás (Buc., 2007). Cikkeit, tanulmányait közli a Könyvtári Szemle, Könyvtári Figyelő, A Hét. <br /><strong>Irod.:</strong> Allbert-Lőrincz Márton: Ladik lebeg odalenn: Búcsú Fülöp Gézától (Népújság, 2021. jún. 19.); Barabássy családi inf.; EMKK 2000; Fülöp Géza (1930–2021) halálára (sp); Kovács Katalin: Főhajtás Fülöp Géza előtt (Könyvtári Figyelő, 2021; 3. sz.); Nemes Gy; Nemes Gyula: „Ez teszi az életet érdemessé” (Központ, 2015. júl. 30. -aug. 5.); RMIL.</br></p>

<p>Kv., 1930. nov. 23., † Mv., 2021. jún. 4.: vegyész, informatikus, publicista, szakíró – F. Géza és Erzsébet fia. Testvére: Erzsébet Barabássy Józsefné. – Felesége: sz. Kozma Mária, könyvtáros. Fiaik: Géza (Mv., 1964. máj. 27. –), László Zsolt (1965. nov. 23. –). – Kv.-on a Ref. Koll.-ban érettségizett, a Bolyai TE kémia szakán végzett (1953). [&hellip;]</p>
