{"id":8397,"date":"2025-06-29T10:24:43","date_gmt":"2025-06-29T08:24:43","guid":{"rendered":"https:\/\/uj.adatbank.ro\/lexikon\/termek\/fulop-janos\/"},"modified":"2025-06-29T10:24:43","modified_gmt":"2025-06-29T08:24:43","slug":"fulop-janos","status":"publish","type":"product","link":"https:\/\/uj.adatbank.ro\/lexikon\/termek\/fulop-janos\/","title":{"rendered":"F\u00dcL\u00d6P J\u00e1nos"},"content":{"rendered":"<p>Maroskereszt\u00far, 1894., \u2020\u00a0? : gazd\u00e1lkod\u00f3. \u2013 Iskol\u00e1i elv\u00e9gz\u00e9se ut\u00e1n \u00e9desapja mellett a gazd\u00e1lkod\u00e1st tanulta. Az els\u0151 vh. &#8211; ban a szerb, orosz, olasz \u00e9s francia fronton harcolt, megsebes\u00fclt, a II. o. v. \u00e9rem, a bronz vit. \u00e9. \u00e9s a K\u00e1roly Csapatkereszt kit\u00fcntetettje. \u00d6n\u00e1ll\u00f3 gazda lett (1919\u2013), majd 5 \u00e9vet az Egyes\u00fclt \u00c1llamokban t\u00f6lt\u00f6tt. Maroskereszt\u00far tekint\u00e9lyes polg\u00e1ra, k\u00f6zs\u00e9gi b\u00edr\u00f3 (1940\u2013), a Gazdak\u00f6r eln\u00f6ke, a Hangya vezet\u0151s\u00e9gi tagja volt. <br \/><strong>Irod.:<\/strong> Sz\u00e9kelyf\u00f6ld \u00ed. k<\/br><\/p>\n","protected":false},"excerpt":{"rendered":"<p>Maroskereszt\u00far, 1894., \u2020\u00a0? : gazd\u00e1lkod\u00f3. \u2013 Iskol\u00e1i elv\u00e9gz\u00e9se ut\u00e1n \u00e9desapja mellett a gazd\u00e1lkod\u00e1st tanulta. Az els\u0151 vh. &#8211; ban a szerb, orosz, olasz \u00e9s francia fronton harcolt, megsebes\u00fclt, a II. o. v. \u00e9rem, a bronz vit. \u00e9. \u00e9s a K\u00e1roly Csapatkereszt kit\u00fcntetettje. \u00d6n\u00e1ll\u00f3 gazda lett (1919\u2013), majd 5 \u00e9vet az Egyes\u00fclt \u00c1llamokban t\u00f6lt\u00f6tt. Maroskereszt\u00far tekint\u00e9lyes [&hellip;]<\/p>\n","protected":false},"featured_media":0,"comment_status":"open","ping_status":"closed","template":"","meta":[],"product_brand":[],"product_cat":[137],"product_tag":[],"class_list":{"0":"post-8397","1":"product","2":"type-product","3":"status-publish","5":"product_cat-maros-megyei-eletrajzi-lexikon","7":"first","8":"instock","9":"shipping-taxable","10":"product-type-simple"},"_links":{"self":[{"href":"https:\/\/uj.adatbank.ro\/lexikon\/wp-json\/wp\/v2\/product\/8397","targetHints":{"allow":["GET"]}}],"collection":[{"href":"https:\/\/uj.adatbank.ro\/lexikon\/wp-json\/wp\/v2\/product"}],"about":[{"href":"https:\/\/uj.adatbank.ro\/lexikon\/wp-json\/wp\/v2\/types\/product"}],"replies":[{"embeddable":true,"href":"https:\/\/uj.adatbank.ro\/lexikon\/wp-json\/wp\/v2\/comments?post=8397"}],"wp:attachment":[{"href":"https:\/\/uj.adatbank.ro\/lexikon\/wp-json\/wp\/v2\/media?parent=8397"}],"wp:term":[{"taxonomy":"product_brand","embeddable":true,"href":"https:\/\/uj.adatbank.ro\/lexikon\/wp-json\/wp\/v2\/product_brand?post=8397"},{"taxonomy":"product_cat","embeddable":true,"href":"https:\/\/uj.adatbank.ro\/lexikon\/wp-json\/wp\/v2\/product_cat?post=8397"},{"taxonomy":"product_tag","embeddable":true,"href":"https:\/\/uj.adatbank.ro\/lexikon\/wp-json\/wp\/v2\/product_tag?post=8397"}],"curies":[{"name":"wp","href":"https:\/\/api.w.org\/{rel}","templated":true}]}}