{"id":8401,"date":"2025-06-29T10:24:50","date_gmt":"2025-06-29T08:24:50","guid":{"rendered":"https:\/\/uj.adatbank.ro\/lexikon\/termek\/fulop-lajos\/"},"modified":"2025-06-29T10:24:50","modified_gmt":"2025-06-29T08:24:50","slug":"fulop-lajos","status":"publish","type":"product","link":"https:\/\/uj.adatbank.ro\/lexikon\/termek\/fulop-lajos\/","title":{"rendered":"F\u00dcL\u00d6P Lajos"},"content":{"rendered":"<p>Mv., 1928. aug. 19., \u2020 Mv., 1998. dec. 27.: gy\u00f3gyszer\u00e9sz, egyetemi adjunktus. \u2013 Feles\u00e9ge: Konn\u00e1th Magda (esk\u00fcv\u0151: 1955, m\u00e9g egyetemi hallgat\u00f3), gy\u00f3gyszer\u00e9sz volt Gernyeszegen. Le\u00e1nyuk \u00c9va, orvos lett. \u2013 A mv.-i Ref. Koll.-ban \u00e9retts\u00e9gizett (1948) \u00e9s a Gy\u00f3gyszer\u00e9szeti Karon v\u00e9gezte az egyetemet (1953). M\u00e1r egyetemi hallgat\u00f3k\u00e9nt d\u00edjtalan gyakornok volt a Gy\u00f3gyszer\u00e9szeti K\u00e9mia tansz\u00e9ken, gyakornok (1953. szept. 15. \u2013), tan\u00e1rseg\u00e9d (1954\u2013), adjunktus (1958\u2013), az el\u0151ad\u00e1sokat \u00e9s gyakorlatokat rom\u00e1n \u00e9s m. nyelven tartotta (1962\u2013), a diszciplina vezet\u0151je (1973\u201376), oktat\u00f3i tev\u00e9kenys\u00e9ge megsz\u00fcnt, amikor a Gy\u00f3gyszer\u00e9szeti Kar hallgat\u00f3i befejezt\u00e9k a gy\u00f3gyszerk\u00e9miai tanulm\u00e1nyaikat (1988). Kutat\u00f3i min\u0151s\u00e9gben folytatta tev\u00e9kenys\u00e9g\u00e9t nyugd\u00edjaz\u00e1s\u00e1ig (1992. jan. 1.). \u00daj m\u00f3dszereket dolgozott ki k\u00f6z\u00f6sen M\u00e1rtonfi L\u00e1szl\u00f3 profeszorral, h\u00e1rom tal\u00e1lm\u00e1ny t\u00e1rsszerz\u0151je, sokat publik\u00e1lt szaklapokban: Farmacia, Gy\u00f3gyszer\u00e9szeti \u00c9rtes\u00edt\u0151, Orvosi Szemle- Revista madical\u0103, Herba Hungarica, Acta Pharmaceutica Hungarica. \u2013 <strong>F. m.:<\/strong> <strong>t\u00e1rssz.:<\/strong> Gy\u00f3gyszer\u00e9szeti k\u00e9mia. 3. k\u00f6t. A k\u00f6zponti idegrendszerre hat\u00f3 szerek; 4. k\u00f6t.: A k\u00f6rny\u00e9ki idegekre \u00e9s az izmokra hat\u00f3 szerek (Sz\u00e1nth\u00f3 Klaudia\u00e1val, Ver\u00e9ph J\u00f3zseffel; Mv., 1980; 1984). <br \/><strong>Irod.:<\/strong> Facultatea de Farmacie; Genersich; Mv.-i Gy\u00f3gyszer\u00e9szeti Kar; [Nekrol\u00f3g] (N\u00fa., 1998. dec. 29); P\u00e9ter H. M.; P\u00e9ter H. M. 2013; Sz\u00f6ll\u0151si 2009<\/br><\/p>\n","protected":false},"excerpt":{"rendered":"<p>Mv., 1928. aug. 19., \u2020 Mv., 1998. dec. 27.: gy\u00f3gyszer\u00e9sz, egyetemi adjunktus. \u2013 Feles\u00e9ge: Konn\u00e1th Magda (esk\u00fcv\u0151: 1955, m\u00e9g egyetemi hallgat\u00f3), gy\u00f3gyszer\u00e9sz volt Gernyeszegen. Le\u00e1nyuk \u00c9va, orvos lett. \u2013 A mv.-i Ref. Koll.-ban \u00e9retts\u00e9gizett (1948) \u00e9s a Gy\u00f3gyszer\u00e9szeti Karon v\u00e9gezte az egyetemet (1953). M\u00e1r egyetemi hallgat\u00f3k\u00e9nt d\u00edjtalan gyakornok volt a Gy\u00f3gyszer\u00e9szeti K\u00e9mia tansz\u00e9ken, gyakornok (1953. [&hellip;]<\/p>\n","protected":false},"featured_media":0,"comment_status":"open","ping_status":"closed","template":"","meta":[],"product_brand":[],"product_cat":[137],"product_tag":[],"class_list":{"0":"post-8401","1":"product","2":"type-product","3":"status-publish","5":"product_cat-maros-megyei-eletrajzi-lexikon","7":"first","8":"instock","9":"shipping-taxable","10":"product-type-simple"},"_links":{"self":[{"href":"https:\/\/uj.adatbank.ro\/lexikon\/wp-json\/wp\/v2\/product\/8401","targetHints":{"allow":["GET"]}}],"collection":[{"href":"https:\/\/uj.adatbank.ro\/lexikon\/wp-json\/wp\/v2\/product"}],"about":[{"href":"https:\/\/uj.adatbank.ro\/lexikon\/wp-json\/wp\/v2\/types\/product"}],"replies":[{"embeddable":true,"href":"https:\/\/uj.adatbank.ro\/lexikon\/wp-json\/wp\/v2\/comments?post=8401"}],"wp:attachment":[{"href":"https:\/\/uj.adatbank.ro\/lexikon\/wp-json\/wp\/v2\/media?parent=8401"}],"wp:term":[{"taxonomy":"product_brand","embeddable":true,"href":"https:\/\/uj.adatbank.ro\/lexikon\/wp-json\/wp\/v2\/product_brand?post=8401"},{"taxonomy":"product_cat","embeddable":true,"href":"https:\/\/uj.adatbank.ro\/lexikon\/wp-json\/wp\/v2\/product_cat?post=8401"},{"taxonomy":"product_tag","embeddable":true,"href":"https:\/\/uj.adatbank.ro\/lexikon\/wp-json\/wp\/v2\/product_tag?post=8401"}],"curies":[{"name":"wp","href":"https:\/\/api.w.org\/{rel}","templated":true}]}}

FÜLÖP Lajos

<p>Mv., 1928. aug. 19., † Mv., 1998. dec. 27.: gyógyszerész, egyetemi adjunktus. – Felesége: Konnáth Magda (esküvő: 1955, még egyetemi hallgató), gyógyszerész volt Gernyeszegen. Leányuk Éva, orvos lett. – A mv.-i Ref. Koll.-ban érettségizett (1948) és a Gyógyszerészeti Karon végezte az egyetemet (1953). Már egyetemi hallgatóként díjtalan gyakornok volt a Gyógyszerészeti Kémia tanszéken, gyakornok (1953. szept. 15. –), tanársegéd (1954–), adjunktus (1958–), az előadásokat és gyakorlatokat román és m. nyelven tartotta (1962–), a diszciplina vezetője (1973–76), oktatói tevékenysége megszünt, amikor a Gyógyszerészeti Kar hallgatói befejezték a gyógyszerkémiai tanulmányaikat (1988). Kutatói minőségben folytatta tevékenységét nyugdíjazásáig (1992. jan. 1.). Új módszereket dolgozott ki közösen Mártonfi László profeszorral, három találmány társszerzője, sokat publikált szaklapokban: Farmacia, Gyógyszerészeti Értesítő, Orvosi Szemle- Revista madicală, Herba Hungarica, Acta Pharmaceutica Hungarica. – <strong>F. m.:</strong> <strong>társsz.:</strong> Gyógyszerészeti kémia. 3. köt. A központi idegrendszerre ható szerek; 4. köt.: A környéki idegekre és az izmokra ható szerek (Szánthó Klaudiaával, Veréph Józseffel; Mv., 1980; 1984). <br /><strong>Irod.:</strong> Facultatea de Farmacie; Genersich; Mv.-i Gyógyszerészeti Kar; [Nekrológ] (Nú., 1998. dec. 29); Péter H. M.; Péter H. M. 2013; Szöllősi 2009</br></p>

<p>Mv., 1928. aug. 19., † Mv., 1998. dec. 27.: gyógyszerész, egyetemi adjunktus. – Felesége: Konnáth Magda (esküvő: 1955, még egyetemi hallgató), gyógyszerész volt Gernyeszegen. Leányuk Éva, orvos lett. – A mv.-i Ref. Koll.-ban érettségizett (1948) és a Gyógyszerészeti Karon végezte az egyetemet (1953). Már egyetemi hallgatóként díjtalan gyakornok volt a Gyógyszerészeti Kémia tanszéken, gyakornok (1953. [&hellip;]</p>
