{"id":8407,"date":"2025-06-29T10:25:03","date_gmt":"2025-06-29T08:25:03","guid":{"rendered":"https:\/\/uj.adatbank.ro\/lexikon\/termek\/fulop-samu\/"},"modified":"2025-06-29T10:25:03","modified_gmt":"2025-06-29T08:25:03","slug":"fulop-samu","status":"publish","type":"product","link":"https:\/\/uj.adatbank.ro\/lexikon\/termek\/fulop-samu\/","title":{"rendered":"F\u00dcL\u00d6P Samu"},"content":{"rendered":"<p>1863? \u2020 Mv., 1939. dec. 30. : tan\u00edt\u00f3, \u00edr\u00f3. &#8211; Fia.: dr. F. K\u00e1lm\u00e1n. \u2013 Az als\u00f3v\u00e1rosi k\u00f6zs\u00e9gi elemiiskol\u00e1ban tan\u00edtott. A MT megyei \u00c1ltal\u00e1nos Tan\u00edt\u00f3test\u00fclet tisztvisel\u0151kar\u00e1nak tagja, k\u00f6nyvt\u00e1rosa (1903). \u2013 <strong>F. m.:<\/strong> <strong>antol\u00f3g.:<\/strong> A hazaszeretetr\u0151l = Eml\u00e9kk\u00f6nyv a MT megyei \u00c1ltal\u00e1nos Tan\u00edt\u00f3test\u00fclet 25 \u00e9ves jubileuma alkalm\u00e1b\u00f3l (Bp., 1903); t\u00e1rssz., <strong>szerk.:<\/strong> Maros-Torda v\u00e1rmegye f\u00f6ldrajza (Mv., 1911); Maros-V\u00e1s\u00e1rhelyi lexikon (Mv., 1912). <br \/><strong>Irod.:<\/strong> Eml\u00e9kk\u00f6nyv; Gy\u00e1szjelent\u0151; \u00d6kr\u00f6s<\/br><\/p>\n","protected":false},"excerpt":{"rendered":"<p>1863? \u2020 Mv., 1939. dec. 30. : tan\u00edt\u00f3, \u00edr\u00f3. &#8211; Fia.: dr. F. K\u00e1lm\u00e1n. \u2013 Az als\u00f3v\u00e1rosi k\u00f6zs\u00e9gi elemiiskol\u00e1ban tan\u00edtott. A MT megyei \u00c1ltal\u00e1nos Tan\u00edt\u00f3test\u00fclet tisztvisel\u0151kar\u00e1nak tagja, k\u00f6nyvt\u00e1rosa (1903). \u2013 F. m.: antol\u00f3g.: A hazaszeretetr\u0151l = Eml\u00e9kk\u00f6nyv a MT megyei \u00c1ltal\u00e1nos Tan\u00edt\u00f3test\u00fclet 25 \u00e9ves jubileuma alkalm\u00e1b\u00f3l (Bp., 1903); t\u00e1rssz., szerk.: Maros-Torda v\u00e1rmegye f\u00f6ldrajza (Mv., 1911); [&hellip;]<\/p>\n","protected":false},"featured_media":0,"comment_status":"open","ping_status":"closed","template":"","meta":[],"product_brand":[],"product_cat":[137],"product_tag":[],"class_list":{"0":"post-8407","1":"product","2":"type-product","3":"status-publish","5":"product_cat-maros-megyei-eletrajzi-lexikon","7":"first","8":"instock","9":"shipping-taxable","10":"product-type-simple"},"_links":{"self":[{"href":"https:\/\/uj.adatbank.ro\/lexikon\/wp-json\/wp\/v2\/product\/8407","targetHints":{"allow":["GET"]}}],"collection":[{"href":"https:\/\/uj.adatbank.ro\/lexikon\/wp-json\/wp\/v2\/product"}],"about":[{"href":"https:\/\/uj.adatbank.ro\/lexikon\/wp-json\/wp\/v2\/types\/product"}],"replies":[{"embeddable":true,"href":"https:\/\/uj.adatbank.ro\/lexikon\/wp-json\/wp\/v2\/comments?post=8407"}],"wp:attachment":[{"href":"https:\/\/uj.adatbank.ro\/lexikon\/wp-json\/wp\/v2\/media?parent=8407"}],"wp:term":[{"taxonomy":"product_brand","embeddable":true,"href":"https:\/\/uj.adatbank.ro\/lexikon\/wp-json\/wp\/v2\/product_brand?post=8407"},{"taxonomy":"product_cat","embeddable":true,"href":"https:\/\/uj.adatbank.ro\/lexikon\/wp-json\/wp\/v2\/product_cat?post=8407"},{"taxonomy":"product_tag","embeddable":true,"href":"https:\/\/uj.adatbank.ro\/lexikon\/wp-json\/wp\/v2\/product_tag?post=8407"}],"curies":[{"name":"wp","href":"https:\/\/api.w.org\/{rel}","templated":true}]}}

FÜLÖP Samu

<p>1863? † Mv., 1939. dec. 30. : tanító, író. &#8211; Fia.: dr. F. Kálmán. – Az alsóvárosi községi elemiiskolában tanított. A MT megyei Általános Tanítótestület tisztviselőkarának tagja, könyvtárosa (1903). – <strong>F. m.:</strong> <strong>antológ.:</strong> A hazaszeretetről = Emlékkönyv a MT megyei Általános Tanítótestület 25 éves jubileuma alkalmából (Bp., 1903); társsz., <strong>szerk.:</strong> Maros-Torda vármegye földrajza (Mv., 1911); Maros-Vásárhelyi lexikon (Mv., 1912). <br /><strong>Irod.:</strong> Emlékkönyv; Gyászjelentő; Ökrös</br></p>

<p>1863? † Mv., 1939. dec. 30. : tanító, író. &#8211; Fia.: dr. F. Kálmán. – Az alsóvárosi községi elemiiskolában tanított. A MT megyei Általános Tanítótestület tisztviselőkarának tagja, könyvtárosa (1903). – F. m.: antológ.: A hazaszeretetről = Emlékkönyv a MT megyei Általános Tanítótestület 25 éves jubileuma alkalmából (Bp., 1903); társsz., szerk.: Maros-Torda vármegye földrajza (Mv., 1911); [&hellip;]</p>
