{"id":8409,"date":"2025-06-29T10:25:06","date_gmt":"2025-06-29T08:25:06","guid":{"rendered":"https:\/\/uj.adatbank.ro\/lexikon\/termek\/fulop-sandor-2\/"},"modified":"2025-06-29T10:25:06","modified_gmt":"2025-06-29T08:25:06","slug":"fulop-sandor-2","status":"publish","type":"product","link":"https:\/\/uj.adatbank.ro\/lexikon\/termek\/fulop-sandor-2\/","title":{"rendered":"F\u00dcL\u00d6P S\u00e1ndor"},"content":{"rendered":"<p>Mv., 1937. m\u00e1j. 29., \u2020 Mv., 1999. febr. 15, : geol\u00f3gus. \u2013 A mv.-i Bolyai Farkas Koll. v\u00e9gzett (1954); a kv.-i BTE f\u00f6ldrajz-geol\u00f3gia szak\u00e1n tanult (1958). A nagyb\u00e1nyai B\u00e1nyav\u00e1llalatn\u00e1l, Borsab\u00e1ny\u00e1n b\u00e1nyam\u00e9rn\u00f6k geol\u00f3gus (1958\u201364); Mv. -re ker\u00fclt, ahol nyugd\u00edjaz\u00e1s\u00e1ig dolgozott a helyipari v\u00e1llalat, Prodcomplex tervez\u0151 oszt\u00e1ly\u00e1n, IEELIF, geod\u00e9ziai laborat\u00f3riumban (1964\u201395), sok v\u00edz- \u00e9s talajgazd\u00e1lkod\u00e1si munka tervez\u00e9se \u00e9s kivitelez\u00e9se f\u0171z\u0151dik nev\u00e9hez. A mv.-i Focus Eco Center k\u00f6rnyezetv\u00e9delmi szervezet tagja, a Pro Biciclo Urbo szervezet alap\u00edt\u00f3 tagja volt. <br \/><strong>Irod.:<\/strong> [Nekrol\u00f3g] (N\u00fa., 1999. febr. 17.); Sk\u00f3la<\/br><\/p>\n","protected":false},"excerpt":{"rendered":"<p>Mv., 1937. m\u00e1j. 29., \u2020 Mv., 1999. febr. 15, : geol\u00f3gus. \u2013 A mv.-i Bolyai Farkas Koll. v\u00e9gzett (1954); a kv.-i BTE f\u00f6ldrajz-geol\u00f3gia szak\u00e1n tanult (1958). A nagyb\u00e1nyai B\u00e1nyav\u00e1llalatn\u00e1l, Borsab\u00e1ny\u00e1n b\u00e1nyam\u00e9rn\u00f6k geol\u00f3gus (1958\u201364); Mv. -re ker\u00fclt, ahol nyugd\u00edjaz\u00e1s\u00e1ig dolgozott a helyipari v\u00e1llalat, Prodcomplex tervez\u0151 oszt\u00e1ly\u00e1n, IEELIF, geod\u00e9ziai laborat\u00f3riumban (1964\u201395), sok v\u00edz- \u00e9s talajgazd\u00e1lkod\u00e1si munka tervez\u00e9se [&hellip;]<\/p>\n","protected":false},"featured_media":0,"comment_status":"open","ping_status":"closed","template":"","meta":[],"product_brand":[],"product_cat":[137],"product_tag":[],"class_list":{"0":"post-8409","1":"product","2":"type-product","3":"status-publish","5":"product_cat-maros-megyei-eletrajzi-lexikon","7":"first","8":"instock","9":"shipping-taxable","10":"product-type-simple"},"_links":{"self":[{"href":"https:\/\/uj.adatbank.ro\/lexikon\/wp-json\/wp\/v2\/product\/8409","targetHints":{"allow":["GET"]}}],"collection":[{"href":"https:\/\/uj.adatbank.ro\/lexikon\/wp-json\/wp\/v2\/product"}],"about":[{"href":"https:\/\/uj.adatbank.ro\/lexikon\/wp-json\/wp\/v2\/types\/product"}],"replies":[{"embeddable":true,"href":"https:\/\/uj.adatbank.ro\/lexikon\/wp-json\/wp\/v2\/comments?post=8409"}],"wp:attachment":[{"href":"https:\/\/uj.adatbank.ro\/lexikon\/wp-json\/wp\/v2\/media?parent=8409"}],"wp:term":[{"taxonomy":"product_brand","embeddable":true,"href":"https:\/\/uj.adatbank.ro\/lexikon\/wp-json\/wp\/v2\/product_brand?post=8409"},{"taxonomy":"product_cat","embeddable":true,"href":"https:\/\/uj.adatbank.ro\/lexikon\/wp-json\/wp\/v2\/product_cat?post=8409"},{"taxonomy":"product_tag","embeddable":true,"href":"https:\/\/uj.adatbank.ro\/lexikon\/wp-json\/wp\/v2\/product_tag?post=8409"}],"curies":[{"name":"wp","href":"https:\/\/api.w.org\/{rel}","templated":true}]}}

FÜLÖP Sándor

<p>Mv., 1937. máj. 29., † Mv., 1999. febr. 15, : geológus. – A mv.-i Bolyai Farkas Koll. végzett (1954); a kv.-i BTE földrajz-geológia szakán tanult (1958). A nagybányai Bányavállalatnál, Borsabányán bányamérnök geológus (1958–64); Mv. -re került, ahol nyugdíjazásáig dolgozott a helyipari vállalat, Prodcomplex tervező osztályán, IEELIF, geodéziai laboratóriumban (1964–95), sok víz- és talajgazdálkodási munka tervezése és kivitelezése fűződik nevéhez. A mv.-i Focus Eco Center környezetvédelmi szervezet tagja, a Pro Biciclo Urbo szervezet alapító tagja volt. <br /><strong>Irod.:</strong> [Nekrológ] (Nú., 1999. febr. 17.); Skóla</br></p>

<p>Mv., 1937. máj. 29., † Mv., 1999. febr. 15, : geológus. – A mv.-i Bolyai Farkas Koll. végzett (1954); a kv.-i BTE földrajz-geológia szakán tanult (1958). A nagybányai Bányavállalatnál, Borsabányán bányamérnök geológus (1958–64); Mv. -re került, ahol nyugdíjazásáig dolgozott a helyipari vállalat, Prodcomplex tervező osztályán, IEELIF, geodéziai laboratóriumban (1964–95), sok víz- és talajgazdálkodási munka tervezése [&hellip;]</p>
