{"id":8412,"date":"2025-06-29T10:25:12","date_gmt":"2025-06-29T08:25:12","guid":{"rendered":"https:\/\/uj.adatbank.ro\/lexikon\/termek\/fulop-tibor\/"},"modified":"2025-06-29T10:25:12","modified_gmt":"2025-06-29T08:25:12","slug":"fulop-tibor","status":"publish","type":"product","link":"https:\/\/uj.adatbank.ro\/lexikon\/termek\/fulop-tibor\/","title":{"rendered":"F\u00dcL\u00d6P Tibor"},"content":{"rendered":"<p>K\u00e9zdiszentl\u00e9lek, 1933. jan. 6., \u2020 Mv., 2008: aug. 23: orvos. \u2013 F\u00fcl\u00f6p Ign\u00e1c \u00e9s Sz\u00e1sz Ilona fia. &#8211; Elv\u00e1lt orvos feles\u00e9g\u00e9t\u0151l (1966), m\u00e1sodik feles\u00e9ge Babos Margit, a tbc-klinik\u00e1n dolgozott. Egyazon \u00e9vben halt meg a feles\u00e9ge \u00e9s az \u00e9desanyja (\u20201982). &#8211; lemi iskol\u00e1t sz\u00fcl\u0151faluj\u00e1ban, k\u00f6z\u00e9piskol\u00e1t K\u00e9zdiv\u00e1s\u00e1rhelyen \u00e9s a fels\u0151bb oszt\u00e1lyokat Sepsiszentgy\u00f6rgy\u00f6n (1952) v\u00e9gezte. A MOGYI orvosi kar\u00e1n tanult \u00e9s v\u00e9gzett (1953\u20131959). K\u00f6rzeti \u00e1ltal\u00e1nos orvos Szov\u00e1t\u00e1n,. B\u00fckk\u00f6sre (1965\u2013), Moldv\u00e1ba helyezt\u00e9k, majd \u00fczemorvos Mv.-en az Ilefor b\u00fatorgy\u00e1rn\u00e1l nyugd\u00edjaz\u00e1s\u00e1ig (1967\u20131998). Visszavonultan, mag\u00e1nyosan \u00e9lt. <br \/><strong>Irod.:<\/strong> Kiss-P.-P.; Kiss Cs. M 4.; Nagy L.<\/br><\/p>\n","protected":false},"excerpt":{"rendered":"<p>K\u00e9zdiszentl\u00e9lek, 1933. jan. 6., \u2020 Mv., 2008: aug. 23: orvos. \u2013 F\u00fcl\u00f6p Ign\u00e1c \u00e9s Sz\u00e1sz Ilona fia. &#8211; Elv\u00e1lt orvos feles\u00e9g\u00e9t\u0151l (1966), m\u00e1sodik feles\u00e9ge Babos Margit, a tbc-klinik\u00e1n dolgozott. Egyazon \u00e9vben halt meg a feles\u00e9ge \u00e9s az \u00e9desanyja (\u20201982). &#8211; lemi iskol\u00e1t sz\u00fcl\u0151faluj\u00e1ban, k\u00f6z\u00e9piskol\u00e1t K\u00e9zdiv\u00e1s\u00e1rhelyen \u00e9s a fels\u0151bb oszt\u00e1lyokat Sepsiszentgy\u00f6rgy\u00f6n (1952) v\u00e9gezte. A MOGYI orvosi [&hellip;]<\/p>\n","protected":false},"featured_media":0,"comment_status":"open","ping_status":"closed","template":"","meta":[],"product_brand":[],"product_cat":[137],"product_tag":[],"class_list":{"0":"post-8412","1":"product","2":"type-product","3":"status-publish","5":"product_cat-maros-megyei-eletrajzi-lexikon","7":"first","8":"instock","9":"shipping-taxable","10":"product-type-simple"},"_links":{"self":[{"href":"https:\/\/uj.adatbank.ro\/lexikon\/wp-json\/wp\/v2\/product\/8412","targetHints":{"allow":["GET"]}}],"collection":[{"href":"https:\/\/uj.adatbank.ro\/lexikon\/wp-json\/wp\/v2\/product"}],"about":[{"href":"https:\/\/uj.adatbank.ro\/lexikon\/wp-json\/wp\/v2\/types\/product"}],"replies":[{"embeddable":true,"href":"https:\/\/uj.adatbank.ro\/lexikon\/wp-json\/wp\/v2\/comments?post=8412"}],"wp:attachment":[{"href":"https:\/\/uj.adatbank.ro\/lexikon\/wp-json\/wp\/v2\/media?parent=8412"}],"wp:term":[{"taxonomy":"product_brand","embeddable":true,"href":"https:\/\/uj.adatbank.ro\/lexikon\/wp-json\/wp\/v2\/product_brand?post=8412"},{"taxonomy":"product_cat","embeddable":true,"href":"https:\/\/uj.adatbank.ro\/lexikon\/wp-json\/wp\/v2\/product_cat?post=8412"},{"taxonomy":"product_tag","embeddable":true,"href":"https:\/\/uj.adatbank.ro\/lexikon\/wp-json\/wp\/v2\/product_tag?post=8412"}],"curies":[{"name":"wp","href":"https:\/\/api.w.org\/{rel}","templated":true}]}}