{"id":8413,"date":"2025-06-29T10:25:14","date_gmt":"2025-06-29T08:25:14","guid":{"rendered":"https:\/\/uj.adatbank.ro\/lexikon\/termek\/fulop-zoltan\/"},"modified":"2025-06-29T10:25:14","modified_gmt":"2025-06-29T08:25:14","slug":"fulop-zoltan","status":"publish","type":"product","link":"https:\/\/uj.adatbank.ro\/lexikon\/termek\/fulop-zoltan\/","title":{"rendered":"F\u00dcL\u00d6P Zolt\u00e1n"},"content":{"rendered":"<p>1904. okt. 23., \u2020 Szenth\u00e1roms\u00e1g 1971. aug., : unit. pap. \u2013 Vadadon szolg\u00e1lt amikor Szenth\u00e1roms\u00e1gra, Kisadorj\u00e1nba nevezt\u00e9k ki papnak (1949\u201371). Feles\u00e9ge a kast\u00e9lytulajdonos Bereczki S\u00e1ndor h\u00faga. A securitate megfigyeltette tev\u00e9kenys\u00e9g\u00e9t (1962\u2013) \u00e9s levelez\u00e9s\u00e9t (1968\u2013). <br \/><strong>Irod.:<\/strong> Bartos 2012; Cs\u00edkfalva; Kisadorj\u00e1n, Szenth\u00e1roms\u00e1g<\/br><\/p>\n","protected":false},"excerpt":{"rendered":"<p>1904. okt. 23., \u2020 Szenth\u00e1roms\u00e1g 1971. aug., : unit. pap. \u2013 Vadadon szolg\u00e1lt amikor Szenth\u00e1roms\u00e1gra, Kisadorj\u00e1nba nevezt\u00e9k ki papnak (1949\u201371). Feles\u00e9ge a kast\u00e9lytulajdonos Bereczki S\u00e1ndor h\u00faga. A securitate megfigyeltette tev\u00e9kenys\u00e9g\u00e9t (1962\u2013) \u00e9s levelez\u00e9s\u00e9t (1968\u2013). Irod.: Bartos 2012; Cs\u00edkfalva; Kisadorj\u00e1n, Szenth\u00e1roms\u00e1g<\/p>\n","protected":false},"featured_media":0,"comment_status":"open","ping_status":"closed","template":"","meta":[],"product_brand":[],"product_cat":[137],"product_tag":[],"class_list":{"0":"post-8413","1":"product","2":"type-product","3":"status-publish","5":"product_cat-maros-megyei-eletrajzi-lexikon","7":"first","8":"instock","9":"shipping-taxable","10":"product-type-simple"},"_links":{"self":[{"href":"https:\/\/uj.adatbank.ro\/lexikon\/wp-json\/wp\/v2\/product\/8413","targetHints":{"allow":["GET"]}}],"collection":[{"href":"https:\/\/uj.adatbank.ro\/lexikon\/wp-json\/wp\/v2\/product"}],"about":[{"href":"https:\/\/uj.adatbank.ro\/lexikon\/wp-json\/wp\/v2\/types\/product"}],"replies":[{"embeddable":true,"href":"https:\/\/uj.adatbank.ro\/lexikon\/wp-json\/wp\/v2\/comments?post=8413"}],"wp:attachment":[{"href":"https:\/\/uj.adatbank.ro\/lexikon\/wp-json\/wp\/v2\/media?parent=8413"}],"wp:term":[{"taxonomy":"product_brand","embeddable":true,"href":"https:\/\/uj.adatbank.ro\/lexikon\/wp-json\/wp\/v2\/product_brand?post=8413"},{"taxonomy":"product_cat","embeddable":true,"href":"https:\/\/uj.adatbank.ro\/lexikon\/wp-json\/wp\/v2\/product_cat?post=8413"},{"taxonomy":"product_tag","embeddable":true,"href":"https:\/\/uj.adatbank.ro\/lexikon\/wp-json\/wp\/v2\/product_tag?post=8413"}],"curies":[{"name":"wp","href":"https:\/\/api.w.org\/{rel}","templated":true}]}}