{"id":8420,"date":"2025-06-29T10:25:27","date_gmt":"2025-06-29T08:25:27","guid":{"rendered":"https:\/\/uj.adatbank.ro\/lexikon\/termek\/furst-mozes-furszt-mose-furszt-mor\/"},"modified":"2025-06-29T10:25:27","modified_gmt":"2025-06-29T08:25:27","slug":"furst-mozes-furszt-mose-furszt-mor","status":"publish","type":"product","link":"https:\/\/uj.adatbank.ro\/lexikon\/termek\/furst-mozes-furszt-mose-furszt-mor\/","title":{"rendered":"F\u00dcRST M\u00f3zes, F\u00fcrszt Mose, F\u00fcrszt M\u00f3r"},"content":{"rendered":"<p>Veresv\u00e1r, v. V\u00f6r\u00f6sv\u00e1r, 1815, \u2020 Mv., 1870.: rabbi. \u2013 Feles\u00e9ge: Katz \u00c9lij\u00e1hu le\u00e1nya. Fia F\u00fcrszt Jes\u00e1j\u00e1hu. \u2013 Bonyh\u00e1don tanult Rabbi Hirsch Zvi Hellern\u00e9l. Mv. els\u0151 ortodox rabbija, akit az akkor alakul\u00f3 zsid\u00f3 hitk\u00f6zs\u00e9g \u00e9l\u00e9re v\u00e1lasztottak meg (1850\u201370), amely tiszts\u00e9get hal\u00e1l\u00e1ig t\u00f6lt\u00f6tt be. A mv.-i Iskola u.-i zsinag\u00f3ga \u00e9p\u00edttet\u0151je \u00e9s els\u0151 rabbija. Szolg\u00e1lat\u00e1t csal\u00e1di h\u00e1zakban v\u00e9gezte, am\u00edg a zsinag\u00f3ga elk\u00e9sz\u00fclt (1860). A hit\u00e9let f\u00f6nntart\u00e1s\u00e1ra megszervezte a Talmud-T\u00f3ra tanfolyamokat (izraelita vall\u00e1sos tanok magyar\u00e1zata), egy jesiv\u00e1t (als\u00f3 fok\u00fa rabbik\u00e9pz\u0151t), l\u00e9trehozott a h\u00edv\u0151k r\u00e9sz\u00e9re egy j\u00f3t\u00e9konys\u00e1gi \u00e9s temetkez\u00e9si seg\u00e9lyegyletet, a Chevra Kadis\u00e1t (Szentegyletet). Temet\u0151helyet v\u00e1s\u00e1rolt a zsid\u00f3k r\u00e9sz\u00e9re a K\u00f6vesdombon \u00e9s a Somostet\u0151n. \u00c1ld\u00e1sos tev\u00e9kenys\u00e9g\u00e9t hal\u00e1la szak\u00edtotta f\u00e9lbe. K\u00f6nyve k\u00e9rd\u00e9s-felelet alakban ismertette Mv. \u00e9s Erd\u00e9ly vall\u00e1si \u00e9let\u00e9t, a fia szerk. -t\u00e9s\u00e9ben jelent meg. Mv. \u00e9s k\u00f6rny\u00e9ke zsid\u00f3s\u00e1g\u00e1nak k\u00f6zponti lelkip\u00e1sztora volt. \u2013 <strong>F. m.:<\/strong> Mare-Mose. (szerk. Jesij\u00e1hu F\u00fcrst; \u00dajpest, 1932). <br \/><strong>Irod.:<\/strong> Bodolai Gy\u00f6ngyi: A m\u00faltat be kell vallani (N\u00fa., 1991. \u00e1pr. 25.); Ga\u00e1l Gy\u00f6rgy: Az izraelit\u00e1k Erd\u00e9lyben  =  Ga\u00e1l: Kv. vonz\u00e1s\u00e1ban; Ga\u00e1l: izraelit\u00e1k (Helikon, 9. sz., 1994); Id\u0151t\u00e1r 2; Mv. zsid\u00f3s\u00e1ga; Sebesty\u00e9n Mih\u00e1ly: N\u00e1zn\u00e1nfalva-Mv. (N\u00fa., 1998. jan. 9.); Sebesty\u00e9n Mih\u00e1ly 2000; \u00dajv\u00e1ri<\/br><\/p>\n","protected":false},"excerpt":{"rendered":"<p>Veresv\u00e1r, v. V\u00f6r\u00f6sv\u00e1r, 1815, \u2020 Mv., 1870.: rabbi. \u2013 Feles\u00e9ge: Katz \u00c9lij\u00e1hu le\u00e1nya. Fia F\u00fcrszt Jes\u00e1j\u00e1hu. \u2013 Bonyh\u00e1don tanult Rabbi Hirsch Zvi Hellern\u00e9l. Mv. els\u0151 ortodox rabbija, akit az akkor alakul\u00f3 zsid\u00f3 hitk\u00f6zs\u00e9g \u00e9l\u00e9re v\u00e1lasztottak meg (1850\u201370), amely tiszts\u00e9get hal\u00e1l\u00e1ig t\u00f6lt\u00f6tt be. A mv.-i Iskola u.-i zsinag\u00f3ga \u00e9p\u00edttet\u0151je \u00e9s els\u0151 rabbija. Szolg\u00e1lat\u00e1t csal\u00e1di h\u00e1zakban v\u00e9gezte, [&hellip;]<\/p>\n","protected":false},"featured_media":0,"comment_status":"open","ping_status":"closed","template":"","meta":[],"product_brand":[],"product_cat":[137],"product_tag":[],"class_list":{"0":"post-8420","1":"product","2":"type-product","3":"status-publish","5":"product_cat-maros-megyei-eletrajzi-lexikon","7":"first","8":"instock","9":"shipping-taxable","10":"product-type-simple"},"_links":{"self":[{"href":"https:\/\/uj.adatbank.ro\/lexikon\/wp-json\/wp\/v2\/product\/8420","targetHints":{"allow":["GET"]}}],"collection":[{"href":"https:\/\/uj.adatbank.ro\/lexikon\/wp-json\/wp\/v2\/product"}],"about":[{"href":"https:\/\/uj.adatbank.ro\/lexikon\/wp-json\/wp\/v2\/types\/product"}],"replies":[{"embeddable":true,"href":"https:\/\/uj.adatbank.ro\/lexikon\/wp-json\/wp\/v2\/comments?post=8420"}],"wp:attachment":[{"href":"https:\/\/uj.adatbank.ro\/lexikon\/wp-json\/wp\/v2\/media?parent=8420"}],"wp:term":[{"taxonomy":"product_brand","embeddable":true,"href":"https:\/\/uj.adatbank.ro\/lexikon\/wp-json\/wp\/v2\/product_brand?post=8420"},{"taxonomy":"product_cat","embeddable":true,"href":"https:\/\/uj.adatbank.ro\/lexikon\/wp-json\/wp\/v2\/product_cat?post=8420"},{"taxonomy":"product_tag","embeddable":true,"href":"https:\/\/uj.adatbank.ro\/lexikon\/wp-json\/wp\/v2\/product_tag?post=8420"}],"curies":[{"name":"wp","href":"https:\/\/api.w.org\/{rel}","templated":true}]}}