{"id":8424,"date":"2025-06-29T10:25:32","date_gmt":"2025-06-29T08:25:32","guid":{"rendered":"https:\/\/uj.adatbank.ro\/lexikon\/termek\/furszt-miklos\/"},"modified":"2025-06-29T10:25:32","modified_gmt":"2025-06-29T08:25:32","slug":"furszt-miklos","status":"publish","type":"product","link":"https:\/\/uj.adatbank.ro\/lexikon\/termek\/furszt-miklos\/","title":{"rendered":"F\u00dcRSZT Mikl\u00f3s"},"content":{"rendered":"<p>? \u2020 ? : m\u00e9rn\u00f6k \u00e9s \u00e9p\u00edtkez\u00e9si v\u00e1llalkoz\u00f3. \u2013 Mv.-en kivitelezte a bp.-i Lenarduzzi J\u00e1nos m\u00e9rn\u00f6k tervei alapj\u00e1n a Poklos patak szab\u00e1lyoz\u00e1si munk\u00e1latait a mai D\u00f3zsa Gy\u00f6rgy \u00e9s Kert\u00e9sz u. k\u00f6z\u00f6tti szakaszon, \u00e9s a patakon \u00e1tvezet\u0151 k\u00e9t betonh\u00edd \u00e9p\u00edt\u00e9s\u00e9t (1912\u201313). A Maros nagyg\u00e1tj\u00e1nak \u00e9p\u00edt\u00e9s\u00e9hez meg\u00e9p\u00edtett csatorna (Turbina \u00e1rok) f\u00f6ldsz\u00e1ll\u00edt\u00e1si munk\u00e1latait az \u0151 c\u00e9ge nyerte el (1912). A F\u00fcrszt telep tervei alapj\u00e1n k\u00e9sz\u00fclt el. <br \/><strong>Irod.:<\/strong> Id\u0151t\u00e1r 2; Man: Tg. M. 2.<\/br><\/p>\n","protected":false},"excerpt":{"rendered":"<p>? \u2020 ? : m\u00e9rn\u00f6k \u00e9s \u00e9p\u00edtkez\u00e9si v\u00e1llalkoz\u00f3. \u2013 Mv.-en kivitelezte a bp.-i Lenarduzzi J\u00e1nos m\u00e9rn\u00f6k tervei alapj\u00e1n a Poklos patak szab\u00e1lyoz\u00e1si munk\u00e1latait a mai D\u00f3zsa Gy\u00f6rgy \u00e9s Kert\u00e9sz u. k\u00f6z\u00f6tti szakaszon, \u00e9s a patakon \u00e1tvezet\u0151 k\u00e9t betonh\u00edd \u00e9p\u00edt\u00e9s\u00e9t (1912\u201313). A Maros nagyg\u00e1tj\u00e1nak \u00e9p\u00edt\u00e9s\u00e9hez meg\u00e9p\u00edtett csatorna (Turbina \u00e1rok) f\u00f6ldsz\u00e1ll\u00edt\u00e1si munk\u00e1latait az \u0151 c\u00e9ge nyerte el [&hellip;]<\/p>\n","protected":false},"featured_media":0,"comment_status":"open","ping_status":"closed","template":"","meta":[],"product_brand":[],"product_cat":[137],"product_tag":[],"class_list":{"0":"post-8424","1":"product","2":"type-product","3":"status-publish","5":"product_cat-maros-megyei-eletrajzi-lexikon","7":"first","8":"instock","9":"shipping-taxable","10":"product-type-simple"},"_links":{"self":[{"href":"https:\/\/uj.adatbank.ro\/lexikon\/wp-json\/wp\/v2\/product\/8424","targetHints":{"allow":["GET"]}}],"collection":[{"href":"https:\/\/uj.adatbank.ro\/lexikon\/wp-json\/wp\/v2\/product"}],"about":[{"href":"https:\/\/uj.adatbank.ro\/lexikon\/wp-json\/wp\/v2\/types\/product"}],"replies":[{"embeddable":true,"href":"https:\/\/uj.adatbank.ro\/lexikon\/wp-json\/wp\/v2\/comments?post=8424"}],"wp:attachment":[{"href":"https:\/\/uj.adatbank.ro\/lexikon\/wp-json\/wp\/v2\/media?parent=8424"}],"wp:term":[{"taxonomy":"product_brand","embeddable":true,"href":"https:\/\/uj.adatbank.ro\/lexikon\/wp-json\/wp\/v2\/product_brand?post=8424"},{"taxonomy":"product_cat","embeddable":true,"href":"https:\/\/uj.adatbank.ro\/lexikon\/wp-json\/wp\/v2\/product_cat?post=8424"},{"taxonomy":"product_tag","embeddable":true,"href":"https:\/\/uj.adatbank.ro\/lexikon\/wp-json\/wp\/v2\/product_tag?post=8424"}],"curies":[{"name":"wp","href":"https:\/\/api.w.org\/{rel}","templated":true}]}}

FÜRSZT Miklós

<p>? † ? : mérnök és építkezési vállalkozó. – Mv.-en kivitelezte a bp.-i Lenarduzzi János mérnök tervei alapján a Poklos patak szabályozási munkálatait a mai Dózsa György és Kertész u. közötti szakaszon, és a patakon átvezető két betonhíd építését (1912–13). A Maros nagygátjának építéséhez megépített csatorna (Turbina árok) földszállítási munkálatait az ő cége nyerte el (1912). A Fürszt telep tervei alapján készült el. <br /><strong>Irod.:</strong> Időtár 2; Man: Tg. M. 2.</br></p>

<p>? † ? : mérnök és építkezési vállalkozó. – Mv.-en kivitelezte a bp.-i Lenarduzzi János mérnök tervei alapján a Poklos patak szabályozási munkálatait a mai Dózsa György és Kertész u. közötti szakaszon, és a patakon átvezető két betonhíd építését (1912–13). A Maros nagygátjának építéséhez megépített csatorna (Turbina árok) földszállítási munkálatait az ő cége nyerte el [&hellip;]</p>
