{"id":8427,"date":"2025-06-29T10:25:40","date_gmt":"2025-06-29T08:25:40","guid":{"rendered":"https:\/\/uj.adatbank.ro\/lexikon\/termek\/fuzi-jozsef-fuzi-iosif\/"},"modified":"2025-06-29T10:25:40","modified_gmt":"2025-06-29T08:25:40","slug":"fuzi-jozsef-fuzi-iosif","status":"publish","type":"product","link":"https:\/\/uj.adatbank.ro\/lexikon\/termek\/fuzi-jozsef-fuzi-iosif\/","title":{"rendered":"F\u00dcZI J\u00f3zsef, F\u00fczi Iosif"},"content":{"rendered":"<p>Brass\u00f3, 1931. jan. 1., \u2020 Mv., 1997. j\u00fan. 2.: biol\u00f3gus, n\u00f6v\u00e9nytani szak\u00edr\u00f3, egyetemi tan\u00e1r. \u2013 Az egyetemet Kv.-on a BTE term\u00e9szettudom\u00e1nyi kar\u00e1n v\u00e9gezte (1954); a MOGYI Gy\u00f3gyszer\u00e9szeti-Botanikai Kar\u00e1nak munkat\u00e1rsa: gyakornok (1954\u2013), laborf\u0151n\u00f6k (1955\u2013), tan\u00e1rseg\u00e9d, (1961\u2013), katedraf\u0151n\u00f6k adjunktus (1964\u201397), a gy\u00f3gyszer\u00e9szeti n\u00f6v\u00e9nytan el\u0151ad\u00f3tan\u00e1r (1975\u2013), professzor (1991\u2013); a biol\u00f3giai tudom\u00e1nyok doktora (1971). Tansz\u00e9kvezet\u0151. A farmakogn\u00f3zia t\u00e1rgyk\u00f6rben volt doktor\u00e1tus vezet\u0151 (1994\u201397). A hazai gy\u00f3gyn\u00f6v\u00e9nyek lel\u0151helyeir\u0151l \u00e9s a n\u00e9pgy\u00f3gy\u00e1szatban haszn\u00e1lt n\u00f6v\u00e9nyek hat\u00e9konys\u00e1g\u00e1r\u00f3l k\u00f6z\u00f6lt az: Orvosi Szemle- Revista Med., Farmacia, Comunic\u0103ri de botanic\u0103, Acta Farmaceutica Hungarica, Naturwissenschaften szaklapokban. Gy\u0171jtem\u00e9nyes k\u00f6tetek sz\u00e1m\u00e1ra t\u00e1rsszerz\u0151k\u00e9nt dolgozta fel a Hargita \u00e9s a Cs\u00edki-medence fl\u00f3r\u00e1j\u00e1t (1968), majd Kov\u00e1szna megye fl\u00f3r\u00e1j\u00e1t, veget\u00e1ci\u00f3j\u00e1t \u00e9s gy\u00f3gyn\u00f6v\u00e9nyeit. El\u0151ad\u00e1sokat tartott hazai \u00e9s k\u00fclf\u00f6ldi tudom\u00e1nyos rendezv\u00e9nyeken. A Soc. de Biologie Celular\u0103, az Eur\u00f3pai Sejtbiol\u00f3giai Szervezet, a Gy\u00f3gyszer\u00e9szeti T\u00e1rsas\u00e1g, az ausztriai N\u00e9pigy\u00f3gy\u00e1szati Etnomedicina T\u00e1rsas\u00e1g tagja. \u2013 <strong>F. m.:<\/strong> Gy\u00f3gyszer\u00e9szeti n\u00f6v\u00e9nytan 1.: Sejttan \u00e9s sz\u00f6vettan (Mv., 1970, 1971); Botanic\u0103 farmaceutic\u0103. Part. 2. Sistematica vegetel\u0103. (Tg. M., 1979); <strong>t\u00e1rssz.:<\/strong> Ghidul cursului de botanic\u0103 farmaceutic\u0103 (Tg. M., 1956); Farmacopeea Rom\u00e2n\u0103 (Buc., 1965); Lucr\u0103ri practice de botanic\u0103 farmaceutic\u0103. I. Botanic\u0103 general\u0103. Uz intern. (M\u00e1rton \u00c1. -al; Tg. M., 1965,); Plantele medicinale din flora spontan\u0103 a Bazinului Ciuc (Miercurea Ciuc, 1968); Sistematica plantelor (Kisgy\u00f6rgy Zolt\u00e1nnal; Tg. M., 1971); Kov\u00e1sznamegye gy\u00f3gyn\u00f6v\u00e9nyei (Sepsiszentgy\u00f6rgy, 1973); Plantele medicinale din jude\u0163ul Harghita (Tg. M, 1973); Plantele medicinale \u015fi condimentare din Jud. Harghita = Hargita megye gy\u00f3gy- \u00e9s f\u0171szern\u00f6v\u00e9nyei (Cs\u00edkszereda, 1980); Botanic\u0103 farmaceutic\u0103 (Radu Avram, Andronescu Ecaterina-val; Buc., 1981). <br \/><strong>Irod.:<\/strong> EMKK; Facultatea de Farmacie; Genersich; Indexul botani\u015ftilor (Buc., 1966); [Nekrol\u00f3g] (N\u00fa., 1997. j\u00fan. 4.); R\u00e9thy-\u00dajv\u00e1ri-V\u00e1czy; RMIL; Sz\u00f6ll\u0151si 2009; Who\u2019s Who \u00een \u015ftiin\u0163a \u015fi tehnic\u0103 rom. (1998)<\/br><\/p>\n","protected":false},"excerpt":{"rendered":"<p>Brass\u00f3, 1931. jan. 1., \u2020 Mv., 1997. j\u00fan. 2.: biol\u00f3gus, n\u00f6v\u00e9nytani szak\u00edr\u00f3, egyetemi tan\u00e1r. \u2013 Az egyetemet Kv.-on a BTE term\u00e9szettudom\u00e1nyi kar\u00e1n v\u00e9gezte (1954); a MOGYI Gy\u00f3gyszer\u00e9szeti-Botanikai Kar\u00e1nak munkat\u00e1rsa: gyakornok (1954\u2013), laborf\u0151n\u00f6k (1955\u2013), tan\u00e1rseg\u00e9d, (1961\u2013), katedraf\u0151n\u00f6k adjunktus (1964\u201397), a gy\u00f3gyszer\u00e9szeti n\u00f6v\u00e9nytan el\u0151ad\u00f3tan\u00e1r (1975\u2013), professzor (1991\u2013); a biol\u00f3giai tudom\u00e1nyok doktora (1971). Tansz\u00e9kvezet\u0151. A farmakogn\u00f3zia t\u00e1rgyk\u00f6rben volt [&hellip;]<\/p>\n","protected":false},"featured_media":0,"comment_status":"open","ping_status":"closed","template":"","meta":[],"product_brand":[],"product_cat":[137],"product_tag":[],"class_list":{"0":"post-8427","1":"product","2":"type-product","3":"status-publish","5":"product_cat-maros-megyei-eletrajzi-lexikon","7":"first","8":"instock","9":"shipping-taxable","10":"product-type-simple"},"_links":{"self":[{"href":"https:\/\/uj.adatbank.ro\/lexikon\/wp-json\/wp\/v2\/product\/8427","targetHints":{"allow":["GET"]}}],"collection":[{"href":"https:\/\/uj.adatbank.ro\/lexikon\/wp-json\/wp\/v2\/product"}],"about":[{"href":"https:\/\/uj.adatbank.ro\/lexikon\/wp-json\/wp\/v2\/types\/product"}],"replies":[{"embeddable":true,"href":"https:\/\/uj.adatbank.ro\/lexikon\/wp-json\/wp\/v2\/comments?post=8427"}],"wp:attachment":[{"href":"https:\/\/uj.adatbank.ro\/lexikon\/wp-json\/wp\/v2\/media?parent=8427"}],"wp:term":[{"taxonomy":"product_brand","embeddable":true,"href":"https:\/\/uj.adatbank.ro\/lexikon\/wp-json\/wp\/v2\/product_brand?post=8427"},{"taxonomy":"product_cat","embeddable":true,"href":"https:\/\/uj.adatbank.ro\/lexikon\/wp-json\/wp\/v2\/product_cat?post=8427"},{"taxonomy":"product_tag","embeddable":true,"href":"https:\/\/uj.adatbank.ro\/lexikon\/wp-json\/wp\/v2\/product_tag?post=8427"}],"curies":[{"name":"wp","href":"https:\/\/api.w.org\/{rel}","templated":true}]}}