{"id":8428,"date":"2025-06-29T10:25:41","date_gmt":"2025-06-29T08:25:41","guid":{"rendered":"https:\/\/uj.adatbank.ro\/lexikon\/termek\/fuzi-sandor-homorodkaracsonyfalvi\/"},"modified":"2025-06-29T10:25:41","modified_gmt":"2025-06-29T08:25:41","slug":"fuzi-sandor-homorodkaracsonyfalvi","status":"publish","type":"product","link":"https:\/\/uj.adatbank.ro\/lexikon\/termek\/fuzi-sandor-homorodkaracsonyfalvi\/","title":{"rendered":"F\u00dcZI S\u00e1ndor, homor\u00f3dkar\u00e1csonyfalvi"},"content":{"rendered":"<p>1885, \u2020 Mv., 1979. j\u00fan. 20. eltemett\u00e9k a nagyenyedi ref. temet\u0151ben: Hangya -sz\u00f6vetkezeti igazgat\u00f3. <br \/><strong>Irod.:<\/strong> dr. F. S. [Nekrol\u00f3g], (V. Z., 1979. j\u00fan. 22.)<\/br><\/p>\n","protected":false},"excerpt":{"rendered":"<p>1885, \u2020 Mv., 1979. j\u00fan. 20. eltemett\u00e9k a nagyenyedi ref. temet\u0151ben: Hangya -sz\u00f6vetkezeti igazgat\u00f3. Irod.: dr. F. S. [Nekrol\u00f3g], (V. Z., 1979. j\u00fan. 22.)<\/p>\n","protected":false},"featured_media":0,"comment_status":"open","ping_status":"closed","template":"","meta":[],"product_brand":[],"product_cat":[137],"product_tag":[],"class_list":{"0":"post-8428","1":"product","2":"type-product","3":"status-publish","5":"product_cat-maros-megyei-eletrajzi-lexikon","7":"first","8":"instock","9":"shipping-taxable","10":"product-type-simple"},"_links":{"self":[{"href":"https:\/\/uj.adatbank.ro\/lexikon\/wp-json\/wp\/v2\/product\/8428","targetHints":{"allow":["GET"]}}],"collection":[{"href":"https:\/\/uj.adatbank.ro\/lexikon\/wp-json\/wp\/v2\/product"}],"about":[{"href":"https:\/\/uj.adatbank.ro\/lexikon\/wp-json\/wp\/v2\/types\/product"}],"replies":[{"embeddable":true,"href":"https:\/\/uj.adatbank.ro\/lexikon\/wp-json\/wp\/v2\/comments?post=8428"}],"wp:attachment":[{"href":"https:\/\/uj.adatbank.ro\/lexikon\/wp-json\/wp\/v2\/media?parent=8428"}],"wp:term":[{"taxonomy":"product_brand","embeddable":true,"href":"https:\/\/uj.adatbank.ro\/lexikon\/wp-json\/wp\/v2\/product_brand?post=8428"},{"taxonomy":"product_cat","embeddable":true,"href":"https:\/\/uj.adatbank.ro\/lexikon\/wp-json\/wp\/v2\/product_cat?post=8428"},{"taxonomy":"product_tag","embeddable":true,"href":"https:\/\/uj.adatbank.ro\/lexikon\/wp-json\/wp\/v2\/product_tag?post=8428"}],"curies":[{"name":"wp","href":"https:\/\/api.w.org\/{rel}","templated":true}]}}