{"id":8432,"date":"2025-06-29T10:25:49","date_gmt":"2025-06-29T08:25:49","guid":{"rendered":"https:\/\/uj.adatbank.ro\/lexikon\/termek\/gaal-endre\/"},"modified":"2025-06-29T10:25:49","modified_gmt":"2025-06-29T08:25:49","slug":"gaal-endre","status":"publish","type":"product","link":"https:\/\/uj.adatbank.ro\/lexikon\/termek\/gaal-endre\/","title":{"rendered":"GA\u00c1L Endre"},"content":{"rendered":"<p>Mv., 1904., \u2020\u00a0? : fest\u0151m\u0171v\u00e9sz. \u2013 Tanult a bp.-i Iparm\u0171v\u00e9szeti F\u0151iskol\u00e1n. Firenz\u00e9ben, R\u00f3m\u00e1ban ki\u00e1ll\u00edtott (1922\u2013). <br \/><strong>Irod.:<\/strong> Moln\u00e1r; Szab\u00f3\u2013K\u00e1llai<\/br><\/p>\n","protected":false},"excerpt":{"rendered":"<p>Mv., 1904., \u2020\u00a0? : fest\u0151m\u0171v\u00e9sz. \u2013 Tanult a bp.-i Iparm\u0171v\u00e9szeti F\u0151iskol\u00e1n. Firenz\u00e9ben, R\u00f3m\u00e1ban ki\u00e1ll\u00edtott (1922\u2013). Irod.: Moln\u00e1r; Szab\u00f3\u2013K\u00e1llai<\/p>\n","protected":false},"featured_media":0,"comment_status":"open","ping_status":"closed","template":"","meta":[],"product_brand":[],"product_cat":[137],"product_tag":[],"class_list":{"0":"post-8432","1":"product","2":"type-product","3":"status-publish","5":"product_cat-maros-megyei-eletrajzi-lexikon","7":"first","8":"instock","9":"shipping-taxable","10":"product-type-simple"},"_links":{"self":[{"href":"https:\/\/uj.adatbank.ro\/lexikon\/wp-json\/wp\/v2\/product\/8432","targetHints":{"allow":["GET"]}}],"collection":[{"href":"https:\/\/uj.adatbank.ro\/lexikon\/wp-json\/wp\/v2\/product"}],"about":[{"href":"https:\/\/uj.adatbank.ro\/lexikon\/wp-json\/wp\/v2\/types\/product"}],"replies":[{"embeddable":true,"href":"https:\/\/uj.adatbank.ro\/lexikon\/wp-json\/wp\/v2\/comments?post=8432"}],"wp:attachment":[{"href":"https:\/\/uj.adatbank.ro\/lexikon\/wp-json\/wp\/v2\/media?parent=8432"}],"wp:term":[{"taxonomy":"product_brand","embeddable":true,"href":"https:\/\/uj.adatbank.ro\/lexikon\/wp-json\/wp\/v2\/product_brand?post=8432"},{"taxonomy":"product_cat","embeddable":true,"href":"https:\/\/uj.adatbank.ro\/lexikon\/wp-json\/wp\/v2\/product_cat?post=8432"},{"taxonomy":"product_tag","embeddable":true,"href":"https:\/\/uj.adatbank.ro\/lexikon\/wp-json\/wp\/v2\/product_tag?post=8432"}],"curies":[{"name":"wp","href":"https:\/\/api.w.org\/{rel}","templated":true}]}}