{"id":8433,"date":"2025-06-29T10:25:52","date_gmt":"2025-06-29T08:25:52","guid":{"rendered":"https:\/\/uj.adatbank.ro\/lexikon\/termek\/gaal-gyula-dalnoki\/"},"modified":"2025-06-29T10:25:52","modified_gmt":"2025-06-29T08:25:52","slug":"gaal-gyula-dalnoki","status":"publish","type":"product","link":"https:\/\/uj.adatbank.ro\/lexikon\/termek\/gaal-gyula-dalnoki\/","title":{"rendered":"GA\u00c1L Gyula, d\u00e1lnoki"},"content":{"rendered":"<p>Mez\u0151b\u00e1nd, 1844. febr. 17., \u2020\u00a0Magyark\u00e1lya, 1912. szept. 7.: f\u00f6ldbirtokos, szak\u00edr\u00f3. \u2013 Feles\u00e9ge: makfalvi D\u00f3sa Katinka (1849 \u2013 Mv., 1914. szept. 4.). \u2013 A k\u00f6z\u00e9piskol\u00e1t Kv.-on, a jogot Bp.-en, a gazdas\u00e1gi akad. -\u00e1t Magyar\u00f3v\u00e1ron v\u00e9gezve. A csal\u00e1di birtok\u00e1n gazd\u00e1lkodott, tagja a kolozsmegyei t\u00f6rv\u00e9nyhat\u00f3s\u00e1gi bizotts\u00e1gnak. Kolozsmegye ogy.-i k\u00e9pvisel\u0151je (1906\u201310) f\u00fcggetlens\u00e9gi programmal. <br \/><strong>Irod.:<\/strong> Guly\u00e1s; Gy\u00e1szjelent\u00f6; A Mo-i. k\u00f6z\u00e9piskol\u00e1kban 1850\u20131855-ig megjelent \u00f6sszes program\u00e9rtekez\u00e9sek repert\u00f3riuma (Bp., 1887)<\/br><\/p>\n","protected":false},"excerpt":{"rendered":"<p>Mez\u0151b\u00e1nd, 1844. febr. 17., \u2020\u00a0Magyark\u00e1lya, 1912. szept. 7.: f\u00f6ldbirtokos, szak\u00edr\u00f3. \u2013 Feles\u00e9ge: makfalvi D\u00f3sa Katinka (1849 \u2013 Mv., 1914. szept. 4.). \u2013 A k\u00f6z\u00e9piskol\u00e1t Kv.-on, a jogot Bp.-en, a gazdas\u00e1gi akad. -\u00e1t Magyar\u00f3v\u00e1ron v\u00e9gezve. A csal\u00e1di birtok\u00e1n gazd\u00e1lkodott, tagja a kolozsmegyei t\u00f6rv\u00e9nyhat\u00f3s\u00e1gi bizotts\u00e1gnak. Kolozsmegye ogy.-i k\u00e9pvisel\u0151je (1906\u201310) f\u00fcggetlens\u00e9gi programmal. Irod.: Guly\u00e1s; Gy\u00e1szjelent\u00f6; A Mo-i. k\u00f6z\u00e9piskol\u00e1kban [&hellip;]<\/p>\n","protected":false},"featured_media":0,"comment_status":"open","ping_status":"closed","template":"","meta":[],"product_brand":[],"product_cat":[137],"product_tag":[],"class_list":{"0":"post-8433","1":"product","2":"type-product","3":"status-publish","5":"product_cat-maros-megyei-eletrajzi-lexikon","7":"first","8":"instock","9":"shipping-taxable","10":"product-type-simple"},"_links":{"self":[{"href":"https:\/\/uj.adatbank.ro\/lexikon\/wp-json\/wp\/v2\/product\/8433","targetHints":{"allow":["GET"]}}],"collection":[{"href":"https:\/\/uj.adatbank.ro\/lexikon\/wp-json\/wp\/v2\/product"}],"about":[{"href":"https:\/\/uj.adatbank.ro\/lexikon\/wp-json\/wp\/v2\/types\/product"}],"replies":[{"embeddable":true,"href":"https:\/\/uj.adatbank.ro\/lexikon\/wp-json\/wp\/v2\/comments?post=8433"}],"wp:attachment":[{"href":"https:\/\/uj.adatbank.ro\/lexikon\/wp-json\/wp\/v2\/media?parent=8433"}],"wp:term":[{"taxonomy":"product_brand","embeddable":true,"href":"https:\/\/uj.adatbank.ro\/lexikon\/wp-json\/wp\/v2\/product_brand?post=8433"},{"taxonomy":"product_cat","embeddable":true,"href":"https:\/\/uj.adatbank.ro\/lexikon\/wp-json\/wp\/v2\/product_cat?post=8433"},{"taxonomy":"product_tag","embeddable":true,"href":"https:\/\/uj.adatbank.ro\/lexikon\/wp-json\/wp\/v2\/product_tag?post=8433"}],"curies":[{"name":"wp","href":"https:\/\/api.w.org\/{rel}","templated":true}]}}

GAÁL Gyula, dálnoki

<p>Mezőbánd, 1844. febr. 17., † Magyarkálya, 1912. szept. 7.: földbirtokos, szakíró. – Felesége: makfalvi Dósa Katinka (1849 – Mv., 1914. szept. 4.). – A középiskolát Kv.-on, a jogot Bp.-en, a gazdasági akad. -át Magyaróváron végezve. A családi birtokán gazdálkodott, tagja a kolozsmegyei törvényhatósági bizottságnak. Kolozsmegye ogy.-i képviselője (1906–10) függetlenségi programmal. <br /><strong>Irod.:</strong> Gulyás; Gyászjelentö; A Mo-i. középiskolákban 1850–1855-ig megjelent összes programértekezések repertóriuma (Bp., 1887)</br></p>

<p>Mezőbánd, 1844. febr. 17., † Magyarkálya, 1912. szept. 7.: földbirtokos, szakíró. – Felesége: makfalvi Dósa Katinka (1849 – Mv., 1914. szept. 4.). – A középiskolát Kv.-on, a jogot Bp.-en, a gazdasági akad. -át Magyaróváron végezve. A családi birtokán gazdálkodott, tagja a kolozsmegyei törvényhatósági bizottságnak. Kolozsmegye ogy.-i képviselője (1906–10) függetlenségi programmal. Irod.: Gulyás; Gyászjelentö; A Mo-i. középiskolákban [&hellip;]</p>
