{"id":8436,"date":"2025-06-29T10:26:02","date_gmt":"2025-06-29T08:26:02","guid":{"rendered":"https:\/\/uj.adatbank.ro\/lexikon\/termek\/gaal-kornelia-%c2%a7-braun-kornelia-gal-kornelia\/"},"modified":"2025-06-29T10:26:02","modified_gmt":"2025-06-29T08:26:02","slug":"gaal-kornelia-%c2%a7-braun-kornelia-gal-kornelia","status":"publish","type":"product","link":"https:\/\/uj.adatbank.ro\/lexikon\/termek\/gaal-kornelia-%c2%a7-braun-kornelia-gal-kornelia\/","title":{"rendered":"GA\u00c1L Korn\u00e9lia, \u00a7 Braun Korn\u00e9lia; G\u00e1l Korn\u00e9lia"},"content":{"rendered":"<p>Kov\u00e1szna, 1938. jan. 26., \u2020 Mv., 2000. okt. 14.: tan\u00e1r, m\u00fazeol\u00f3gus. \u2013 Elemi iskol\u00e1t Kov\u00e1szn\u00e1n, l\u00edc. -ot Sepsiszentgy\u00f6rgy\u00f6n v\u00e9gzett (\u20131954), a kv.-i BTE filol\u00f3gi-t\u00f6rt\u00e9nelem szak\u00e1n szerzett diplom\u00e1t (1958). A mv.-i Megyei M\u00fazeum munkat\u00e1rsa nyugd\u00edjaz\u00e1s\u00e1ig (1958\u201395). K\u00f6zrem\u0171k\u00f6d\u00e9s\u00e9vel \u00e1tszervezt\u00e9k a m\u00fazeum tev\u00e9kenys\u00e9g\u00e9t, l\u00e9trehozt\u00e1k a Modern \u2013 \u00e9s jelenkori t\u00f6rt\u00e9nelmi oszt\u00e1lyt, t\u00f6bb ezer m\u00fazeumi t\u00e1rgyat kutatott fel \u00e9s szerzett meg a m\u00fazeum r\u00e9sz\u00e9re. Kutat\u00e1si ter\u00fclete az \u00fajkori \u00e9s jelenkori t\u00f6rt\u00e9nelem, a munk\u00e1smozgalom t\u00f6rt\u00e9nete \u00e9s a helyt\u00f6rt\u00e9net, a Maros megyei munk\u00e1smozgalmak, Mv. \u00e9s a megye gazdas\u00e1gi fejl\u0151d\u00e9s\u00e9nek t\u00f6rt\u00e9nete a 19. sz. \u00e9s a 20. sz. elej\u00e9n. Gy\u0171jt\u00f6tte \u00e9s rendezte a mv.-i polg\u00e1rmesternek, Bern\u00e1dy Gy\u00f6rgynek, t\u00e1rgyi \u00e9s \u00edrott eml\u00e9keit, De\u00e1k Farkas levelez\u00e9s\u00e9t, megmentette a v\u00e9gleges pusztul\u00e1st\u00f3l a Sz\u00e9kelyf\u00f6ldi Iparm\u00fazeum gy\u0171jtem\u00e9ny\u00e9t. Ki\u00e1ll\u00edtotta a Bern\u00e1dy-hagyat\u00e9kot (1993), valamint Mv. legnagyobb \u00e9s leg\u00e9rt\u00e9kesebb f\u00e9nyk\u00e9panyag\u00e1t (1994). R\u00e1di\u00f3-el\u0151ad\u00e1sokat tartott, ki\u00e1ll\u00edt\u00e1sokat, el\u0151ad\u00e1sokat, szimp\u00f3ziomokat szervezett: 1989 Decembere, Tudom\u00e1ny \u00e9s technika; Az egykori Mv.; Dr. Bern\u00e1dy Gy\u00f6rgy (1864\u20131938). Tanulm\u00e1nyai megjelentek a mv.-i m\u00fazeum kiadv\u00e1nyaiban: Studii \u015fi materiale; Marisia, a V. Z., \u00daj \u00c9let, M\u0171vel\u0151d\u00e9s, A H\u00e9t, K\u00f6nyvt\u00e1r, Vatra, N\u00fa. \u2013 <strong>F. m.:<\/strong> Muzeul de Art\u0103 Industrial\u0103 din Tg. M (Tg. M, 1999); Mv. 1848\u20131849-es magyar m\u0171eml\u00e9kei = A Maros megyei magyars\u00e1g t\u00f6rt\u00e9net\u00e9b\u0151l 2. (Mv., 1997), Mv. a XIX. sz\u00e1zad v\u00e9g\u00e9n \u00e9s a XX. sz\u00e1zad elej\u00e9n = A Maros megyei magyars\u00e1g t\u00f6rt\u00e9net\u00e9b\u0151l 2. (Mv., 1997), A Sz\u00e9kelyf\u00f6ldi Iparm\u00fazeum Mv. -t = Mv. t\u00f6rt\u00e9net\u00e9b\u0151l. (Mv., 1999). <br \/><strong>Irod.:<\/strong> Bern\u00e1dy; In memoriam: G. K. (Marisia, 2000, 26.); Id\u0151t\u00e1r 4; KKACs; Magy kutat\u00f3k; MMA; N\u00e9p\u00fajs\u00e1g, 2000. okt. 18.; RMIL; RMKK; Todea 2013<\/br><\/p>\n","protected":false},"excerpt":{"rendered":"<p>Kov\u00e1szna, 1938. jan. 26., \u2020 Mv., 2000. okt. 14.: tan\u00e1r, m\u00fazeol\u00f3gus. \u2013 Elemi iskol\u00e1t Kov\u00e1szn\u00e1n, l\u00edc. -ot Sepsiszentgy\u00f6rgy\u00f6n v\u00e9gzett (\u20131954), a kv.-i BTE filol\u00f3gi-t\u00f6rt\u00e9nelem szak\u00e1n szerzett diplom\u00e1t (1958). A mv.-i Megyei M\u00fazeum munkat\u00e1rsa nyugd\u00edjaz\u00e1s\u00e1ig (1958\u201395). K\u00f6zrem\u0171k\u00f6d\u00e9s\u00e9vel \u00e1tszervezt\u00e9k a m\u00fazeum tev\u00e9kenys\u00e9g\u00e9t, l\u00e9trehozt\u00e1k a Modern \u2013 \u00e9s jelenkori t\u00f6rt\u00e9nelmi oszt\u00e1lyt, t\u00f6bb ezer m\u00fazeumi t\u00e1rgyat kutatott fel \u00e9s [&hellip;]<\/p>\n","protected":false},"featured_media":0,"comment_status":"open","ping_status":"closed","template":"","meta":[],"product_brand":[],"product_cat":[137],"product_tag":[],"class_list":{"0":"post-8436","1":"product","2":"type-product","3":"status-publish","5":"product_cat-maros-megyei-eletrajzi-lexikon","7":"first","8":"instock","9":"shipping-taxable","10":"product-type-simple"},"_links":{"self":[{"href":"https:\/\/uj.adatbank.ro\/lexikon\/wp-json\/wp\/v2\/product\/8436","targetHints":{"allow":["GET"]}}],"collection":[{"href":"https:\/\/uj.adatbank.ro\/lexikon\/wp-json\/wp\/v2\/product"}],"about":[{"href":"https:\/\/uj.adatbank.ro\/lexikon\/wp-json\/wp\/v2\/types\/product"}],"replies":[{"embeddable":true,"href":"https:\/\/uj.adatbank.ro\/lexikon\/wp-json\/wp\/v2\/comments?post=8436"}],"wp:attachment":[{"href":"https:\/\/uj.adatbank.ro\/lexikon\/wp-json\/wp\/v2\/media?parent=8436"}],"wp:term":[{"taxonomy":"product_brand","embeddable":true,"href":"https:\/\/uj.adatbank.ro\/lexikon\/wp-json\/wp\/v2\/product_brand?post=8436"},{"taxonomy":"product_cat","embeddable":true,"href":"https:\/\/uj.adatbank.ro\/lexikon\/wp-json\/wp\/v2\/product_cat?post=8436"},{"taxonomy":"product_tag","embeddable":true,"href":"https:\/\/uj.adatbank.ro\/lexikon\/wp-json\/wp\/v2\/product_tag?post=8436"}],"curies":[{"name":"wp","href":"https:\/\/api.w.org\/{rel}","templated":true}]}}

GAÁL Kornélia, § Braun Kornélia; Gál Kornélia

<p>Kovászna, 1938. jan. 26., † Mv., 2000. okt. 14.: tanár, múzeológus. – Elemi iskolát Kovásznán, líc. -ot Sepsiszentgyörgyön végzett (–1954), a kv.-i BTE filológi-történelem szakán szerzett diplomát (1958). A mv.-i Megyei Múzeum munkatársa nyugdíjazásáig (1958–95). Közreműködésével átszervezték a múzeum tevékenységét, létrehozták a Modern – és jelenkori történelmi osztályt, több ezer múzeumi tárgyat kutatott fel és szerzett meg a múzeum részére. Kutatási területe az újkori és jelenkori történelem, a munkásmozgalom története és a helytörténet, a Maros megyei munkásmozgalmak, Mv. és a megye gazdasági fejlődésének története a 19. sz. és a 20. sz. elején. Gyűjtötte és rendezte a mv.-i polgármesternek, Bernády Györgynek, tárgyi és írott emlékeit, Deák Farkas levelezését, megmentette a végleges pusztulástól a Székelyföldi Iparmúzeum gyűjteményét. Kiállította a Bernády-hagyatékot (1993), valamint Mv. legnagyobb és legértékesebb fényképanyagát (1994). Rádió-előadásokat tartott, kiállításokat, előadásokat, szimpóziomokat szervezett: 1989 Decembere, Tudomány és technika; Az egykori Mv.; Dr. Bernády György (1864–1938). Tanulmányai megjelentek a mv.-i múzeum kiadványaiban: Studii şi materiale; Marisia, a V. Z., Új Élet, Művelődés, A Hét, Könyvtár, Vatra, Nú. – <strong>F. m.:</strong> Muzeul de Artă Industrială din Tg. M (Tg. M, 1999); Mv. 1848–1849-es magyar műemlékei = A Maros megyei magyarság történetéből 2. (Mv., 1997), Mv. a XIX. század végén és a XX. század elején = A Maros megyei magyarság történetéből 2. (Mv., 1997), A Székelyföldi Iparmúzeum Mv. -t = Mv. történetéből. (Mv., 1999). <br /><strong>Irod.:</strong> Bernády; In memoriam: G. K. (Marisia, 2000, 26.); Időtár 4; KKACs; Magy kutatók; MMA; Népújság, 2000. okt. 18.; RMIL; RMKK; Todea 2013</br></p>

<p>Kovászna, 1938. jan. 26., † Mv., 2000. okt. 14.: tanár, múzeológus. – Elemi iskolát Kovásznán, líc. -ot Sepsiszentgyörgyön végzett (–1954), a kv.-i BTE filológi-történelem szakán szerzett diplomát (1958). A mv.-i Megyei Múzeum munkatársa nyugdíjazásáig (1958–95). Közreműködésével átszervezték a múzeum tevékenységét, létrehozták a Modern – és jelenkori történelmi osztályt, több ezer múzeumi tárgyat kutatott fel és [&hellip;]</p>
