{"id":8437,"date":"2025-06-29T10:26:04","date_gmt":"2025-06-29T08:26:04","guid":{"rendered":"https:\/\/uj.adatbank.ro\/lexikon\/termek\/gaal-lajos-%c2%a7\/"},"modified":"2025-06-29T10:26:04","modified_gmt":"2025-06-29T08:26:04","slug":"gaal-lajos-%c2%a7","status":"publish","type":"product","link":"https:\/\/uj.adatbank.ro\/lexikon\/termek\/gaal-lajos-%c2%a7\/","title":{"rendered":"GA\u00c1L Lajos, \u00a7"},"content":{"rendered":"<p>Szov\u00e1ta, 1909., \u2020\u00a0? : sz\u00edn\u00e9sz. \u2013 B\u0151ripari szakiskol\u00e1t v\u00e9gzett, Kv.-on a Dermat\u00e1ban dolgozott k\u00f6zben m\u0171kedvel\u0151 sz\u00edn\u00e9sz volt, majd nyugd\u00edjaz\u00e1s\u00e1ig a Kv.-i \u00c1llami M. Sz\u00ednh\u00e1z tagja (1949 \u2013 ). \u2013 <strong>F. sz.:<\/strong> K\u00f6r\u00f6m S\u00e1ndor (Urb\u00e1n Ern\u0151: T\u0171zkereszts\u00e9g); Sug\u00e1r Mih\u00e1ly (Szigeti: A v\u00e9n bakancsos \u00e9s fia a husz\u00e1r); Tan\u00e1s gazda (M\u00f3ricz: \u00dari muri); Brtighella fogad\u00f3s (Goldoni: K\u00e9t \u00far szolg\u00e1ja); Simon b\u00e1n (Katona: B\u00e1nk b\u00e1n); Rend\u0151r (Ters\u00e1nszky: Kakukk Marci); B\u00f6rt\u00f6n\u0151r (Fucik: \u00dczenet az \u00e9l\u0151knek). <br \/><strong>Irod.:<\/strong> A H\u00e9t \u00c9vk. (1982); Katona Szab\u00f3 Istv\u00e1n: Az \u00daj \u00c9let lexikona, 72. (\u00daj \u00c9let, 12. sz. 1973.)<\/br><\/p>\n","protected":false},"excerpt":{"rendered":"<p>Szov\u00e1ta, 1909., \u2020\u00a0? : sz\u00edn\u00e9sz. \u2013 B\u0151ripari szakiskol\u00e1t v\u00e9gzett, Kv.-on a Dermat\u00e1ban dolgozott k\u00f6zben m\u0171kedvel\u0151 sz\u00edn\u00e9sz volt, majd nyugd\u00edjaz\u00e1s\u00e1ig a Kv.-i \u00c1llami M. Sz\u00ednh\u00e1z tagja (1949 \u2013 ). \u2013 F. sz.: K\u00f6r\u00f6m S\u00e1ndor (Urb\u00e1n Ern\u0151: T\u0171zkereszts\u00e9g); Sug\u00e1r Mih\u00e1ly (Szigeti: A v\u00e9n bakancsos \u00e9s fia a husz\u00e1r); Tan\u00e1s gazda (M\u00f3ricz: \u00dari muri); Brtighella fogad\u00f3s (Goldoni: K\u00e9t [&hellip;]<\/p>\n","protected":false},"featured_media":0,"comment_status":"open","ping_status":"closed","template":"","meta":[],"product_brand":[],"product_cat":[137],"product_tag":[],"class_list":{"0":"post-8437","1":"product","2":"type-product","3":"status-publish","5":"product_cat-maros-megyei-eletrajzi-lexikon","7":"first","8":"instock","9":"shipping-taxable","10":"product-type-simple"},"_links":{"self":[{"href":"https:\/\/uj.adatbank.ro\/lexikon\/wp-json\/wp\/v2\/product\/8437","targetHints":{"allow":["GET"]}}],"collection":[{"href":"https:\/\/uj.adatbank.ro\/lexikon\/wp-json\/wp\/v2\/product"}],"about":[{"href":"https:\/\/uj.adatbank.ro\/lexikon\/wp-json\/wp\/v2\/types\/product"}],"replies":[{"embeddable":true,"href":"https:\/\/uj.adatbank.ro\/lexikon\/wp-json\/wp\/v2\/comments?post=8437"}],"wp:attachment":[{"href":"https:\/\/uj.adatbank.ro\/lexikon\/wp-json\/wp\/v2\/media?parent=8437"}],"wp:term":[{"taxonomy":"product_brand","embeddable":true,"href":"https:\/\/uj.adatbank.ro\/lexikon\/wp-json\/wp\/v2\/product_brand?post=8437"},{"taxonomy":"product_cat","embeddable":true,"href":"https:\/\/uj.adatbank.ro\/lexikon\/wp-json\/wp\/v2\/product_cat?post=8437"},{"taxonomy":"product_tag","embeddable":true,"href":"https:\/\/uj.adatbank.ro\/lexikon\/wp-json\/wp\/v2\/product_tag?post=8437"}],"curies":[{"name":"wp","href":"https:\/\/api.w.org\/{rel}","templated":true}]}}

GAÁL Lajos, §

<p>Szováta, 1909., † ? : színész. – Bőripari szakiskolát végzett, Kv.-on a Dermatában dolgozott közben műkedvelő színész volt, majd nyugdíjazásáig a Kv.-i Állami M. Színház tagja (1949 – ). – <strong>F. sz.:</strong> Köröm Sándor (Urbán Ernő: Tűzkeresztség); Sugár Mihály (Szigeti: A vén bakancsos és fia a huszár); Tanás gazda (Móricz: Úri muri); Brtighella fogadós (Goldoni: Két úr szolgája); Simon bán (Katona: Bánk bán); Rendőr (Tersánszky: Kakukk Marci); Börtönőr (Fucik: Üzenet az élőknek). <br /><strong>Irod.:</strong> A Hét Évk. (1982); Katona Szabó István: Az Új Élet lexikona, 72. (Új Élet, 12. sz. 1973.)</br></p>

<p>Szováta, 1909., † ? : színész. – Bőripari szakiskolát végzett, Kv.-on a Dermatában dolgozott közben műkedvelő színész volt, majd nyugdíjazásáig a Kv.-i Állami M. Színház tagja (1949 – ). – F. sz.: Köröm Sándor (Urbán Ernő: Tűzkeresztség); Sugár Mihály (Szigeti: A vén bakancsos és fia a huszár); Tanás gazda (Móricz: Úri muri); Brtighella fogadós (Goldoni: Két [&hellip;]</p>
