{"id":8439,"date":"2025-06-29T10:26:08","date_gmt":"2025-06-29T08:26:08","guid":{"rendered":"https:\/\/uj.adatbank.ro\/lexikon\/termek\/gaal-marton\/"},"modified":"2025-06-29T10:26:08","modified_gmt":"2025-06-29T08:26:08","slug":"gaal-marton","status":"publish","type":"product","link":"https:\/\/uj.adatbank.ro\/lexikon\/termek\/gaal-marton\/","title":{"rendered":"GA\u00c1L M\u00e1rton"},"content":{"rendered":"<p>Backamadaras, 1882., \u2020\u00a0? : tan\u00edt\u00f3. \u2013 K\u00f6z\u00e9piskol\u00e1it Mv.-en \u00e9s Sz\u00e9kelykereszt\u00faron v\u00e9gezte. Tan\u00edt\u00f3i m\u0171k\u00f6d\u00e9s\u00e9t mint levita kezdte. A szil\u00e1gysomly\u00f3i f\u00f6ldm\u0171ves iskol\u00e1ban tan\u00edtott, onnan S\u00e1romberk\u00e9re, majd Mv. -re ker\u00fclt, ahol mint igazgat\u00f3-tan\u00edt\u00f3 m\u0171k\u00f6d\u00f6tt. A ref. egyh\u00e1z gondnoka. <br \/><strong>Irod.:<\/strong> Sz\u00e9kelyf\u00f6ld \u00ed. k.<\/br><\/p>\n","protected":false},"excerpt":{"rendered":"<p>Backamadaras, 1882., \u2020\u00a0? : tan\u00edt\u00f3. \u2013 K\u00f6z\u00e9piskol\u00e1it Mv.-en \u00e9s Sz\u00e9kelykereszt\u00faron v\u00e9gezte. Tan\u00edt\u00f3i m\u0171k\u00f6d\u00e9s\u00e9t mint levita kezdte. A szil\u00e1gysomly\u00f3i f\u00f6ldm\u0171ves iskol\u00e1ban tan\u00edtott, onnan S\u00e1romberk\u00e9re, majd Mv. -re ker\u00fclt, ahol mint igazgat\u00f3-tan\u00edt\u00f3 m\u0171k\u00f6d\u00f6tt. A ref. egyh\u00e1z gondnoka. Irod.: Sz\u00e9kelyf\u00f6ld \u00ed. k.<\/p>\n","protected":false},"featured_media":0,"comment_status":"open","ping_status":"closed","template":"","meta":[],"product_brand":[],"product_cat":[137],"product_tag":[],"class_list":{"0":"post-8439","1":"product","2":"type-product","3":"status-publish","5":"product_cat-maros-megyei-eletrajzi-lexikon","7":"first","8":"instock","9":"shipping-taxable","10":"product-type-simple"},"_links":{"self":[{"href":"https:\/\/uj.adatbank.ro\/lexikon\/wp-json\/wp\/v2\/product\/8439","targetHints":{"allow":["GET"]}}],"collection":[{"href":"https:\/\/uj.adatbank.ro\/lexikon\/wp-json\/wp\/v2\/product"}],"about":[{"href":"https:\/\/uj.adatbank.ro\/lexikon\/wp-json\/wp\/v2\/types\/product"}],"replies":[{"embeddable":true,"href":"https:\/\/uj.adatbank.ro\/lexikon\/wp-json\/wp\/v2\/comments?post=8439"}],"wp:attachment":[{"href":"https:\/\/uj.adatbank.ro\/lexikon\/wp-json\/wp\/v2\/media?parent=8439"}],"wp:term":[{"taxonomy":"product_brand","embeddable":true,"href":"https:\/\/uj.adatbank.ro\/lexikon\/wp-json\/wp\/v2\/product_brand?post=8439"},{"taxonomy":"product_cat","embeddable":true,"href":"https:\/\/uj.adatbank.ro\/lexikon\/wp-json\/wp\/v2\/product_cat?post=8439"},{"taxonomy":"product_tag","embeddable":true,"href":"https:\/\/uj.adatbank.ro\/lexikon\/wp-json\/wp\/v2\/product_tag?post=8439"}],"curies":[{"name":"wp","href":"https:\/\/api.w.org\/{rel}","templated":true}]}}