{"id":8440,"date":"2025-06-29T10:26:09","date_gmt":"2025-06-29T08:26:09","guid":{"rendered":"https:\/\/uj.adatbank.ro\/lexikon\/termek\/gaal-mihaly-gal-mihaly\/"},"modified":"2025-06-29T10:26:09","modified_gmt":"2025-06-29T08:26:09","slug":"gaal-mihaly-gal-mihaly","status":"publish","type":"product","link":"https:\/\/uj.adatbank.ro\/lexikon\/termek\/gaal-mihaly-gal-mihaly\/","title":{"rendered":"GA\u00c1L Mih\u00e1ly, G\u00e1l Mih\u00e1ly"},"content":{"rendered":"<p>\u00c1kosfalva, 1791. febr. 28., \u2020 Pest, 1866. \u00e1pr. 27.: sz\u00edn\u00e9sz, \u00edr\u00f3, s\u00fag\u00f3. \u2013 Iskol\u00e1it a mv.-i Ref. Koll.-ban v\u00e9gezte. Szin\u00e9sz lett (1814\u2013), Nagyk\u00e1rolyban Balogh Istv\u00e1n t\u00e1rsulat\u00e1n\u00e1l kezdte p\u00e1ly\u00e1j\u00e1t (1814\u2013), ahol Nagy M\u00f3zessel koll\u00e9giumi oszt\u00e1lyt\u00e1rs\u00e1val egy\u00fctt el\u0151bb f\u00fcgg\u00f6nyh\u00faz\u00f3, majd s\u00fag\u00f3 volt. R\u00e9szt vett a pozsonyi ogy. idej\u00e9n rendezett el\u0151ad\u00e1sokon (1825), kisebb v\u00e1ndort\u00e1rsulatokban negyvenh\u00e9t \u00e9vig j\u00e1tszott, utols\u00f3 \u00e9veiben B\u00e1nffy Mikl\u00f3s \u00e9s Radn\u00f3tf\u00e1y S\u00e1ndor seg\u00e9lyezt\u00e9k. Epiz\u00f3dszerepeket alak\u00edtott, kellemes tenorhangja volt, zen\u00e9s darabokban is sz\u00edvesen foglalkoztatt\u00e1k. \u2013 <strong>F. sz.:<\/strong> K\u00e1lm\u00e1n (Soden-Dugonics Andr\u00e1s: B\u00e1tori M\u00e1ria); Ront\u00f3 pr\u00f3k\u00e1tor (Schneider: Ki-ki saj\u00e1t h\u00e1za el\u0151tt seperjen); Bikfa (Hensler-Perinet: A pr\u00e1gai k\u00e9t n\u00e9ne). \u2013 <strong>F. m.:<\/strong> Napl\u00f3. (Kiad. Balog Istv\u00e1n; Pest, 1858). <br \/><strong>Irod.:<\/strong> Guly\u00e1s; MSZL; Rugonfalvi Kiss; Sch\u00f6pflin; \u00daM\u00c9L<\/br><\/p>\n","protected":false},"excerpt":{"rendered":"<p>\u00c1kosfalva, 1791. febr. 28., \u2020 Pest, 1866. \u00e1pr. 27.: sz\u00edn\u00e9sz, \u00edr\u00f3, s\u00fag\u00f3. \u2013 Iskol\u00e1it a mv.-i Ref. Koll.-ban v\u00e9gezte. Szin\u00e9sz lett (1814\u2013), Nagyk\u00e1rolyban Balogh Istv\u00e1n t\u00e1rsulat\u00e1n\u00e1l kezdte p\u00e1ly\u00e1j\u00e1t (1814\u2013), ahol Nagy M\u00f3zessel koll\u00e9giumi oszt\u00e1lyt\u00e1rs\u00e1val egy\u00fctt el\u0151bb f\u00fcgg\u00f6nyh\u00faz\u00f3, majd s\u00fag\u00f3 volt. R\u00e9szt vett a pozsonyi ogy. idej\u00e9n rendezett el\u0151ad\u00e1sokon (1825), kisebb v\u00e1ndort\u00e1rsulatokban negyvenh\u00e9t \u00e9vig j\u00e1tszott, utols\u00f3 [&hellip;]<\/p>\n","protected":false},"featured_media":0,"comment_status":"open","ping_status":"closed","template":"","meta":[],"product_brand":[],"product_cat":[137],"product_tag":[],"class_list":{"0":"post-8440","1":"product","2":"type-product","3":"status-publish","5":"product_cat-maros-megyei-eletrajzi-lexikon","7":"first","8":"instock","9":"shipping-taxable","10":"product-type-simple"},"_links":{"self":[{"href":"https:\/\/uj.adatbank.ro\/lexikon\/wp-json\/wp\/v2\/product\/8440","targetHints":{"allow":["GET"]}}],"collection":[{"href":"https:\/\/uj.adatbank.ro\/lexikon\/wp-json\/wp\/v2\/product"}],"about":[{"href":"https:\/\/uj.adatbank.ro\/lexikon\/wp-json\/wp\/v2\/types\/product"}],"replies":[{"embeddable":true,"href":"https:\/\/uj.adatbank.ro\/lexikon\/wp-json\/wp\/v2\/comments?post=8440"}],"wp:attachment":[{"href":"https:\/\/uj.adatbank.ro\/lexikon\/wp-json\/wp\/v2\/media?parent=8440"}],"wp:term":[{"taxonomy":"product_brand","embeddable":true,"href":"https:\/\/uj.adatbank.ro\/lexikon\/wp-json\/wp\/v2\/product_brand?post=8440"},{"taxonomy":"product_cat","embeddable":true,"href":"https:\/\/uj.adatbank.ro\/lexikon\/wp-json\/wp\/v2\/product_cat?post=8440"},{"taxonomy":"product_tag","embeddable":true,"href":"https:\/\/uj.adatbank.ro\/lexikon\/wp-json\/wp\/v2\/product_tag?post=8440"}],"curies":[{"name":"wp","href":"https:\/\/api.w.org\/{rel}","templated":true}]}}

GAÁL Mihály, Gál Mihály

<p>Ákosfalva, 1791. febr. 28., † Pest, 1866. ápr. 27.: színész, író, súgó. – Iskoláit a mv.-i Ref. Koll.-ban végezte. Szinész lett (1814–), Nagykárolyban Balogh István társulatánál kezdte pályáját (1814–), ahol Nagy Mózessel kollégiumi osztálytársával együtt előbb függönyhúzó, majd súgó volt. Részt vett a pozsonyi ogy. idején rendezett előadásokon (1825), kisebb vándortársulatokban negyvenhét évig játszott, utolsó éveiben Bánffy Miklós és Radnótfáy Sándor segélyezték. Epizódszerepeket alakított, kellemes tenorhangja volt, zenés darabokban is szívesen foglalkoztatták. – <strong>F. sz.:</strong> Kálmán (Soden-Dugonics András: Bátori Mária); Rontó prókátor (Schneider: Ki-ki saját háza előtt seperjen); Bikfa (Hensler-Perinet: A prágai két néne). – <strong>F. m.:</strong> Napló. (Kiad. Balog István; Pest, 1858). <br /><strong>Irod.:</strong> Gulyás; MSZL; Rugonfalvi Kiss; Schöpflin; ÚMÉL</br></p>

<p>Ákosfalva, 1791. febr. 28., † Pest, 1866. ápr. 27.: színész, író, súgó. – Iskoláit a mv.-i Ref. Koll.-ban végezte. Szinész lett (1814–), Nagykárolyban Balogh István társulatánál kezdte pályáját (1814–), ahol Nagy Mózessel kollégiumi osztálytársával együtt előbb függönyhúzó, majd súgó volt. Részt vett a pozsonyi ogy. idején rendezett előadásokon (1825), kisebb vándortársulatokban negyvenhét évig játszott, utolsó [&hellip;]</p>
