{"id":8443,"date":"2025-06-29T10:26:14","date_gmt":"2025-06-29T08:26:14","guid":{"rendered":"https:\/\/uj.adatbank.ro\/lexikon\/termek\/gaal-piri-horvath-laszlone\/"},"modified":"2025-06-29T10:26:14","modified_gmt":"2025-06-29T08:26:14","slug":"gaal-piri-horvath-laszlone","status":"publish","type":"product","link":"https:\/\/uj.adatbank.ro\/lexikon\/termek\/gaal-piri-horvath-laszlone\/","title":{"rendered":"GA\u00c1L Piri, Horv\u00e1th L\u00e1szl\u00f3n\u00e9"},"content":{"rendered":"<p>Kv., 1906. m\u00e1rc. 7., \u2020 Mv., 1936. v 37 febr. 25.: sz\u00edn\u00e9szn\u0151. \u2013 Izs\u00f3 Mikl\u00f3s sz\u00edniiskol\u00e1j\u00e1t v\u00e9gezte Kv.-on, p\u00e1ly\u00e1j\u00e1t Feh\u00e9r Imre t\u00e1rsulat\u00e1n\u00e1l kezdte. Fell\u00e9pett sz\u00e1mos erd\u00e9lyi v\u00e1rosban: Nagyszebenben, Kv.-on, Nagyv\u00e1radon, Szatm\u00e1rn\u00e9metiben, Brass\u00f3ban, Aradon, Mv.-en Kov\u00e1cs Imre t\u00e1rsulat\u00e1val (1923\u201324); Dics\u0151szentm\u00e1rtonban G\u00e1sp\u00e1r Jen\u0151 t\u00e1rsulat\u00e1val (1925\u201326). Mv.-en \u00f6ngyilkos lett. \u2013 <strong>F. sz.:<\/strong> Zsuzsi (\u00c1brah\u00e1m P\u00e1l: Az utols\u00f3 Vereb\u00e9ly l\u00e1ny); Palmira (Moln\u00e1r Ferenc: A v\u00f6r\u00f6s malom); Paquita (Achaume: Finom kis lak\u00e1s); R\u00f3za (Nichols: \u00c1bris r\u00f3zs\u00e1ja); St\u00e1zi (K\u00e1lm\u00e1n Imre: Cs\u00e1rd\u00e1skir\u00e1lyn\u0151); Irma (Szigeti J\u00f3zsef: Rang \u00e9s m\u00f3d); M\u00e1rta (Fodor L\u00e1szl\u00f3: Cs\u00f3k a t\u00fck\u00f6r el\u0151tt); Camilla (Walter: Fenevad); Lilil (Szenes B\u00e9la \u2013 N\u00f3ti K\u00e1roly: H\u00e1zibar\u00e1t); Stella (Crommelynck: Csodaszarvas); Dorina Moliere: Tartuffe); Elza (Moln\u00e1r Ferenc: Az \u00f6rd\u00f6g); T\u00f3th Mari (Miksz\u00e1th-Hars\u00e1nyi: A Noszthy fi\u00fa esete T\u00f3th Marival); c\u00edmszerep (Dumas: Kameli\u00e1s h\u00f6lgy). <br \/><strong>Irod.:<\/strong> Enyedi; K\u00f6t\u0151<\/br><\/p>\n","protected":false},"excerpt":{"rendered":"<p>Kv., 1906. m\u00e1rc. 7., \u2020 Mv., 1936. v 37 febr. 25.: sz\u00edn\u00e9szn\u0151. \u2013 Izs\u00f3 Mikl\u00f3s sz\u00edniiskol\u00e1j\u00e1t v\u00e9gezte Kv.-on, p\u00e1ly\u00e1j\u00e1t Feh\u00e9r Imre t\u00e1rsulat\u00e1n\u00e1l kezdte. Fell\u00e9pett sz\u00e1mos erd\u00e9lyi v\u00e1rosban: Nagyszebenben, Kv.-on, Nagyv\u00e1radon, Szatm\u00e1rn\u00e9metiben, Brass\u00f3ban, Aradon, Mv.-en Kov\u00e1cs Imre t\u00e1rsulat\u00e1val (1923\u201324); Dics\u0151szentm\u00e1rtonban G\u00e1sp\u00e1r Jen\u0151 t\u00e1rsulat\u00e1val (1925\u201326). Mv.-en \u00f6ngyilkos lett. \u2013 F. sz.: Zsuzsi (\u00c1brah\u00e1m P\u00e1l: Az utols\u00f3 Vereb\u00e9ly [&hellip;]<\/p>\n","protected":false},"featured_media":0,"comment_status":"open","ping_status":"closed","template":"","meta":[],"product_brand":[],"product_cat":[137],"product_tag":[],"class_list":{"0":"post-8443","1":"product","2":"type-product","3":"status-publish","5":"product_cat-maros-megyei-eletrajzi-lexikon","7":"first","8":"instock","9":"shipping-taxable","10":"product-type-simple"},"_links":{"self":[{"href":"https:\/\/uj.adatbank.ro\/lexikon\/wp-json\/wp\/v2\/product\/8443","targetHints":{"allow":["GET"]}}],"collection":[{"href":"https:\/\/uj.adatbank.ro\/lexikon\/wp-json\/wp\/v2\/product"}],"about":[{"href":"https:\/\/uj.adatbank.ro\/lexikon\/wp-json\/wp\/v2\/types\/product"}],"replies":[{"embeddable":true,"href":"https:\/\/uj.adatbank.ro\/lexikon\/wp-json\/wp\/v2\/comments?post=8443"}],"wp:attachment":[{"href":"https:\/\/uj.adatbank.ro\/lexikon\/wp-json\/wp\/v2\/media?parent=8443"}],"wp:term":[{"taxonomy":"product_brand","embeddable":true,"href":"https:\/\/uj.adatbank.ro\/lexikon\/wp-json\/wp\/v2\/product_brand?post=8443"},{"taxonomy":"product_cat","embeddable":true,"href":"https:\/\/uj.adatbank.ro\/lexikon\/wp-json\/wp\/v2\/product_cat?post=8443"},{"taxonomy":"product_tag","embeddable":true,"href":"https:\/\/uj.adatbank.ro\/lexikon\/wp-json\/wp\/v2\/product_tag?post=8443"}],"curies":[{"name":"wp","href":"https:\/\/api.w.org\/{rel}","templated":true}]}}