{"id":8445,"date":"2025-06-29T10:26:18","date_gmt":"2025-06-29T08:26:18","guid":{"rendered":"https:\/\/uj.adatbank.ro\/lexikon\/termek\/gaal-sandor-2\/"},"modified":"2025-06-29T10:26:18","modified_gmt":"2025-06-29T08:26:18","slug":"gaal-sandor-2","status":"publish","type":"product","link":"https:\/\/uj.adatbank.ro\/lexikon\/termek\/gaal-sandor-2\/","title":{"rendered":"GA\u00c1L S\u00e1ndor"},"content":{"rendered":"<p>Havadt\u0151, 1949. \u00e1pr. 24., \u2020\u00a02004. dec. 24.: tan\u00e1r. \u2013 Mv.-en v\u00e9gzett a Tan\u00e1rk\u00e9pz\u0151 F\u0151iskola fizika-k\u00e9mia szakon. A k\u00f6z\u00f6ss\u00e9g\u00e9rt v\u00e9gzett munka domin\u00e1lt \u00e9let\u00e9ben, Kommand\u00f3n kezdte tan\u00e1ri tev\u00e9kenys\u00e9g\u00e9t iskola\u00e9p\u00edt\u00e9ssel. Folytatta iparik\u00e9mia szakon Kv.-on a Babe\u0219-Bolyai TE. -n. tanulm\u00e1nyait. A Pro Naturamozgalom megalap\u00edt\u00e1s\u00e1nak r\u00e9szese. Eln\u00f6ke, majd tiszteletbeli eln\u00f6ke, a seg\u00edts\u00e9g\u00e9vel megind\u00edtott \u00e9s bejegyzett rom\u00e1niai M. cserk\u00e9szsz\u00f6vets\u00e9gnek (1990\u2013) \u00e9sa M. Cserk\u00e9szsz\u00f6vets\u00e9g F\u00f3rum\u00e1nak is aleln\u00f6ke. A M. Korm\u00e1ny az \u00c1rp\u00e1d Fejedelem-d\u00edjjal jutalmazta. <br \/><strong>Irod.:<\/strong> Nemes \u2013 Cserk\u00e9sz<\/br><\/p>\n","protected":false},"excerpt":{"rendered":"<p>Havadt\u0151, 1949. \u00e1pr. 24., \u2020\u00a02004. dec. 24.: tan\u00e1r. \u2013 Mv.-en v\u00e9gzett a Tan\u00e1rk\u00e9pz\u0151 F\u0151iskola fizika-k\u00e9mia szakon. A k\u00f6z\u00f6ss\u00e9g\u00e9rt v\u00e9gzett munka domin\u00e1lt \u00e9let\u00e9ben, Kommand\u00f3n kezdte tan\u00e1ri tev\u00e9kenys\u00e9g\u00e9t iskola\u00e9p\u00edt\u00e9ssel. Folytatta iparik\u00e9mia szakon Kv.-on a Babe\u0219-Bolyai TE. -n. tanulm\u00e1nyait. A Pro Naturamozgalom megalap\u00edt\u00e1s\u00e1nak r\u00e9szese. Eln\u00f6ke, majd tiszteletbeli eln\u00f6ke, a seg\u00edts\u00e9g\u00e9vel megind\u00edtott \u00e9s bejegyzett rom\u00e1niai M. cserk\u00e9szsz\u00f6vets\u00e9gnek (1990\u2013) \u00e9sa [&hellip;]<\/p>\n","protected":false},"featured_media":0,"comment_status":"open","ping_status":"closed","template":"","meta":[],"product_brand":[],"product_cat":[137],"product_tag":[],"class_list":{"0":"post-8445","1":"product","2":"type-product","3":"status-publish","5":"product_cat-maros-megyei-eletrajzi-lexikon","7":"first","8":"instock","9":"shipping-taxable","10":"product-type-simple"},"_links":{"self":[{"href":"https:\/\/uj.adatbank.ro\/lexikon\/wp-json\/wp\/v2\/product\/8445","targetHints":{"allow":["GET"]}}],"collection":[{"href":"https:\/\/uj.adatbank.ro\/lexikon\/wp-json\/wp\/v2\/product"}],"about":[{"href":"https:\/\/uj.adatbank.ro\/lexikon\/wp-json\/wp\/v2\/types\/product"}],"replies":[{"embeddable":true,"href":"https:\/\/uj.adatbank.ro\/lexikon\/wp-json\/wp\/v2\/comments?post=8445"}],"wp:attachment":[{"href":"https:\/\/uj.adatbank.ro\/lexikon\/wp-json\/wp\/v2\/media?parent=8445"}],"wp:term":[{"taxonomy":"product_brand","embeddable":true,"href":"https:\/\/uj.adatbank.ro\/lexikon\/wp-json\/wp\/v2\/product_brand?post=8445"},{"taxonomy":"product_cat","embeddable":true,"href":"https:\/\/uj.adatbank.ro\/lexikon\/wp-json\/wp\/v2\/product_cat?post=8445"},{"taxonomy":"product_tag","embeddable":true,"href":"https:\/\/uj.adatbank.ro\/lexikon\/wp-json\/wp\/v2\/product_tag?post=8445"}],"curies":[{"name":"wp","href":"https:\/\/api.w.org\/{rel}","templated":true}]}}

GAÁL Sándor

<p>Havadtő, 1949. ápr. 24., † 2004. dec. 24.: tanár. – Mv.-en végzett a Tanárképző Főiskola fizika-kémia szakon. A közösségért végzett munka dominált életében, Kommandón kezdte tanári tevékenységét iskolaépítéssel. Folytatta iparikémia szakon Kv.-on a Babeș-Bolyai TE. -n. tanulmányait. A Pro Naturamozgalom megalapításának részese. Elnöke, majd tiszteletbeli elnöke, a segítségével megindított és bejegyzett romániai M. cserkészszövetségnek (1990–) ésa M. Cserkészszövetség Fórumának is alelnöke. A M. Kormány az Árpád Fejedelem-díjjal jutalmazta. <br /><strong>Irod.:</strong> Nemes – Cserkész</br></p>

<p>Havadtő, 1949. ápr. 24., † 2004. dec. 24.: tanár. – Mv.-en végzett a Tanárképző Főiskola fizika-kémia szakon. A közösségért végzett munka dominált életében, Kommandón kezdte tanári tevékenységét iskolaépítéssel. Folytatta iparikémia szakon Kv.-on a Babeș-Bolyai TE. -n. tanulmányait. A Pro Naturamozgalom megalapításának részese. Elnöke, majd tiszteletbeli elnöke, a segítségével megindított és bejegyzett romániai M. cserkészszövetségnek (1990–) ésa [&hellip;]</p>
