{"id":8457,"date":"2025-06-29T10:26:38","date_gmt":"2025-06-29T08:26:38","guid":{"rendered":"https:\/\/uj.adatbank.ro\/lexikon\/termek\/gabor-istvan-alnevei-bory-istvan-korosi-istvan-estebano-roberto\/"},"modified":"2025-06-29T10:26:38","modified_gmt":"2025-06-29T08:26:38","slug":"gabor-istvan-alnevei-bory-istvan-korosi-istvan-estebano-roberto","status":"publish","type":"product","link":"https:\/\/uj.adatbank.ro\/lexikon\/termek\/gabor-istvan-alnevei-bory-istvan-korosi-istvan-estebano-roberto\/","title":{"rendered":"G\u00c1BOR Istv\u00e1n, \u00c1lnevei: Bory Istv\u00e1n, K\u00f6r\u00f6si Istv\u00e1n, Estebano Roberto"},"content":{"rendered":"<p>Nagyv\u00e1rad, 1908. szept. 9., \u2020\u00a0Nordhausen (N\u00e9meto.), 1944. nov. 27.: \u00fajs\u00e1g\u00edr\u00f3, \u00edr\u00f3. \u2013 Nagyv\u00e1radon \u00e9retts\u00e9gizett, Franciao.-ban \u00e9s Belgiumban \u00e9lt (1928\u2013), ahol \u00fajs\u00e1g\u00edr\u00e1st tanult, s alkalmi munk\u00e1kat v\u00e1llalt. Visszat\u00e9r\u00e9se ut\u00e1n, a Nagyv\u00e1radi Napl\u00f3 munkat\u00e1rsa (1930\u2013) \u00e9s a nagyv\u00e1radi Szabad Sz\u00f3 c. lap szerk. Turnowsky S\u00e1ndorral egy\u00fctt kezdem\u00e9nyezte a Sallai Imre \u00e9s F\u00fcrst S\u00e1ndor hal\u00e1lra \u00edt\u00e9l\u00e9se ellen tiltakoz\u00f3 Manifestum kiad\u00e1s\u00e1t (1932). A h\u00e1rom sz\u00e1mot meg\u00e9rt Erd\u00e9ly \u00edr c. antifasisztaszemle alap\u00edt\u00f3 szerk. (1933). A Brass\u00f3i Lapok munkat\u00e1rsa (1930-as \u00e9vek elej\u00e9t\u0151l), az irod. mell\u00e9klet\u00e9nek szerk. (1937\u2013). Egy a rom\u00e1n hat\u00f3s\u00e1gok \u00e1ltal ellene kezdem\u00e9nyezett sajt\u00f3per el\u0151l Mv. -re menek\u00fclt (1940 \u0151sz\u00e9n). Kv.-on \u00e9lt (1942\u2013). A bp.-i Kelet N\u00e9pe \u00e9s M. Nemzet c. lapokban a Kolozsv\u00e1ri Estilapban \u00e1ln\u00e9ven jelentek meg \u00edr\u00e1sai, k\u00f6z\u00f6lt a Korunk-ban is. R\u00e9szt vett a KMP ut\u00f3dp\u00e1rtja, a B\u00e9kep\u00e1rt tev\u00e9kenys\u00e9g\u00e9ben (1944). Mo. n\u00e9met megsz\u00e1ll\u00e1sa (1944. m\u00e1rc. 19.) ut\u00e1n Auschwitzba deport\u00e1lt\u00e1k, onnan a nordhauseni koncentr\u00e1ci\u00f3s t\u00e1borba hurcolt\u00e1k, ahol meg\u00f6lt\u00e9k. \u2013 <strong>F. m.:<\/strong> A \u201eFekete Macska&#8221; sz\u00e1lloda (reg.; Brass\u00f3, 1935); \u00c9g\u0151 Spanyolorsz\u00e1g. Estebano Roberto \u00e1ln\u00e9ven (bros\u00fara; Nagyv\u00e1rad, 1938). <br \/><strong>Irod.:<\/strong> \u00daM\u00c9L<\/br><\/p>\n","protected":false},"excerpt":{"rendered":"<p>Nagyv\u00e1rad, 1908. szept. 9., \u2020\u00a0Nordhausen (N\u00e9meto.), 1944. nov. 27.: \u00fajs\u00e1g\u00edr\u00f3, \u00edr\u00f3. \u2013 Nagyv\u00e1radon \u00e9retts\u00e9gizett, Franciao.-ban \u00e9s Belgiumban \u00e9lt (1928\u2013), ahol \u00fajs\u00e1g\u00edr\u00e1st tanult, s alkalmi munk\u00e1kat v\u00e1llalt. Visszat\u00e9r\u00e9se ut\u00e1n, a Nagyv\u00e1radi Napl\u00f3 munkat\u00e1rsa (1930\u2013) \u00e9s a nagyv\u00e1radi Szabad Sz\u00f3 c. lap szerk. Turnowsky S\u00e1ndorral egy\u00fctt kezdem\u00e9nyezte a Sallai Imre \u00e9s F\u00fcrst S\u00e1ndor hal\u00e1lra \u00edt\u00e9l\u00e9se ellen tiltakoz\u00f3 [&hellip;]<\/p>\n","protected":false},"featured_media":0,"comment_status":"open","ping_status":"closed","template":"","meta":[],"product_brand":[],"product_cat":[137],"product_tag":[],"class_list":{"0":"post-8457","1":"product","2":"type-product","3":"status-publish","5":"product_cat-maros-megyei-eletrajzi-lexikon","7":"first","8":"instock","9":"shipping-taxable","10":"product-type-simple"},"_links":{"self":[{"href":"https:\/\/uj.adatbank.ro\/lexikon\/wp-json\/wp\/v2\/product\/8457","targetHints":{"allow":["GET"]}}],"collection":[{"href":"https:\/\/uj.adatbank.ro\/lexikon\/wp-json\/wp\/v2\/product"}],"about":[{"href":"https:\/\/uj.adatbank.ro\/lexikon\/wp-json\/wp\/v2\/types\/product"}],"replies":[{"embeddable":true,"href":"https:\/\/uj.adatbank.ro\/lexikon\/wp-json\/wp\/v2\/comments?post=8457"}],"wp:attachment":[{"href":"https:\/\/uj.adatbank.ro\/lexikon\/wp-json\/wp\/v2\/media?parent=8457"}],"wp:term":[{"taxonomy":"product_brand","embeddable":true,"href":"https:\/\/uj.adatbank.ro\/lexikon\/wp-json\/wp\/v2\/product_brand?post=8457"},{"taxonomy":"product_cat","embeddable":true,"href":"https:\/\/uj.adatbank.ro\/lexikon\/wp-json\/wp\/v2\/product_cat?post=8457"},{"taxonomy":"product_tag","embeddable":true,"href":"https:\/\/uj.adatbank.ro\/lexikon\/wp-json\/wp\/v2\/product_tag?post=8457"}],"curies":[{"name":"wp","href":"https:\/\/api.w.org\/{rel}","templated":true}]}}

GÁBOR István, Álnevei: Bory István, Körösi István, Estebano Roberto

<p>Nagyvárad, 1908. szept. 9., † Nordhausen (Németo.), 1944. nov. 27.: újságíró, író. – Nagyváradon érettségizett, Franciao.-ban és Belgiumban élt (1928–), ahol újságírást tanult, s alkalmi munkákat vállalt. Visszatérése után, a Nagyváradi Napló munkatársa (1930–) és a nagyváradi Szabad Szó c. lap szerk. Turnowsky Sándorral együtt kezdeményezte a Sallai Imre és Fürst Sándor halálra ítélése ellen tiltakozó Manifestum kiadását (1932). A három számot megért Erdély ír c. antifasisztaszemle alapító szerk. (1933). A Brassói Lapok munkatársa (1930-as évek elejétől), az irod. mellékletének szerk. (1937–). Egy a román hatóságok által ellene kezdeményezett sajtóper elől Mv. -re menekült (1940 őszén). Kv.-on élt (1942–). A bp.-i Kelet Népe és M. Nemzet c. lapokban a Kolozsvári Estilapban álnéven jelentek meg írásai, közölt a Korunk-ban is. Részt vett a KMP utódpártja, a Békepárt tevékenységében (1944). Mo. német megszállása (1944. márc. 19.) után Auschwitzba deportálták, onnan a nordhauseni koncentrációs táborba hurcolták, ahol megölték. – <strong>F. m.:</strong> A „Fekete Macska&#8221; szálloda (reg.; Brassó, 1935); Égő Spanyolország. Estebano Roberto álnéven (brosúra; Nagyvárad, 1938). <br /><strong>Irod.:</strong> ÚMÉL</br></p>

<p>Nagyvárad, 1908. szept. 9., † Nordhausen (Németo.), 1944. nov. 27.: újságíró, író. – Nagyváradon érettségizett, Franciao.-ban és Belgiumban élt (1928–), ahol újságírást tanult, s alkalmi munkákat vállalt. Visszatérése után, a Nagyváradi Napló munkatársa (1930–) és a nagyváradi Szabad Szó c. lap szerk. Turnowsky Sándorral együtt kezdeményezte a Sallai Imre és Fürst Sándor halálra ítélése ellen tiltakozó [&hellip;]</p>
