{"id":8458,"date":"2025-06-29T10:26:40","date_gmt":"2025-06-29T08:26:40","guid":{"rendered":"https:\/\/uj.adatbank.ro\/lexikon\/termek\/gabor-janos\/"},"modified":"2025-06-29T10:26:40","modified_gmt":"2025-06-29T08:26:40","slug":"gabor-janos","status":"publish","type":"product","link":"https:\/\/uj.adatbank.ro\/lexikon\/termek\/gabor-janos\/","title":{"rendered":"G\u00c1BOR J\u00e1nos"},"content":{"rendered":"<p>Tusn\u00e1d, 1803. j\u00fan. 6., \u2020\u00a0Tusn\u00e1d, 1873. okt. 13.: r. k. pap. \u2013 Papp\u00e1 szentelt\u00e9k (1827. szept. 10.). K\u00e1pl\u00e1n Sz\u00e9kelyudvarhelyen. Tan\u00e1r Mv.-en (1828), k\u00e1pl\u00e1n Kv.-on (1829). Pl\u00e9b\u00e1nos Szentegyh\u00e1zasfaluban (1833\u201336), Altorj\u00e1n, V\u00edzakn\u00e1n. Teol\u00f3giai tan\u00e1r Gyulafeh\u00e9rv\u00e1ron (1848), majd fogoly Kv.-on. K\u00e1pl\u00e1n Kv.-on (1850), gimn.-i igazgat\u00f3 Sz\u00e9kelyudvarhelyen. Pl\u00e9b\u00e1nos Kaj\u00e1nt\u00f3n, Kerel\u0151szentp\u00e1lon (1855\u201360). Teol\u00f3giai tan\u00e1r Gyulafeh\u00e9rv\u00e1ron, szentsz\u00e9ki \u00fcln\u00f6k nyugd\u00edjba vonul\u00e1s\u00e1ig (1863\u201367). <br \/><strong>Irod.:<\/strong> Ferenczi S\u00e1ndor 2009<\/br><\/p>\n","protected":false},"excerpt":{"rendered":"<p>Tusn\u00e1d, 1803. j\u00fan. 6., \u2020\u00a0Tusn\u00e1d, 1873. okt. 13.: r. k. pap. \u2013 Papp\u00e1 szentelt\u00e9k (1827. szept. 10.). K\u00e1pl\u00e1n Sz\u00e9kelyudvarhelyen. Tan\u00e1r Mv.-en (1828), k\u00e1pl\u00e1n Kv.-on (1829). Pl\u00e9b\u00e1nos Szentegyh\u00e1zasfaluban (1833\u201336), Altorj\u00e1n, V\u00edzakn\u00e1n. Teol\u00f3giai tan\u00e1r Gyulafeh\u00e9rv\u00e1ron (1848), majd fogoly Kv.-on. K\u00e1pl\u00e1n Kv.-on (1850), gimn.-i igazgat\u00f3 Sz\u00e9kelyudvarhelyen. Pl\u00e9b\u00e1nos Kaj\u00e1nt\u00f3n, Kerel\u0151szentp\u00e1lon (1855\u201360). Teol\u00f3giai tan\u00e1r Gyulafeh\u00e9rv\u00e1ron, szentsz\u00e9ki \u00fcln\u00f6k nyugd\u00edjba vonul\u00e1s\u00e1ig (1863\u201367). [&hellip;]<\/p>\n","protected":false},"featured_media":0,"comment_status":"open","ping_status":"closed","template":"","meta":[],"product_brand":[],"product_cat":[137],"product_tag":[],"class_list":{"0":"post-8458","1":"product","2":"type-product","3":"status-publish","5":"product_cat-maros-megyei-eletrajzi-lexikon","7":"first","8":"instock","9":"shipping-taxable","10":"product-type-simple"},"_links":{"self":[{"href":"https:\/\/uj.adatbank.ro\/lexikon\/wp-json\/wp\/v2\/product\/8458","targetHints":{"allow":["GET"]}}],"collection":[{"href":"https:\/\/uj.adatbank.ro\/lexikon\/wp-json\/wp\/v2\/product"}],"about":[{"href":"https:\/\/uj.adatbank.ro\/lexikon\/wp-json\/wp\/v2\/types\/product"}],"replies":[{"embeddable":true,"href":"https:\/\/uj.adatbank.ro\/lexikon\/wp-json\/wp\/v2\/comments?post=8458"}],"wp:attachment":[{"href":"https:\/\/uj.adatbank.ro\/lexikon\/wp-json\/wp\/v2\/media?parent=8458"}],"wp:term":[{"taxonomy":"product_brand","embeddable":true,"href":"https:\/\/uj.adatbank.ro\/lexikon\/wp-json\/wp\/v2\/product_brand?post=8458"},{"taxonomy":"product_cat","embeddable":true,"href":"https:\/\/uj.adatbank.ro\/lexikon\/wp-json\/wp\/v2\/product_cat?post=8458"},{"taxonomy":"product_tag","embeddable":true,"href":"https:\/\/uj.adatbank.ro\/lexikon\/wp-json\/wp\/v2\/product_tag?post=8458"}],"curies":[{"name":"wp","href":"https:\/\/api.w.org\/{rel}","templated":true}]}}

GÁBOR János

<p>Tusnád, 1803. jún. 6., † Tusnád, 1873. okt. 13.: r. k. pap. – Pappá szentelték (1827. szept. 10.). Káplán Székelyudvarhelyen. Tanár Mv.-en (1828), káplán Kv.-on (1829). Plébános Szentegyházasfaluban (1833–36), Altorján, Vízaknán. Teológiai tanár Gyulafehérváron (1848), majd fogoly Kv.-on. Káplán Kv.-on (1850), gimn.-i igazgató Székelyudvarhelyen. Plébános Kajántón, Kerelőszentpálon (1855–60). Teológiai tanár Gyulafehérváron, szentszéki ülnök nyugdíjba vonulásáig (1863–67). <br /><strong>Irod.:</strong> Ferenczi Sándor 2009</br></p>

<p>Tusnád, 1803. jún. 6., † Tusnád, 1873. okt. 13.: r. k. pap. – Pappá szentelték (1827. szept. 10.). Káplán Székelyudvarhelyen. Tanár Mv.-en (1828), káplán Kv.-on (1829). Plébános Szentegyházasfaluban (1833–36), Altorján, Vízaknán. Teológiai tanár Gyulafehérváron (1848), majd fogoly Kv.-on. Káplán Kv.-on (1850), gimn.-i igazgató Székelyudvarhelyen. Plébános Kajántón, Kerelőszentpálon (1855–60). Teológiai tanár Gyulafehérváron, szentszéki ülnök nyugdíjba vonulásáig (1863–67). [&hellip;]</p>
