{"id":8459,"date":"2025-06-29T10:26:44","date_gmt":"2025-06-29T08:26:44","guid":{"rendered":"https:\/\/uj.adatbank.ro\/lexikon\/termek\/gabor-jozsef\/"},"modified":"2025-06-29T10:26:44","modified_gmt":"2025-06-29T08:26:44","slug":"gabor-jozsef","status":"publish","type":"product","link":"https:\/\/uj.adatbank.ro\/lexikon\/termek\/gabor-jozsef\/","title":{"rendered":"G\u00c1BOR J\u00f3zsef"},"content":{"rendered":"<p>P\u00f3kakereszt\u00far, 1883., \u2020\u00a0?: tan\u00edt\u00f3. \u2013 Tanulm\u00e1nyait Mv.-en \u00e9s Nagyenyeden v\u00e9gezte, oklevele elnyer\u00e9se ut\u00e1n Bicsk\u00e9n \u00e9s Pakson tan\u00edtott. P\u00f3kakereszt\u00farra ker\u00fclt majd V\u00e1rhegyen tan\u00edtott (1918\u20131935). Nyugd\u00edjaz\u00e1sa ut\u00e1n Udvarfalv\u00e1n \u00e9lt. Minden m. mozgalom \u00e9s hazafias egyes\u00fclet ir\u00e1ny\u00edt\u00f3ja \u00e9s lelkes t\u00e1mogat\u00f3ja volt. <br \/><strong>Irod.:<\/strong> Sz\u00e9kelyf\u00f6ld \u00ed. k<\/br><\/p>\n","protected":false},"excerpt":{"rendered":"<p>P\u00f3kakereszt\u00far, 1883., \u2020\u00a0?: tan\u00edt\u00f3. \u2013 Tanulm\u00e1nyait Mv.-en \u00e9s Nagyenyeden v\u00e9gezte, oklevele elnyer\u00e9se ut\u00e1n Bicsk\u00e9n \u00e9s Pakson tan\u00edtott. P\u00f3kakereszt\u00farra ker\u00fclt majd V\u00e1rhegyen tan\u00edtott (1918\u20131935). Nyugd\u00edjaz\u00e1sa ut\u00e1n Udvarfalv\u00e1n \u00e9lt. Minden m. mozgalom \u00e9s hazafias egyes\u00fclet ir\u00e1ny\u00edt\u00f3ja \u00e9s lelkes t\u00e1mogat\u00f3ja volt. Irod.: Sz\u00e9kelyf\u00f6ld \u00ed. k<\/p>\n","protected":false},"featured_media":0,"comment_status":"open","ping_status":"closed","template":"","meta":[],"product_brand":[],"product_cat":[137],"product_tag":[],"class_list":{"0":"post-8459","1":"product","2":"type-product","3":"status-publish","5":"product_cat-maros-megyei-eletrajzi-lexikon","7":"first","8":"instock","9":"shipping-taxable","10":"product-type-simple"},"_links":{"self":[{"href":"https:\/\/uj.adatbank.ro\/lexikon\/wp-json\/wp\/v2\/product\/8459","targetHints":{"allow":["GET"]}}],"collection":[{"href":"https:\/\/uj.adatbank.ro\/lexikon\/wp-json\/wp\/v2\/product"}],"about":[{"href":"https:\/\/uj.adatbank.ro\/lexikon\/wp-json\/wp\/v2\/types\/product"}],"replies":[{"embeddable":true,"href":"https:\/\/uj.adatbank.ro\/lexikon\/wp-json\/wp\/v2\/comments?post=8459"}],"wp:attachment":[{"href":"https:\/\/uj.adatbank.ro\/lexikon\/wp-json\/wp\/v2\/media?parent=8459"}],"wp:term":[{"taxonomy":"product_brand","embeddable":true,"href":"https:\/\/uj.adatbank.ro\/lexikon\/wp-json\/wp\/v2\/product_brand?post=8459"},{"taxonomy":"product_cat","embeddable":true,"href":"https:\/\/uj.adatbank.ro\/lexikon\/wp-json\/wp\/v2\/product_cat?post=8459"},{"taxonomy":"product_tag","embeddable":true,"href":"https:\/\/uj.adatbank.ro\/lexikon\/wp-json\/wp\/v2\/product_tag?post=8459"}],"curies":[{"name":"wp","href":"https:\/\/api.w.org\/{rel}","templated":true}]}}