{"id":8460,"date":"2025-06-29T10:26:48","date_gmt":"2025-06-29T08:26:48","guid":{"rendered":"https:\/\/uj.adatbank.ro\/lexikon\/termek\/gabor-jozsef-2\/"},"modified":"2025-06-29T10:26:48","modified_gmt":"2025-06-29T08:26:48","slug":"gabor-jozsef-2","status":"publish","type":"product","link":"https:\/\/uj.adatbank.ro\/lexikon\/termek\/gabor-jozsef-2\/","title":{"rendered":"G\u00c1BOR J\u00f3zsef"},"content":{"rendered":"<p>P\u00f3kakereszt\u00far, 1910. febr. 23., \u2020\u00a0P\u00f3kakereszt\u00far, ? : f\u00f6ldm\u0171ves. \u2013 R\u00e9szt vett a II. vh. harcaiban, szovjet fogs\u00e1gba esett, hazat\u00e9rt (1948). Letart\u00f3ztat\u00e1k (1959. m\u00e1rc. 23.) \u00e9s azzal a v\u00e1ddal \u00e1ll\u00edtott\u00e1k b\u00edr\u00f3s\u00e1g el\u00e9, hogy hadifogs\u00e1gb\u00f3l val\u00f3 hazat\u00e9r\u00e9se ut\u00e1n becsm\u00e9relte a kolhozokat, a mez\u0151gazdas\u00e1g szocialista \u00e1talak\u00edt\u00e1sa ellen agit\u00e1lt, szidta a t\u00e1rsas gazdas\u00e1g vezet\u0151it, akad\u00e1lyozta a k\u00f6z\u00f6s munk\u00e1t. 3 \u00e9vre \u00edt\u00e9lt\u00e9k (szabadult: 1962. m\u00e1rc. 22.). \u2013 Irod: 1956 Erd\u00e9lyben; \u00c1ldozatok<\/br><\/p>\n","protected":false},"excerpt":{"rendered":"<p>P\u00f3kakereszt\u00far, 1910. febr. 23., \u2020\u00a0P\u00f3kakereszt\u00far, ? : f\u00f6ldm\u0171ves. \u2013 R\u00e9szt vett a II. vh. harcaiban, szovjet fogs\u00e1gba esett, hazat\u00e9rt (1948). Letart\u00f3ztat\u00e1k (1959. m\u00e1rc. 23.) \u00e9s azzal a v\u00e1ddal \u00e1ll\u00edtott\u00e1k b\u00edr\u00f3s\u00e1g el\u00e9, hogy hadifogs\u00e1gb\u00f3l val\u00f3 hazat\u00e9r\u00e9se ut\u00e1n becsm\u00e9relte a kolhozokat, a mez\u0151gazdas\u00e1g szocialista \u00e1talak\u00edt\u00e1sa ellen agit\u00e1lt, szidta a t\u00e1rsas gazdas\u00e1g vezet\u0151it, akad\u00e1lyozta a k\u00f6z\u00f6s munk\u00e1t. 3 [&hellip;]<\/p>\n","protected":false},"featured_media":0,"comment_status":"open","ping_status":"closed","template":"","meta":[],"product_brand":[],"product_cat":[137],"product_tag":[],"class_list":{"0":"post-8460","1":"product","2":"type-product","3":"status-publish","5":"product_cat-maros-megyei-eletrajzi-lexikon","7":"first","8":"instock","9":"shipping-taxable","10":"product-type-simple"},"_links":{"self":[{"href":"https:\/\/uj.adatbank.ro\/lexikon\/wp-json\/wp\/v2\/product\/8460","targetHints":{"allow":["GET"]}}],"collection":[{"href":"https:\/\/uj.adatbank.ro\/lexikon\/wp-json\/wp\/v2\/product"}],"about":[{"href":"https:\/\/uj.adatbank.ro\/lexikon\/wp-json\/wp\/v2\/types\/product"}],"replies":[{"embeddable":true,"href":"https:\/\/uj.adatbank.ro\/lexikon\/wp-json\/wp\/v2\/comments?post=8460"}],"wp:attachment":[{"href":"https:\/\/uj.adatbank.ro\/lexikon\/wp-json\/wp\/v2\/media?parent=8460"}],"wp:term":[{"taxonomy":"product_brand","embeddable":true,"href":"https:\/\/uj.adatbank.ro\/lexikon\/wp-json\/wp\/v2\/product_brand?post=8460"},{"taxonomy":"product_cat","embeddable":true,"href":"https:\/\/uj.adatbank.ro\/lexikon\/wp-json\/wp\/v2\/product_cat?post=8460"},{"taxonomy":"product_tag","embeddable":true,"href":"https:\/\/uj.adatbank.ro\/lexikon\/wp-json\/wp\/v2\/product_tag?post=8460"}],"curies":[{"name":"wp","href":"https:\/\/api.w.org\/{rel}","templated":true}]}}

GÁBOR József

<p>Pókakeresztúr, 1910. febr. 23., † Pókakeresztúr, ? : földműves. – Részt vett a II. vh. harcaiban, szovjet fogságba esett, hazatért (1948). Letartóztaták (1959. márc. 23.) és azzal a váddal állították bíróság elé, hogy hadifogságból való hazatérése után becsmérelte a kolhozokat, a mezőgazdaság szocialista átalakítása ellen agitált, szidta a társas gazdaság vezetőit, akadályozta a közös munkát. 3 évre ítélték (szabadult: 1962. márc. 22.). – Irod: 1956 Erdélyben; Áldozatok</br></p>

<p>Pókakeresztúr, 1910. febr. 23., † Pókakeresztúr, ? : földműves. – Részt vett a II. vh. harcaiban, szovjet fogságba esett, hazatért (1948). Letartóztaták (1959. márc. 23.) és azzal a váddal állították bíróság elé, hogy hadifogságból való hazatérése után becsmérelte a kolhozokat, a mezőgazdaság szocialista átalakítása ellen agitált, szidta a társas gazdaság vezetőit, akadályozta a közös munkát. 3 [&hellip;]</p>
