{"id":8463,"date":"2025-06-29T10:26:54","date_gmt":"2025-06-29T08:26:54","guid":{"rendered":"https:\/\/uj.adatbank.ro\/lexikon\/termek\/gabor-simon-%c2%a7\/"},"modified":"2025-06-29T10:26:54","modified_gmt":"2025-06-29T08:26:54","slug":"gabor-simon-%c2%a7","status":"publish","type":"product","link":"https:\/\/uj.adatbank.ro\/lexikon\/termek\/gabor-simon-%c2%a7\/","title":{"rendered":"G\u00c1BOR Simon, \u00a7"},"content":{"rendered":"<p>Nasz\u00f3d, 1890., \u2020\u00a0? : keresked\u0151. \u2013 Pap\u00edrkeresked\u0151 Mv.-en. T\u00e9nyleges katonai szolg\u00e1latra jelentkezett (1912), r\u00e9szt vett az els\u0151 vh.-ban (1914. aug. \u2013 1919. jan.), az orosz fronton harcolt, megsebes\u00fclt, fel\u00e9p\u00fcl\u00e9se ut\u00e1n a k\u00e9melh\u00e1r\u00edt\u00f3kn\u00e1l tev\u00e9kenykedett. F\u0151hadnagyk\u00e9nt szerelt le (1919). Mv. -r\u0151l feles\u00e9g\u00e9vel (1890\u2013) egy\u00fctt deport\u00e1lt\u00e1k (1944. m\u00e1j. 29.). <br \/><strong>Irod.:<\/strong> Erd\u00e9lyi ezredek; M. hadviselt zsid\u00f3k Mv. zsid\u00f3s\u00e1ga<\/br><\/p>\n","protected":false},"excerpt":{"rendered":"<p>Nasz\u00f3d, 1890., \u2020\u00a0? : keresked\u0151. \u2013 Pap\u00edrkeresked\u0151 Mv.-en. T\u00e9nyleges katonai szolg\u00e1latra jelentkezett (1912), r\u00e9szt vett az els\u0151 vh.-ban (1914. aug. \u2013 1919. jan.), az orosz fronton harcolt, megsebes\u00fclt, fel\u00e9p\u00fcl\u00e9se ut\u00e1n a k\u00e9melh\u00e1r\u00edt\u00f3kn\u00e1l tev\u00e9kenykedett. F\u0151hadnagyk\u00e9nt szerelt le (1919). Mv. -r\u0151l feles\u00e9g\u00e9vel (1890\u2013) egy\u00fctt deport\u00e1lt\u00e1k (1944. m\u00e1j. 29.). Irod.: Erd\u00e9lyi ezredek; M. hadviselt zsid\u00f3k Mv. zsid\u00f3s\u00e1ga<\/p>\n","protected":false},"featured_media":0,"comment_status":"open","ping_status":"closed","template":"","meta":[],"product_brand":[],"product_cat":[137],"product_tag":[],"class_list":{"0":"post-8463","1":"product","2":"type-product","3":"status-publish","5":"product_cat-maros-megyei-eletrajzi-lexikon","7":"first","8":"instock","9":"shipping-taxable","10":"product-type-simple"},"_links":{"self":[{"href":"https:\/\/uj.adatbank.ro\/lexikon\/wp-json\/wp\/v2\/product\/8463","targetHints":{"allow":["GET"]}}],"collection":[{"href":"https:\/\/uj.adatbank.ro\/lexikon\/wp-json\/wp\/v2\/product"}],"about":[{"href":"https:\/\/uj.adatbank.ro\/lexikon\/wp-json\/wp\/v2\/types\/product"}],"replies":[{"embeddable":true,"href":"https:\/\/uj.adatbank.ro\/lexikon\/wp-json\/wp\/v2\/comments?post=8463"}],"wp:attachment":[{"href":"https:\/\/uj.adatbank.ro\/lexikon\/wp-json\/wp\/v2\/media?parent=8463"}],"wp:term":[{"taxonomy":"product_brand","embeddable":true,"href":"https:\/\/uj.adatbank.ro\/lexikon\/wp-json\/wp\/v2\/product_brand?post=8463"},{"taxonomy":"product_cat","embeddable":true,"href":"https:\/\/uj.adatbank.ro\/lexikon\/wp-json\/wp\/v2\/product_cat?post=8463"},{"taxonomy":"product_tag","embeddable":true,"href":"https:\/\/uj.adatbank.ro\/lexikon\/wp-json\/wp\/v2\/product_tag?post=8463"}],"curies":[{"name":"wp","href":"https:\/\/api.w.org\/{rel}","templated":true}]}}

GÁBOR Simon, §

<p>Naszód, 1890., † ? : kereskedő. – Papírkereskedő Mv.-en. Tényleges katonai szolgálatra jelentkezett (1912), részt vett az első vh.-ban (1914. aug. – 1919. jan.), az orosz fronton harcolt, megsebesült, felépülése után a kémelhárítóknál tevékenykedett. Főhadnagyként szerelt le (1919). Mv. -ről feleségével (1890–) együtt deportálták (1944. máj. 29.). <br /><strong>Irod.:</strong> Erdélyi ezredek; M. hadviselt zsidók Mv. zsidósága</br></p>

<p>Naszód, 1890., † ? : kereskedő. – Papírkereskedő Mv.-en. Tényleges katonai szolgálatra jelentkezett (1912), részt vett az első vh.-ban (1914. aug. – 1919. jan.), az orosz fronton harcolt, megsebesült, felépülése után a kémelhárítóknál tevékenykedett. Főhadnagyként szerelt le (1919). Mv. -ről feleségével (1890–) együtt deportálták (1944. máj. 29.). Irod.: Erdélyi ezredek; M. hadviselt zsidók Mv. zsidósága</p>
