{"id":8468,"date":"2025-06-29T10:27:07","date_gmt":"2025-06-29T08:27:07","guid":{"rendered":"https:\/\/uj.adatbank.ro\/lexikon\/termek\/gabos-istvan\/"},"modified":"2025-06-29T10:27:07","modified_gmt":"2025-06-29T08:27:07","slug":"gabos-istvan","status":"publish","type":"product","link":"https:\/\/uj.adatbank.ro\/lexikon\/termek\/gabos-istvan\/","title":{"rendered":"G\u00c1BOS Istv\u00e1n"},"content":{"rendered":"<p>Izs\u00f3pallaga, 1891., \u2020\u00a0? : \u00fcgyv\u00e9d. \u2013 Apja igazgat\u00f3 tan\u00edt\u00f3 volt. \u2013 Kv.-on doktor\u00e1lt, Mv.-en \u00fcgyv\u00e9di vizsg\u00e1t tett. Mv.-en t\u00f6rv\u00e9nysz\u00e9ki gyakornok, Brass\u00f3ban t\u00f6rv\u00e9nysz\u00e9ki jegyz\u0151, Mv.-en t\u00e1blai tan\u00e1csjegyz\u0151, majd Segesv\u00e1ron \u00fcgyv\u00e9d, a K\u00fck\u00fcll\u0151i Takar\u00e9kp\u00e9nzt\u00e1r \u00e9s a nagyszebeni ref. egyh\u00e1zmegye \u00fcgy\u00e9sze. Sokoldal\u00fa t\u00e1rsadalmi tev\u00e9kenys\u00e9get folytatott, Segesv\u00e1r m. t\u00e1rsadalm\u00e1nak egyik vezet\u0151 egy\u00e9nis\u00e9ge, a MP segesv\u00e1ri tagozat\u00e1nak eln\u00f6ke, v\u00e1rosi tan\u00e1cstag, egyh\u00e1zmegyei tan\u00e1csos, ref. egyh\u00e1zi k\u00e9pvisel\u0151. A segesv\u00e1ri M. Polg\u00e1ri K\u00f6r eln\u00f6ke, a Kaszin\u00f3 eln\u00f6k-igazgat\u00f3ja, az Unirea Sportegyes\u00fclet eln\u00f6ke, presbiteri tag, \u00e9s m\u00e9g t\u00f6bb m\u00e1s egyes\u00fcletn\u00e9l vezet\u0151 szerepet t\u00f6lt\u00f6tt be. <br \/><strong>Irod.:<\/strong> Ki kicsoda\u00a0?; M\u00e1th\u00e9 Andr\u00e1s: Tudja-e, hogy. (N\u00fa., 1998. m\u00e1rc. 4.); RMIL<\/br><\/p>\n","protected":false},"excerpt":{"rendered":"<p>Izs\u00f3pallaga, 1891., \u2020\u00a0? : \u00fcgyv\u00e9d. \u2013 Apja igazgat\u00f3 tan\u00edt\u00f3 volt. \u2013 Kv.-on doktor\u00e1lt, Mv.-en \u00fcgyv\u00e9di vizsg\u00e1t tett. Mv.-en t\u00f6rv\u00e9nysz\u00e9ki gyakornok, Brass\u00f3ban t\u00f6rv\u00e9nysz\u00e9ki jegyz\u0151, Mv.-en t\u00e1blai tan\u00e1csjegyz\u0151, majd Segesv\u00e1ron \u00fcgyv\u00e9d, a K\u00fck\u00fcll\u0151i Takar\u00e9kp\u00e9nzt\u00e1r \u00e9s a nagyszebeni ref. egyh\u00e1zmegye \u00fcgy\u00e9sze. Sokoldal\u00fa t\u00e1rsadalmi tev\u00e9kenys\u00e9get folytatott, Segesv\u00e1r m. t\u00e1rsadalm\u00e1nak egyik vezet\u0151 egy\u00e9nis\u00e9ge, a MP segesv\u00e1ri tagozat\u00e1nak eln\u00f6ke, v\u00e1rosi tan\u00e1cstag, [&hellip;]<\/p>\n","protected":false},"featured_media":0,"comment_status":"open","ping_status":"closed","template":"","meta":[],"product_brand":[],"product_cat":[137],"product_tag":[],"class_list":{"0":"post-8468","1":"product","2":"type-product","3":"status-publish","5":"product_cat-maros-megyei-eletrajzi-lexikon","7":"first","8":"instock","9":"shipping-taxable","10":"product-type-simple"},"_links":{"self":[{"href":"https:\/\/uj.adatbank.ro\/lexikon\/wp-json\/wp\/v2\/product\/8468","targetHints":{"allow":["GET"]}}],"collection":[{"href":"https:\/\/uj.adatbank.ro\/lexikon\/wp-json\/wp\/v2\/product"}],"about":[{"href":"https:\/\/uj.adatbank.ro\/lexikon\/wp-json\/wp\/v2\/types\/product"}],"replies":[{"embeddable":true,"href":"https:\/\/uj.adatbank.ro\/lexikon\/wp-json\/wp\/v2\/comments?post=8468"}],"wp:attachment":[{"href":"https:\/\/uj.adatbank.ro\/lexikon\/wp-json\/wp\/v2\/media?parent=8468"}],"wp:term":[{"taxonomy":"product_brand","embeddable":true,"href":"https:\/\/uj.adatbank.ro\/lexikon\/wp-json\/wp\/v2\/product_brand?post=8468"},{"taxonomy":"product_cat","embeddable":true,"href":"https:\/\/uj.adatbank.ro\/lexikon\/wp-json\/wp\/v2\/product_cat?post=8468"},{"taxonomy":"product_tag","embeddable":true,"href":"https:\/\/uj.adatbank.ro\/lexikon\/wp-json\/wp\/v2\/product_tag?post=8468"}],"curies":[{"name":"wp","href":"https:\/\/api.w.org\/{rel}","templated":true}]}}

GÁBOS István

<p>Izsópallaga, 1891., † ? : ügyvéd. – Apja igazgató tanító volt. – Kv.-on doktorált, Mv.-en ügyvédi vizsgát tett. Mv.-en törvényszéki gyakornok, Brassóban törvényszéki jegyző, Mv.-en táblai tanácsjegyző, majd Segesváron ügyvéd, a Küküllői Takarékpénztár és a nagyszebeni ref. egyházmegye ügyésze. Sokoldalú társadalmi tevékenységet folytatott, Segesvár m. társadalmának egyik vezető egyénisége, a MP segesvári tagozatának elnöke, városi tanácstag, egyházmegyei tanácsos, ref. egyházi képviselő. A segesvári M. Polgári Kör elnöke, a Kaszinó elnök-igazgatója, az Unirea Sportegyesület elnöke, presbiteri tag, és még több más egyesületnél vezető szerepet töltött be. <br /><strong>Irod.:</strong> Ki kicsoda ?; Máthé András: Tudja-e, hogy. (Nú., 1998. márc. 4.); RMIL</br></p>

<p>Izsópallaga, 1891., † ? : ügyvéd. – Apja igazgató tanító volt. – Kv.-on doktorált, Mv.-en ügyvédi vizsgát tett. Mv.-en törvényszéki gyakornok, Brassóban törvényszéki jegyző, Mv.-en táblai tanácsjegyző, majd Segesváron ügyvéd, a Küküllői Takarékpénztár és a nagyszebeni ref. egyházmegye ügyésze. Sokoldalú társadalmi tevékenységet folytatott, Segesvár m. társadalmának egyik vezető egyénisége, a MP segesvári tagozatának elnöke, városi tanácstag, [&hellip;]</p>
