{"id":8480,"date":"2025-06-29T10:27:29","date_gmt":"2025-06-29T08:27:29","guid":{"rendered":"https:\/\/uj.adatbank.ro\/lexikon\/termek\/gagyi-endre\/"},"modified":"2025-06-29T10:27:29","modified_gmt":"2025-06-29T08:27:29","slug":"gagyi-endre","status":"publish","type":"product","link":"https:\/\/uj.adatbank.ro\/lexikon\/termek\/gagyi-endre\/","title":{"rendered":"GAGYI Endre"},"content":{"rendered":"<p>Marosszentgy\u00f6rgy, 1913. szept. 2., \u2020\u00a0Sokolowka, 1944. aug. 12.: tan\u00edt\u00f3. \u2013 Anyja Dandor\u00f3 Anna. \u2013 Tanulm\u00e1nyait K\u00e9zdiv\u00e1s\u00e1rhelyen v\u00e9gezte, ahol tan\u00edt\u00f3i \u00e9s k\u00e1ntori oklevelet szerzett. Marosj\u00e1r\u00e1ra ker\u00fclt (1933) a r. k. felekezeti iskol\u00e1ba, majd a katonas\u00e1g ut\u00e1n Ny\u00e1r\u00e1dment\u00e9n tan\u00edtott, folytatta Cs\u00edkmegy\u00e9ben (1938\u2013), Ny\u00e1r\u00e1dt\u0151n (1940\u2013). A II. vh.-ban tart. z\u00e1szl\u00f3si rangban vett r\u00e9szt. Sokolowk\u00e1n\u00e1l h\u0151si hal\u00e1lt halt. <br \/><strong>Irod.:<\/strong> Berekm\u00e9ri; Berekm\u00e9ri 2015; Sz\u00e9kelyf\u00f6ld \u00ed. k<\/br><\/p>\n","protected":false},"excerpt":{"rendered":"<p>Marosszentgy\u00f6rgy, 1913. szept. 2., \u2020\u00a0Sokolowka, 1944. aug. 12.: tan\u00edt\u00f3. \u2013 Anyja Dandor\u00f3 Anna. \u2013 Tanulm\u00e1nyait K\u00e9zdiv\u00e1s\u00e1rhelyen v\u00e9gezte, ahol tan\u00edt\u00f3i \u00e9s k\u00e1ntori oklevelet szerzett. Marosj\u00e1r\u00e1ra ker\u00fclt (1933) a r. k. felekezeti iskol\u00e1ba, majd a katonas\u00e1g ut\u00e1n Ny\u00e1r\u00e1dment\u00e9n tan\u00edtott, folytatta Cs\u00edkmegy\u00e9ben (1938\u2013), Ny\u00e1r\u00e1dt\u0151n (1940\u2013). A II. vh.-ban tart. z\u00e1szl\u00f3si rangban vett r\u00e9szt. Sokolowk\u00e1n\u00e1l h\u0151si hal\u00e1lt halt. Irod.: [&hellip;]<\/p>\n","protected":false},"featured_media":0,"comment_status":"open","ping_status":"closed","template":"","meta":[],"product_brand":[],"product_cat":[137],"product_tag":[],"class_list":{"0":"post-8480","1":"product","2":"type-product","3":"status-publish","5":"product_cat-maros-megyei-eletrajzi-lexikon","7":"first","8":"instock","9":"shipping-taxable","10":"product-type-simple"},"_links":{"self":[{"href":"https:\/\/uj.adatbank.ro\/lexikon\/wp-json\/wp\/v2\/product\/8480","targetHints":{"allow":["GET"]}}],"collection":[{"href":"https:\/\/uj.adatbank.ro\/lexikon\/wp-json\/wp\/v2\/product"}],"about":[{"href":"https:\/\/uj.adatbank.ro\/lexikon\/wp-json\/wp\/v2\/types\/product"}],"replies":[{"embeddable":true,"href":"https:\/\/uj.adatbank.ro\/lexikon\/wp-json\/wp\/v2\/comments?post=8480"}],"wp:attachment":[{"href":"https:\/\/uj.adatbank.ro\/lexikon\/wp-json\/wp\/v2\/media?parent=8480"}],"wp:term":[{"taxonomy":"product_brand","embeddable":true,"href":"https:\/\/uj.adatbank.ro\/lexikon\/wp-json\/wp\/v2\/product_brand?post=8480"},{"taxonomy":"product_cat","embeddable":true,"href":"https:\/\/uj.adatbank.ro\/lexikon\/wp-json\/wp\/v2\/product_cat?post=8480"},{"taxonomy":"product_tag","embeddable":true,"href":"https:\/\/uj.adatbank.ro\/lexikon\/wp-json\/wp\/v2\/product_tag?post=8480"}],"curies":[{"name":"wp","href":"https:\/\/api.w.org\/{rel}","templated":true}]}}

<p>Marosszentgyörgy, 1913. szept. 2., † Sokolowka, 1944. aug. 12.: tanító. – Anyja Dandoró Anna. – Tanulmányait Kézdivásárhelyen végezte, ahol tanítói és kántori oklevelet szerzett. Marosjárára került (1933) a r. k. felekezeti iskolába, majd a katonaság után Nyárádmentén tanított, folytatta Csíkmegyében (1938–), Nyárádtőn (1940–). A II. vh.-ban tart. zászlósi rangban vett részt. Sokolowkánál hősi halált halt. <br /><strong>Irod.:</strong> Berekméri; Berekméri 2015; Székelyföld í. k</br></p>

<p>Marosszentgyörgy, 1913. szept. 2., † Sokolowka, 1944. aug. 12.: tanító. – Anyja Dandoró Anna. – Tanulmányait Kézdivásárhelyen végezte, ahol tanítói és kántori oklevelet szerzett. Marosjárára került (1933) a r. k. felekezeti iskolába, majd a katonaság után Nyárádmentén tanított, folytatta Csíkmegyében (1938–), Nyárádtőn (1940–). A II. vh.-ban tart. zászlósi rangban vett részt. Sokolowkánál hősi halált halt. Irod.: [&hellip;]</p>
