{"id":8487,"date":"2025-06-29T10:27:40","date_gmt":"2025-06-29T08:27:40","guid":{"rendered":"https:\/\/uj.adatbank.ro\/lexikon\/termek\/gagyi-laszlo-%c2%a7\/"},"modified":"2025-06-29T10:27:40","modified_gmt":"2025-06-29T08:27:40","slug":"gagyi-laszlo-%c2%a7","status":"publish","type":"product","link":"https:\/\/uj.adatbank.ro\/lexikon\/termek\/gagyi-laszlo-%c2%a7\/","title":{"rendered":"GAGYI L\u00e1szl\u00f3, \u00a7"},"content":{"rendered":"<p>Fintah\u00e1za, 1910. j\u00fan. 22., \u2020 Mv., 1991. dec. 20.: \u00edr\u00f3, tan\u00edt\u00f3\/tan\u00e1r, szerkeszt\u0151, k\u00f6nyvt\u00e1ros. \u2013 G. D\u00e9nes tan\u00edt\u00f3 \u00e9s Trauzner Etelka fia. Feles\u00e9ge: Papp \u00c9va, tan\u00e1r (1912 \u2013 Mv., 1986. nov. 18.). Fi\u00fak: P\u00e9ter (1941-Mv., 2018. jan. 29.), geol\u00f3gus. \u2013 Tanulm\u00e1nyait a mv.-i Ref. Koll.-ban, majd Nagyenyeden a tan\u00edt\u00f3k\u00e9pz\u0151ben v\u00e9gezte (1929), ekkor jelent meg els\u0151 novell\u00e1sk\u00f6tete (19 \u00e9ves) a Szomor\u00fas\u00e1gok \u00e9nekei. Tan\u00edtott Illyefalv\u00e1n, Nagysaj\u00f3n (1929\u201333), az \u00daj arcvonal c. antol\u00f3gia egyik szerz\u0151je (1931), majd a mv.-i Ref. Koll. elemi tagozat\u00e1nak igazgat\u00f3-tan\u00edt\u00f3ja (1933\u201346). Bekapcsol\u00f3dott az Erd\u00e9lyi Fiatalok mozgalomba, \u00edr\u00e1sai jelentek meg a lapban a falukutat\u00e1sr\u00f3l v\u00e9gzett munk\u00e1j\u00e1r\u00f3l, ak\u00e1rcsak a kisebbs\u00e9gi tan\u00edt\u00f3k helyzet\u00e9r\u0151l \u00e9s aktu\u00e1lis feladataikr\u00f3l, munkat\u00e1rsa is a lapnak (1930\u201334). Versben k\u00f6sz\u00f6nt\u00f6tte Bern\u00e1dy 70. sz\u00fclet\u00e9snapj\u00e1n. A KZST tagja (1934\u201348), az \u00e9vek folyam\u00e1n t\u00f6bbsz\u00f6r volt szerepl\u0151je; a marosv\u00e9csi Helikon tal\u00e1lkoz\u00f3k r\u00e9sztvev\u0151je (1938\u2013); a V\u00e1s\u00e1rhelyi Tal\u00e1lkoz\u00f3n Az erd\u00e9lyi m. napi \u00e9s id\u0151szaki sajt\u00f3 h\u00e1bor\u00fa ut\u00e1ni m\u0171k\u00f6d\u00e9se c. tartott el\u0151ad\u00e1st (1937). Maros megye tan\u00fcgyi oszt\u00e1ly\u00e1n tanfel\u00fcgyel\u0151 (1946\u201347), majd f\u0151tanfel\u00fcgyel\u0151 (1947\u201348), kiad\u00f3i lektor (1949\u2013)\u00a0\u00e9s a mv.-i 2. sz. fi\u00fal\u00edc.-ban tan\u00edt\u00f3 (1948\u201349), az eg\u00e9szs\u00e9g\u00fcgyi technikum aligazgat\u00f3-tan\u00e1ra (1949\u201354); az Igaz Sz\u00f3 szerk.-je, f\u0151szerk. helyettes (1953\u201360), a mv.-i Megyei K\u00f6nyvt\u00e1r munkat\u00e1rsa nyugd\u00edjaz\u00e1s\u00e1ig (1961. \u00e1pr. 6. \u2013 1970. j\u00fal. 1.), ahol az id\u0151szaki kiadv\u00e1nyok cikkanyag\u00e1t dolgozta fel. T\u00f6bb mint 120 ezer c\u00e9dul\u00e1t k\u00e9sz\u00edtett el, sajnos a cikk katal\u00f3gus egyr\u00e9sz\u00e9t kiselejtezt\u00e9k (1990 ut\u00e1n). Az et\u00e9di csal\u00e1di h\u00e1z\u00e1t k\u00f6z\u00f6sen feles\u00e9g\u00e9vel a k\u00f6zs\u00e9gnek adom\u00e1nyozta, az et\u00e9di helyt\u00f6rt\u00e9neti gy\u0171jtem\u00e9nyt alap\u00edtotta meg ez\u00e1ltal (1952). Irodalmi tev\u00e9kenys\u00e9g\u00e9t versekkel kezdte a Brass\u00f3i Lapok, Ifj\u00fa Erd\u00e9ly di\u00e1kmell\u00e9klet\u00e9ben, \u00e9rdekl\u0151d\u00e9se k\u00e9s\u0151bb a pr\u00f3za fel\u00e9 fordul, t\u00f6bb lap, foly\u00f3irat munkat\u00e1rsa volt, \u00edr\u00e1sai, versei jelentek meg: az Erd\u00e9lyi Fiatalok (melynek munkat\u00e1rsa is 1930\u201334), P\u00e1sztort\u0171z; Erd\u00e9lyi Helikon; Term\u00e9s; A H\u00e9t, Utunk, Igaz Sz\u00f3, M\u0171vel\u0151d\u00e9s, K\u00f6nyvt\u00e1ri Szemle, El\u0151re, V. Z., J\u00f3bar\u00e1t c. lapokban, foly\u00f3iratokban. Tagja volt a Rom\u00e1niai \u00cdr\u00f3k Sz\u00f6vets\u00e9g\u00e9nek. Fintah\u00e1z\u00e1n a ref. templomtornyon a mv.-i \u00edr\u00f3k bronzt\u00e1bl\u00e1t helyeztek el eml\u00e9k\u00e9re (1995). \u2013 <strong>F. m.:<\/strong> Szomor\u00fas\u00e1gok \u00e9nekei (novell\u00e1k; Sepsiszentgy\u00f6rgy, 1929); \u00a0B\u00e1natarat\u00f3k (reg.; Mv., 1934); A kiv\u00e1lasztottak (reg.; Kv., Bp., 1938; Kv., 1969); Pillang\u00f3 Zsuzsika (reg.; Kv., Bp, 1941; Buk., 1969); Neh\u00e9z \u00f3r\u00e1k (reg.; Kv., 1943); Tiszta \u00fat (tanulm\u00e1nyok; Mv., 1946); Fekete angyal (reg.; Mv., 1946); A korb\u00e1cs (kisreg., Buk., 1949); \u00a0A hadnagy esk\u00fcje (reg.; Mv., 1955; Buk., 1959); Ilvai pisztr\u00e1ngok (elb.; Buk., 1955); Tan\u00e1rok (reg.; Mv., 1956); A k\u00e9t testv\u00e9r (elb.; Buk., 1956); Eml\u00e9kezetes nap (elb., Mv. -Bp., 1956); Vadr\u00f3zsa (novel.; Mv., 1957); Vid\u00e9ki Hamlet (karc., nov..; Mv., 1958); D\u00edszvacsora (v\u00edgj\u00e1t\u00e9k; Mv., 1962); Cina de onoare. Comedie (Trad. de Aurel Martin; Buc., 1962); Holdf\u00e9nyes \u00f6b\u00f6l (karc.; Buk., 1964); A kiv\u00e1lasztottak \u2013 Pillang\u00f3 Zsuzsika (Buk., 1969); A t\u00e1bornok (reg.; Buk., 1970); A tenger var\u00e1zsa (novel., karc., 1940\u20131973; Buk., 1975); Doktor F\u00fcrge rendel: alv\u00e1st\u00f3l \u00e9bred\u00e9sig (mes\u00e9k; Buk., 1975); M\u00e9lys\u00e9gben (reg.; ?, 1982); Egyed\u00fcl (elb.; Buk., 1990); <strong>t\u00e1rssz.:<\/strong> Szeg\u00e9ny kicsi bojt\u00e1r (Nagy Jen\u0151vel; balladaj\u00e1t\u00e9k; Mv., 1937); <strong>antol\u00f3g.:<\/strong> \u00daj arcvonal: Tizenkilenc fiatal erd\u00e9lyi \u00edr\u00f3 antol\u00f3gi\u00e1ja (Kv., 1931); Bern\u00e1dy: Eml\u00e9ksorok 70-ik sz\u00fclet\u00e9snapj\u00e1ra (Mv., 1934); Versekben t\u00fcnd\u00f6kl\u0151 Erd\u00e9ly (Kv., 1941); Erd\u00e9lyi elbesz\u00e9l\u0151k (Bp., 1941); Term\u00e9s-\u0150sz (Kv., 1942); Sz\u00fcl\u0151f\u00f6ld\u00fcnk: A KMDSZ sz\u00e9kelyf\u00f6ldi munkak\u00f6z\u00f6ss\u00e9ge sz\u00e9kelyudvarhelyi v\u00e1ndorgy\u0171l\u00e9s\u00e9nek el\u0151ad\u00e1sanyaga (Sepsiszentgy\u00f6rgy, 1944); Tizen\u00f6t egyfelvon\u00e1sos (Mv., 1956); Teatru scurt. \u2013 Kissz\u00ednpadi m\u0171vek. (Sepsiszentgy\u00f6rgy, 1977); N\u00e9pismereti dolgozatok 1978. (Buk., 1978); Volt j\u00f6v\u0151kbe n\u00e9zve: V\u00e1logat\u00e1s a M\u00fazsa irodalmi anyag\u00e1b\u00f3l (Mv., 2001); Erd\u00e9lyi elbesz\u00e9l\u0151k (Bp., 2004); <strong>ford.:<\/strong> Cina de onoare (Buc., 1961); <strong>szerk.:<\/strong> K. Kiss Ferenc: Dereng\u0151 t\u0171zzel (el\u0151sz\u00f3; Buk., 1971). <br \/><strong>Irod.:<\/strong> Adamovits; Adamovits S\u00e1ndor: \u201eA j\u00f3 penn\u00e1j\u00fa tan\u00edt\u00f3\u201d (N\u00fa., M\u00fazsa, 448. sz., 2000. j\u00fal. 1); Bern\u00e1dy; Bo\u00e9r Hunor: A Magyar Auton\u00f3m Tartom\u00e1ny M\u00fazeumainak Kollekt\u00edv Tan\u00e1csa (1956\u20131957) = Maros megyei m. 3.; Bottoni 2006; Bottoni 2008; B\u00f6l\u00f6ni Domokos: Kov\u00e1sznai S\u00e1ndor, G. L. \u00e9s Fintah\u00e1za (N\u00fa., Sz\u00ednes Vil\u00e1g, 2012. jan. 7.); Dasc\u0103li mure\u015feni, 2.; D\u00e9zsi \u00d6d\u00f6n: Besz\u00e9lget\u00e9s G. L. \u00edr\u00f3val (V. Z., 1973. m\u00e1rc. 11.); D\u00e9zsi \u00d6d\u00f6n: Az embers\u00e9g cs\u00f3nakj\u00e1n. (V. Z., 1980. j\u00fan. 14.); Erd\u00e9lyi Fiatalok; F\u00fcl\u00f6p\u2013Ferencz; Guly\u00e1s; Gy\u00e1rf\u00e1s Mikl\u00f3s: G. L. (V. Z., 1978. dec. 26.); Gy\u00e1rf\u00e1s 2013; Helikon 1924\u20131944; Id\u0151t\u00e1r 3; Id\u0151t\u00e1r 4.; Intelectuali rom.; K\u00e1ntor\u2013L\u00e1ng; KKACs; KMI; Kort\u00e1rs M\u00cdKL; Kusz\u00e1lik; Madaras; Marosi-Helikon; Marosi-KZST; MIIB; Molter 3.; M\u00fazsa; [Nekrol\u00f3g] (N\u00fa., 1991. dec. 20); Olty\u00e1n L\u00e1szl\u00f3: G. L. -n\u00e1l (V. Z., 1982. j\u00fal. 17.); \u00d6kr\u00f6s; P\u00e1l-Antal 2013; P\u00e1l-Antal \u2013 Simon; Pomog\u00e1ts 1.; R\u00e9thy\u2013V\u00e1czy; RMIL; R\u00daL; Sz\u0151cs K\u00e1lm\u00e1n: Megrajzolni a kor arc\u00e1t (V. Z., 1965. dec. 11.); \u00daM\u00c9L; Nekrol\u00f3g: Gagyi P\u00e9ter geol\u00f3gus (N\u00fa., 2018. jan. 31.)<\/br><\/p>\n","protected":false},"excerpt":{"rendered":"<p>Fintah\u00e1za, 1910. j\u00fan. 22., \u2020 Mv., 1991. dec. 20.: \u00edr\u00f3, tan\u00edt\u00f3\/tan\u00e1r, szerkeszt\u0151, k\u00f6nyvt\u00e1ros. \u2013 G. D\u00e9nes tan\u00edt\u00f3 \u00e9s Trauzner Etelka fia. Feles\u00e9ge: Papp \u00c9va, tan\u00e1r (1912 \u2013 Mv., 1986. nov. 18.). Fi\u00fak: P\u00e9ter (1941-Mv., 2018. jan. 29.), geol\u00f3gus. \u2013 Tanulm\u00e1nyait a mv.-i Ref. Koll.-ban, majd Nagyenyeden a tan\u00edt\u00f3k\u00e9pz\u0151ben v\u00e9gezte (1929), ekkor jelent meg els\u0151 novell\u00e1sk\u00f6tete [&hellip;]<\/p>\n","protected":false},"featured_media":0,"comment_status":"open","ping_status":"closed","template":"","meta":[],"product_brand":[],"product_cat":[137],"product_tag":[],"class_list":{"0":"post-8487","1":"product","2":"type-product","3":"status-publish","5":"product_cat-maros-megyei-eletrajzi-lexikon","7":"first","8":"instock","9":"shipping-taxable","10":"product-type-simple"},"_links":{"self":[{"href":"https:\/\/uj.adatbank.ro\/lexikon\/wp-json\/wp\/v2\/product\/8487","targetHints":{"allow":["GET"]}}],"collection":[{"href":"https:\/\/uj.adatbank.ro\/lexikon\/wp-json\/wp\/v2\/product"}],"about":[{"href":"https:\/\/uj.adatbank.ro\/lexikon\/wp-json\/wp\/v2\/types\/product"}],"replies":[{"embeddable":true,"href":"https:\/\/uj.adatbank.ro\/lexikon\/wp-json\/wp\/v2\/comments?post=8487"}],"wp:attachment":[{"href":"https:\/\/uj.adatbank.ro\/lexikon\/wp-json\/wp\/v2\/media?parent=8487"}],"wp:term":[{"taxonomy":"product_brand","embeddable":true,"href":"https:\/\/uj.adatbank.ro\/lexikon\/wp-json\/wp\/v2\/product_brand?post=8487"},{"taxonomy":"product_cat","embeddable":true,"href":"https:\/\/uj.adatbank.ro\/lexikon\/wp-json\/wp\/v2\/product_cat?post=8487"},{"taxonomy":"product_tag","embeddable":true,"href":"https:\/\/uj.adatbank.ro\/lexikon\/wp-json\/wp\/v2\/product_tag?post=8487"}],"curies":[{"name":"wp","href":"https:\/\/api.w.org\/{rel}","templated":true}]}}

GAGYI László, §

<p>Fintaháza, 1910. jún. 22., † Mv., 1991. dec. 20.: író, tanító/tanár, szerkesztő, könyvtáros. – G. Dénes tanító és Trauzner Etelka fia. Felesége: Papp Éva, tanár (1912 – Mv., 1986. nov. 18.). Fiúk: Péter (1941-Mv., 2018. jan. 29.), geológus. – Tanulmányait a mv.-i Ref. Koll.-ban, majd Nagyenyeden a tanítóképzőben végezte (1929), ekkor jelent meg első novelláskötete (19 éves) a Szomorúságok énekei. Tanított Illyefalván, Nagysajón (1929–33), az Új arcvonal c. antológia egyik szerzője (1931), majd a mv.-i Ref. Koll. elemi tagozatának igazgató-tanítója (1933–46). Bekapcsolódott az Erdélyi Fiatalok mozgalomba, írásai jelentek meg a lapban a falukutatásról végzett munkájáról, akárcsak a kisebbségi tanítók helyzetéről és aktuális feladataikról, munkatársa is a lapnak (1930–34). Versben köszöntötte Bernády 70. születésnapján. A KZST tagja (1934–48), az évek folyamán többször volt szereplője; a marosvécsi Helikon találkozók résztvevője (1938–); a Vásárhelyi Találkozón Az erdélyi m. napi és időszaki sajtó háború utáni működése c. tartott előadást (1937). Maros megye tanügyi osztályán tanfelügyelő (1946–47), majd főtanfelügyelő (1947–48), kiadói lektor (1949–) és a mv.-i 2. sz. fiúlíc.-ban tanító (1948–49), az egészségügyi technikum aligazgató-tanára (1949–54); az Igaz Szó szerk.-je, főszerk. helyettes (1953–60), a mv.-i Megyei Könyvtár munkatársa nyugdíjazásáig (1961. ápr. 6. – 1970. júl. 1.), ahol az időszaki kiadványok cikkanyagát dolgozta fel. Több mint 120 ezer cédulát készített el, sajnos a cikk katalógus egyrészét kiselejtezték (1990 után). Az etédi családi házát közösen feleségével a községnek adományozta, az etédi helytörténeti gyűjteményt alapította meg ezáltal (1952). Irodalmi tevékenységét versekkel kezdte a Brassói Lapok, Ifjú Erdély diákmellékletében, érdeklődése később a próza felé fordul, több lap, folyóirat munkatársa volt, írásai, versei jelentek meg: az Erdélyi Fiatalok (melynek munkatársa is 1930–34), Pásztortűz; Erdélyi Helikon; Termés; A Hét, Utunk, Igaz Szó, Művelődés, Könyvtári Szemle, Előre, V. Z., Jóbarát c. lapokban, folyóiratokban. Tagja volt a Romániai Írók Szövetségének. Fintaházán a ref. templomtornyon a mv.-i írók bronztáblát helyeztek el emlékére (1995). – <strong>F. m.:</strong> Szomorúságok énekei (novellák; Sepsiszentgyörgy, 1929);  Bánataratók (reg.; Mv., 1934); A kiválasztottak (reg.; Kv., Bp., 1938; Kv., 1969); Pillangó Zsuzsika (reg.; Kv., Bp, 1941; Buk., 1969); Nehéz órák (reg.; Kv., 1943); Tiszta út (tanulmányok; Mv., 1946); Fekete angyal (reg.; Mv., 1946); A korbács (kisreg., Buk., 1949);  A hadnagy esküje (reg.; Mv., 1955; Buk., 1959); Ilvai pisztrángok (elb.; Buk., 1955); Tanárok (reg.; Mv., 1956); A két testvér (elb.; Buk., 1956); Emlékezetes nap (elb., Mv. -Bp., 1956); Vadrózsa (novel.; Mv., 1957); Vidéki Hamlet (karc., nov..; Mv., 1958); Díszvacsora (vígjáték; Mv., 1962); Cina de onoare. Comedie (Trad. de Aurel Martin; Buc., 1962); Holdfényes öböl (karc.; Buk., 1964); A kiválasztottak – Pillangó Zsuzsika (Buk., 1969); A tábornok (reg.; Buk., 1970); A tenger varázsa (novel., karc., 1940–1973; Buk., 1975); Doktor Fürge rendel: alvástól ébredésig (mesék; Buk., 1975); Mélységben (reg.; ?, 1982); Egyedül (elb.; Buk., 1990); <strong>társsz.:</strong> Szegény kicsi bojtár (Nagy Jenővel; balladajáték; Mv., 1937); <strong>antológ.:</strong> Új arcvonal: Tizenkilenc fiatal erdélyi író antológiája (Kv., 1931); Bernády: Emléksorok 70-ik születésnapjára (Mv., 1934); Versekben tündöklő Erdély (Kv., 1941); Erdélyi elbeszélők (Bp., 1941); Termés-Ősz (Kv., 1942); Szülőföldünk: A KMDSZ székelyföldi munkaközössége székelyudvarhelyi vándorgyűlésének előadásanyaga (Sepsiszentgyörgy, 1944); Tizenöt egyfelvonásos (Mv., 1956); Teatru scurt. – Kisszínpadi művek. (Sepsiszentgyörgy, 1977); Népismereti dolgozatok 1978. (Buk., 1978); Volt jövőkbe nézve: Válogatás a Múzsa irodalmi anyagából (Mv., 2001); Erdélyi elbeszélők (Bp., 2004); <strong>ford.:</strong> Cina de onoare (Buc., 1961); <strong>szerk.:</strong> K. Kiss Ferenc: Derengő tűzzel (előszó; Buk., 1971). <br /><strong>Irod.:</strong> Adamovits; Adamovits Sándor: „A jó pennájú tanító” (Nú., Múzsa, 448. sz., 2000. júl. 1); Bernády; Boér Hunor: A Magyar Autonóm Tartomány Múzeumainak Kollektív Tanácsa (1956–1957) = Maros megyei m. 3.; Bottoni 2006; Bottoni 2008; Bölöni Domokos: Kovásznai Sándor, G. L. és Fintaháza (Nú., Színes Világ, 2012. jan. 7.); Dascăli mureşeni, 2.; Dézsi Ödön: Beszélgetés G. L. íróval (V. Z., 1973. márc. 11.); Dézsi Ödön: Az emberség csónakján. (V. Z., 1980. jún. 14.); Erdélyi Fiatalok; Fülöp–Ferencz; Gulyás; Gyárfás Miklós: G. L. (V. Z., 1978. dec. 26.); Gyárfás 2013; Helikon 1924–1944; Időtár 3; Időtár 4.; Intelectuali rom.; Kántor–Láng; KKACs; KMI; Kortárs MÍKL; Kuszálik; Madaras; Marosi-Helikon; Marosi-KZST; MIIB; Molter 3.; Múzsa; [Nekrológ] (Nú., 1991. dec. 20); Oltyán László: G. L. -nál (V. Z., 1982. júl. 17.); Ökrös; Pál-Antal 2013; Pál-Antal – Simon; Pomogáts 1.; Réthy–Váczy; RMIL; RÚL; Szőcs Kálmán: Megrajzolni a kor arcát (V. Z., 1965. dec. 11.); ÚMÉL; Nekrológ: Gagyi Péter geológus (Nú., 2018. jan. 31.)</br></p>

<p>Fintaháza, 1910. jún. 22., † Mv., 1991. dec. 20.: író, tanító/tanár, szerkesztő, könyvtáros. – G. Dénes tanító és Trauzner Etelka fia. Felesége: Papp Éva, tanár (1912 – Mv., 1986. nov. 18.). Fiúk: Péter (1941-Mv., 2018. jan. 29.), geológus. – Tanulmányait a mv.-i Ref. Koll.-ban, majd Nagyenyeden a tanítóképzőben végezte (1929), ekkor jelent meg első novelláskötete [&hellip;]</p>
