{"id":8496,"date":"2025-06-29T10:28:00","date_gmt":"2025-06-29T08:28:00","guid":{"rendered":"https:\/\/uj.adatbank.ro\/lexikon\/termek\/gal-bela-%c2%a7\/"},"modified":"2025-06-29T10:28:00","modified_gmt":"2025-06-29T08:28:00","slug":"gal-bela-%c2%a7","status":"publish","type":"product","link":"https:\/\/uj.adatbank.ro\/lexikon\/termek\/gal-bela-%c2%a7\/","title":{"rendered":"G\u00c1L B\u00e9la, \u00a7"},"content":{"rendered":"<p>Cs\u00edkszereda, 1878., \u2020\u00a0?: bankigazgat\u00f3. \u2013 Az egyetem jogi fakult\u00e1s\u00e1t Bp.-en v\u00e9gezte. Dolgozott a radn\u00f3ti Takar\u00e9kp\u00e9nzt\u00e1rn\u00e1l (1899\u20131900), a mv.-i Erd\u00e9lyi Kereskedelmi \u00e9s Hitelbankn\u00e1l tev\u00e9kenykedett, f\u0151k\u00f6nyvel\u0151 (1904\u2013), Dics\u0151szentm\u00e1rtonban a Kisk\u00fck\u00fcll\u0151megyei Takar\u00e9kp\u00e9nzt\u00e1r \u00e9s Hitelbank vez\u00e9rigazgat\u00f3ja lett, mely int\u00e9zet a Kv.-i Takar\u00e9k P\u00e9nzt\u00e1r \u00e9s Hitelbank fi\u00f3kj\u00e1v\u00e1 alakult \u00e1t (1920). A megye egyik k\u00f6zgazdas\u00e1gi szaktekint\u00e9lye, a katolikus st\u00e1tus k\u00e9pvisel\u0151je, iskolasz\u00e9ki gondnok, a MP int\u00e9z\u0151bizotts\u00e1gi tagja \u00e9s m\u00e9g sz\u00e1mos egyes\u00fclet m\u0171k\u00f6d\u00e9s\u00e9ben tev\u00e9kenykedett. <br \/><strong>Irod.:<\/strong> Ki kicsoda\u00a0?<\/br><\/p>\n","protected":false},"excerpt":{"rendered":"<p>Cs\u00edkszereda, 1878., \u2020\u00a0?: bankigazgat\u00f3. \u2013 Az egyetem jogi fakult\u00e1s\u00e1t Bp.-en v\u00e9gezte. Dolgozott a radn\u00f3ti Takar\u00e9kp\u00e9nzt\u00e1rn\u00e1l (1899\u20131900), a mv.-i Erd\u00e9lyi Kereskedelmi \u00e9s Hitelbankn\u00e1l tev\u00e9kenykedett, f\u0151k\u00f6nyvel\u0151 (1904\u2013), Dics\u0151szentm\u00e1rtonban a Kisk\u00fck\u00fcll\u0151megyei Takar\u00e9kp\u00e9nzt\u00e1r \u00e9s Hitelbank vez\u00e9rigazgat\u00f3ja lett, mely int\u00e9zet a Kv.-i Takar\u00e9k P\u00e9nzt\u00e1r \u00e9s Hitelbank fi\u00f3kj\u00e1v\u00e1 alakult \u00e1t (1920). A megye egyik k\u00f6zgazdas\u00e1gi szaktekint\u00e9lye, a katolikus st\u00e1tus k\u00e9pvisel\u0151je, iskolasz\u00e9ki [&hellip;]<\/p>\n","protected":false},"featured_media":0,"comment_status":"open","ping_status":"closed","template":"","meta":[],"product_brand":[],"product_cat":[137],"product_tag":[],"class_list":{"0":"post-8496","1":"product","2":"type-product","3":"status-publish","5":"product_cat-maros-megyei-eletrajzi-lexikon","7":"first","8":"instock","9":"shipping-taxable","10":"product-type-simple"},"_links":{"self":[{"href":"https:\/\/uj.adatbank.ro\/lexikon\/wp-json\/wp\/v2\/product\/8496","targetHints":{"allow":["GET"]}}],"collection":[{"href":"https:\/\/uj.adatbank.ro\/lexikon\/wp-json\/wp\/v2\/product"}],"about":[{"href":"https:\/\/uj.adatbank.ro\/lexikon\/wp-json\/wp\/v2\/types\/product"}],"replies":[{"embeddable":true,"href":"https:\/\/uj.adatbank.ro\/lexikon\/wp-json\/wp\/v2\/comments?post=8496"}],"wp:attachment":[{"href":"https:\/\/uj.adatbank.ro\/lexikon\/wp-json\/wp\/v2\/media?parent=8496"}],"wp:term":[{"taxonomy":"product_brand","embeddable":true,"href":"https:\/\/uj.adatbank.ro\/lexikon\/wp-json\/wp\/v2\/product_brand?post=8496"},{"taxonomy":"product_cat","embeddable":true,"href":"https:\/\/uj.adatbank.ro\/lexikon\/wp-json\/wp\/v2\/product_cat?post=8496"},{"taxonomy":"product_tag","embeddable":true,"href":"https:\/\/uj.adatbank.ro\/lexikon\/wp-json\/wp\/v2\/product_tag?post=8496"}],"curies":[{"name":"wp","href":"https:\/\/api.w.org\/{rel}","templated":true}]}}

GÁL Béla, §

<p>Csíkszereda, 1878., † ?: bankigazgató. – Az egyetem jogi fakultását Bp.-en végezte. Dolgozott a radnóti Takarékpénztárnál (1899–1900), a mv.-i Erdélyi Kereskedelmi és Hitelbanknál tevékenykedett, főkönyvelő (1904–), Dicsőszentmártonban a Kisküküllőmegyei Takarékpénztár és Hitelbank vezérigazgatója lett, mely intézet a Kv.-i Takarék Pénztár és Hitelbank fiókjává alakult át (1920). A megye egyik közgazdasági szaktekintélye, a katolikus státus képviselője, iskolaszéki gondnok, a MP intézőbizottsági tagja és még számos egyesület működésében tevékenykedett. <br /><strong>Irod.:</strong> Ki kicsoda ?</br></p>

<p>Csíkszereda, 1878., † ?: bankigazgató. – Az egyetem jogi fakultását Bp.-en végezte. Dolgozott a radnóti Takarékpénztárnál (1899–1900), a mv.-i Erdélyi Kereskedelmi és Hitelbanknál tevékenykedett, főkönyvelő (1904–), Dicsőszentmártonban a Kisküküllőmegyei Takarékpénztár és Hitelbank vezérigazgatója lett, mely intézet a Kv.-i Takarék Pénztár és Hitelbank fiókjává alakult át (1920). A megye egyik közgazdasági szaktekintélye, a katolikus státus képviselője, iskolaszéki [&hellip;]</p>
