{"id":8497,"date":"2025-06-29T10:28:02","date_gmt":"2025-06-29T08:28:02","guid":{"rendered":"https:\/\/uj.adatbank.ro\/lexikon\/termek\/gal-dezso-%c2%a7\/"},"modified":"2025-06-29T10:28:02","modified_gmt":"2025-06-29T08:28:02","slug":"gal-dezso-%c2%a7","status":"publish","type":"product","link":"https:\/\/uj.adatbank.ro\/lexikon\/termek\/gal-dezso-%c2%a7\/","title":{"rendered":"G\u00c1L Dezs\u0151, \u00a7"},"content":{"rendered":"<p>\u00c1kosfalva, 1958. aug. 10., \u2020 Mv., 1998.: labdar\u00fag\u00f3. \u2013 Kov\u00e1csinas volt a sz\u00fcl\u0151faluj\u00e1ban. A falusi csapatban, majd az ASA ifj\u00fas\u00e1gi \u2013 \u00e9s feln\u00f6ttcsapat\u00e1ban j\u00e1tszott. 362 A oszt\u00e1lyos m\u00e9rk\u00f6z\u00e9sen vett r\u00e9szt. labdar\u00fag\u00f3 \u2013karrierj\u00e9t 36 \u00e9vesen az Electromaros B. oszt\u00e1lyos csapat\u00e1ban fejezte be. Sz\u00edvbetegs\u00e9ge miatt kor\u00e1n elhunyt. Eml\u00e9k\u00e9re k\u00e9t gyerekkori sportt\u00e1rsa, Munteanu L\u00e1szl\u00f3 \u00e9s Villa Mikl\u00f3s a nev\u00e9t visel\u0151 eml\u00e9kversenyt szerveztek meg (2010-ben). <br \/><strong>Irod.:<\/strong> Gh. Botezan: A h\u00e1zigazd\u00e1k nyert\u00e9k az els\u0151 G. D. eml\u00e9kversenyt (N\u00fa., 2011. jan. 4.); Szucher<\/br><\/p>\n","protected":false},"excerpt":{"rendered":"<p>\u00c1kosfalva, 1958. aug. 10., \u2020 Mv., 1998.: labdar\u00fag\u00f3. \u2013 Kov\u00e1csinas volt a sz\u00fcl\u0151faluj\u00e1ban. A falusi csapatban, majd az ASA ifj\u00fas\u00e1gi \u2013 \u00e9s feln\u00f6ttcsapat\u00e1ban j\u00e1tszott. 362 A oszt\u00e1lyos m\u00e9rk\u00f6z\u00e9sen vett r\u00e9szt. labdar\u00fag\u00f3 \u2013karrierj\u00e9t 36 \u00e9vesen az Electromaros B. oszt\u00e1lyos csapat\u00e1ban fejezte be. Sz\u00edvbetegs\u00e9ge miatt kor\u00e1n elhunyt. Eml\u00e9k\u00e9re k\u00e9t gyerekkori sportt\u00e1rsa, Munteanu L\u00e1szl\u00f3 \u00e9s Villa Mikl\u00f3s a [&hellip;]<\/p>\n","protected":false},"featured_media":0,"comment_status":"open","ping_status":"closed","template":"","meta":[],"product_brand":[],"product_cat":[137],"product_tag":[],"class_list":{"0":"post-8497","1":"product","2":"type-product","3":"status-publish","5":"product_cat-maros-megyei-eletrajzi-lexikon","7":"first","8":"instock","9":"shipping-taxable","10":"product-type-simple"},"_links":{"self":[{"href":"https:\/\/uj.adatbank.ro\/lexikon\/wp-json\/wp\/v2\/product\/8497","targetHints":{"allow":["GET"]}}],"collection":[{"href":"https:\/\/uj.adatbank.ro\/lexikon\/wp-json\/wp\/v2\/product"}],"about":[{"href":"https:\/\/uj.adatbank.ro\/lexikon\/wp-json\/wp\/v2\/types\/product"}],"replies":[{"embeddable":true,"href":"https:\/\/uj.adatbank.ro\/lexikon\/wp-json\/wp\/v2\/comments?post=8497"}],"wp:attachment":[{"href":"https:\/\/uj.adatbank.ro\/lexikon\/wp-json\/wp\/v2\/media?parent=8497"}],"wp:term":[{"taxonomy":"product_brand","embeddable":true,"href":"https:\/\/uj.adatbank.ro\/lexikon\/wp-json\/wp\/v2\/product_brand?post=8497"},{"taxonomy":"product_cat","embeddable":true,"href":"https:\/\/uj.adatbank.ro\/lexikon\/wp-json\/wp\/v2\/product_cat?post=8497"},{"taxonomy":"product_tag","embeddable":true,"href":"https:\/\/uj.adatbank.ro\/lexikon\/wp-json\/wp\/v2\/product_tag?post=8497"}],"curies":[{"name":"wp","href":"https:\/\/api.w.org\/{rel}","templated":true}]}}

GÁL Dezső, §

<p>Ákosfalva, 1958. aug. 10., † Mv., 1998.: labdarúgó. – Kovácsinas volt a szülőfalujában. A falusi csapatban, majd az ASA ifjúsági – és felnöttcsapatában játszott. 362 A osztályos mérközésen vett részt. labdarúgó –karrierjét 36 évesen az Electromaros B. osztályos csapatában fejezte be. Szívbetegsége miatt korán elhunyt. Emlékére két gyerekkori sporttársa, Munteanu László és Villa Miklós a nevét viselő emlékversenyt szerveztek meg (2010-ben). <br /><strong>Irod.:</strong> Gh. Botezan: A házigazdák nyerték az első G. D. emlékversenyt (Nú., 2011. jan. 4.); Szucher</br></p>

<p>Ákosfalva, 1958. aug. 10., † Mv., 1998.: labdarúgó. – Kovácsinas volt a szülőfalujában. A falusi csapatban, majd az ASA ifjúsági – és felnöttcsapatában játszott. 362 A osztályos mérközésen vett részt. labdarúgó –karrierjét 36 évesen az Electromaros B. osztályos csapatában fejezte be. Szívbetegsége miatt korán elhunyt. Emlékére két gyerekkori sporttársa, Munteanu László és Villa Miklós a [&hellip;]</p>
