{"id":8499,"date":"2025-06-29T10:28:06","date_gmt":"2025-06-29T08:28:06","guid":{"rendered":"https:\/\/uj.adatbank.ro\/lexikon\/termek\/gal-domokos-hilibi-nemes\/"},"modified":"2025-06-29T10:28:06","modified_gmt":"2025-06-29T08:28:06","slug":"gal-domokos-hilibi-nemes","status":"publish","type":"product","link":"https:\/\/uj.adatbank.ro\/lexikon\/termek\/gal-domokos-hilibi-nemes\/","title":{"rendered":"G\u00c1L Domokos, hilibi nemes"},"content":{"rendered":"<p>1786., \u2020\u00a0Kv., 1845. jan. 8.: iskola ig., t\u00e1blab\u00edr\u00f3, f\u0151korm\u00e1nysz\u00e9ki tan\u00e1csos. \u2013 J\u00f3zsef (\u20201800) \u00e9s t\u00f6visi br. B\u00e1lintitt Ter\u00e9z fia. Feles\u00e9ge p\u00e1losi D\u00f3n\u00e1th M\u00e1ria. Gyermekei: J\u00e1nos (\u20201891), Am\u00e1lia, Aloyza. \u2013 K\u00fck\u00fcll\u0151megye t\u00e1blab\u00edr\u00e1ja (1786\u2013); a kv.-i l\u00edc. igazgat\u00f3j\u00e1v\u00e1 \u00e9s kir. f\u0151korm\u00e1nysz\u00e9k tan\u00e1csoss\u00e1v\u00e1 nevezt\u00e9k ki (1834). \u2013 <strong>F. m.:<\/strong> Pascal gondolatai a hitvall\u00e1s \u00e9s n\u00e9mely egy\u00e9bb t\u00e1rgyak felett; Egy-k\u00e9t sz\u00f3 a haza mellett (Mv., 1831); Az ember figyelm\u00e9nek legfontosabb t\u00e1rgyai (Kv., 1845); <strong>szerk.:<\/strong> Sombori J\u00f3zsef Egyh\u00e1zi besz\u00e9deit. <br \/><strong>Irod.:<\/strong> K\u0151v\u00e1ry; Szinnyei<\/br><\/p>\n","protected":false},"excerpt":{"rendered":"<p>1786., \u2020\u00a0Kv., 1845. jan. 8.: iskola ig., t\u00e1blab\u00edr\u00f3, f\u0151korm\u00e1nysz\u00e9ki tan\u00e1csos. \u2013 J\u00f3zsef (\u20201800) \u00e9s t\u00f6visi br. B\u00e1lintitt Ter\u00e9z fia. Feles\u00e9ge p\u00e1losi D\u00f3n\u00e1th M\u00e1ria. Gyermekei: J\u00e1nos (\u20201891), Am\u00e1lia, Aloyza. \u2013 K\u00fck\u00fcll\u0151megye t\u00e1blab\u00edr\u00e1ja (1786\u2013); a kv.-i l\u00edc. igazgat\u00f3j\u00e1v\u00e1 \u00e9s kir. f\u0151korm\u00e1nysz\u00e9k tan\u00e1csoss\u00e1v\u00e1 nevezt\u00e9k ki (1834). \u2013 F. m.: Pascal gondolatai a hitvall\u00e1s \u00e9s n\u00e9mely egy\u00e9bb t\u00e1rgyak felett; [&hellip;]<\/p>\n","protected":false},"featured_media":0,"comment_status":"open","ping_status":"closed","template":"","meta":[],"product_brand":[],"product_cat":[137],"product_tag":[],"class_list":{"0":"post-8499","1":"product","2":"type-product","3":"status-publish","5":"product_cat-maros-megyei-eletrajzi-lexikon","7":"first","8":"instock","9":"shipping-taxable","10":"product-type-simple"},"_links":{"self":[{"href":"https:\/\/uj.adatbank.ro\/lexikon\/wp-json\/wp\/v2\/product\/8499","targetHints":{"allow":["GET"]}}],"collection":[{"href":"https:\/\/uj.adatbank.ro\/lexikon\/wp-json\/wp\/v2\/product"}],"about":[{"href":"https:\/\/uj.adatbank.ro\/lexikon\/wp-json\/wp\/v2\/types\/product"}],"replies":[{"embeddable":true,"href":"https:\/\/uj.adatbank.ro\/lexikon\/wp-json\/wp\/v2\/comments?post=8499"}],"wp:attachment":[{"href":"https:\/\/uj.adatbank.ro\/lexikon\/wp-json\/wp\/v2\/media?parent=8499"}],"wp:term":[{"taxonomy":"product_brand","embeddable":true,"href":"https:\/\/uj.adatbank.ro\/lexikon\/wp-json\/wp\/v2\/product_brand?post=8499"},{"taxonomy":"product_cat","embeddable":true,"href":"https:\/\/uj.adatbank.ro\/lexikon\/wp-json\/wp\/v2\/product_cat?post=8499"},{"taxonomy":"product_tag","embeddable":true,"href":"https:\/\/uj.adatbank.ro\/lexikon\/wp-json\/wp\/v2\/product_tag?post=8499"}],"curies":[{"name":"wp","href":"https:\/\/api.w.org\/{rel}","templated":true}]}}

GÁL Domokos, hilibi nemes

<p>1786., † Kv., 1845. jan. 8.: iskola ig., táblabíró, főkormányszéki tanácsos. – József (†1800) és tövisi br. Bálintitt Teréz fia. Felesége pálosi Dónáth Mária. Gyermekei: János (†1891), Amália, Aloyza. – Küküllőmegye táblabírája (1786–); a kv.-i líc. igazgatójává és kir. főkormányszék tanácsossává nevezték ki (1834). – <strong>F. m.:</strong> Pascal gondolatai a hitvallás és némely egyébb tárgyak felett; Egy-két szó a haza mellett (Mv., 1831); Az ember figyelmének legfontosabb tárgyai (Kv., 1845); <strong>szerk.:</strong> Sombori József Egyházi beszédeit. <br /><strong>Irod.:</strong> Kőváry; Szinnyei</br></p>

<p>1786., † Kv., 1845. jan. 8.: iskola ig., táblabíró, főkormányszéki tanácsos. – József (†1800) és tövisi br. Bálintitt Teréz fia. Felesége pálosi Dónáth Mária. Gyermekei: János (†1891), Amália, Aloyza. – Küküllőmegye táblabírája (1786–); a kv.-i líc. igazgatójává és kir. főkormányszék tanácsossává nevezték ki (1834). – F. m.: Pascal gondolatai a hitvallás és némely egyébb tárgyak felett; [&hellip;]</p>
