{"id":8501,"date":"2025-06-29T10:28:09","date_gmt":"2025-06-29T08:28:09","guid":{"rendered":"https:\/\/uj.adatbank.ro\/lexikon\/termek\/gal-elek-szentistvani\/"},"modified":"2025-06-29T10:28:09","modified_gmt":"2025-06-29T08:28:09","slug":"gal-elek-szentistvani","status":"publish","type":"product","link":"https:\/\/uj.adatbank.ro\/lexikon\/termek\/gal-elek-szentistvani\/","title":{"rendered":"G\u00c1L Elek, szentistv\u00e1ni"},"content":{"rendered":"<p>1787.? \u2020\u00a0Mv., 1847. j\u00fal. 8. Siketfalvi birtok\u00e1n temett\u00e9k: b\u00edr\u00f3. \u2013 Testv\u00e9re: Imre. Gyermekei: Zsigmond L\u00e1szl\u00f3; Zsuzs\u00e1nna Eperjesi J\u00e1nosn\u00e9; Erzs\u00e9bet Bereczki S\u00e1ndorn\u00e9. \u2013 Marosz\u00e9ki b\u00edr\u00f3, \u00e1rvagy\u00e1mi hivatalnok (1815). Az unit. egyh\u00e1z marosk\u00f6ri gondnoka (1832\u2013). Kir. t\u00e1bla \u00fcln\u00f6ke (1833). Ny\u00e1r\u00e1dg\u00e1lfalvi birtokos, szentbenedeki lakos. <br \/><strong>Irod.:<\/strong> Gy\u00e1szjelent\u0151; Kelemen; K\u0151v\u00e1ry L\u00e1szl\u00f3 1899; Nagy Iv\u00e1n; P\u00e1lmay<\/br><\/p>\n","protected":false},"excerpt":{"rendered":"<p>1787.? \u2020\u00a0Mv., 1847. j\u00fal. 8. Siketfalvi birtok\u00e1n temett\u00e9k: b\u00edr\u00f3. \u2013 Testv\u00e9re: Imre. Gyermekei: Zsigmond L\u00e1szl\u00f3; Zsuzs\u00e1nna Eperjesi J\u00e1nosn\u00e9; Erzs\u00e9bet Bereczki S\u00e1ndorn\u00e9. \u2013 Marosz\u00e9ki b\u00edr\u00f3, \u00e1rvagy\u00e1mi hivatalnok (1815). Az unit. egyh\u00e1z marosk\u00f6ri gondnoka (1832\u2013). Kir. t\u00e1bla \u00fcln\u00f6ke (1833). Ny\u00e1r\u00e1dg\u00e1lfalvi birtokos, szentbenedeki lakos. Irod.: Gy\u00e1szjelent\u0151; Kelemen; K\u0151v\u00e1ry L\u00e1szl\u00f3 1899; Nagy Iv\u00e1n; P\u00e1lmay<\/p>\n","protected":false},"featured_media":0,"comment_status":"open","ping_status":"closed","template":"","meta":[],"product_brand":[],"product_cat":[137],"product_tag":[],"class_list":{"0":"post-8501","1":"product","2":"type-product","3":"status-publish","5":"product_cat-maros-megyei-eletrajzi-lexikon","7":"first","8":"instock","9":"shipping-taxable","10":"product-type-simple"},"_links":{"self":[{"href":"https:\/\/uj.adatbank.ro\/lexikon\/wp-json\/wp\/v2\/product\/8501","targetHints":{"allow":["GET"]}}],"collection":[{"href":"https:\/\/uj.adatbank.ro\/lexikon\/wp-json\/wp\/v2\/product"}],"about":[{"href":"https:\/\/uj.adatbank.ro\/lexikon\/wp-json\/wp\/v2\/types\/product"}],"replies":[{"embeddable":true,"href":"https:\/\/uj.adatbank.ro\/lexikon\/wp-json\/wp\/v2\/comments?post=8501"}],"wp:attachment":[{"href":"https:\/\/uj.adatbank.ro\/lexikon\/wp-json\/wp\/v2\/media?parent=8501"}],"wp:term":[{"taxonomy":"product_brand","embeddable":true,"href":"https:\/\/uj.adatbank.ro\/lexikon\/wp-json\/wp\/v2\/product_brand?post=8501"},{"taxonomy":"product_cat","embeddable":true,"href":"https:\/\/uj.adatbank.ro\/lexikon\/wp-json\/wp\/v2\/product_cat?post=8501"},{"taxonomy":"product_tag","embeddable":true,"href":"https:\/\/uj.adatbank.ro\/lexikon\/wp-json\/wp\/v2\/product_tag?post=8501"}],"curies":[{"name":"wp","href":"https:\/\/api.w.org\/{rel}","templated":true}]}}