{"id":8511,"date":"2025-06-29T10:28:29","date_gmt":"2025-06-29T08:28:29","guid":{"rendered":"https:\/\/uj.adatbank.ro\/lexikon\/termek\/gal-janos-hilibi-gaal-janos-2\/"},"modified":"2025-06-29T10:28:29","modified_gmt":"2025-06-29T08:28:29","slug":"gal-janos-hilibi-gaal-janos-2","status":"publish","type":"product","link":"https:\/\/uj.adatbank.ro\/lexikon\/termek\/gal-janos-hilibi-gaal-janos-2\/","title":{"rendered":"G\u00c1L J\u00e1nos, hilibi; Ga\u00e1l J\u00e1nos"},"content":{"rendered":"<p>Kismagyar, 1799. okt. 13., \u2020\u00a0Bp., 1891. febr. 11.: kir. t\u00e1bl. \u00fcln\u00f6k, kir. k\u00fariai b\u00edr\u00f3. \u2013 Domokos (1786\u20131845) \u00e9s p\u00e1losi D\u00f3n\u00e1t M\u00e1ria fia. Feles\u00e9ge: petrovinai Pekry Karolina (1819 \u2013 Mikefalva, 1883. j\u00fal. 15.). Gyermekeik: Kl\u00e1ra nagysolymosi \u00e9s mv.-i Koncz Elekn\u00e9 (1840 \u2013 Mv., 1885. m\u00e1rc. 16.); Gizella E\u00f6ry Albertn\u00e9; Anna Henter G\u00e9z\u00e1n\u00e9; R\u00f3za K\u00f6bl\u00f6s Dezs\u0151n\u00e9; Domokos (\u2020 1900) k\u00fck\u00fcll\u0151i alisp\u00e1n. \u2013 Az erd\u00e9lyi kir. f\u0151 korm\u00e1nysz\u00e9k \u00edrnoka, majd K\u00fck\u00fcll\u0151megy\u00e9ben t\u00f6rv\u00e9nysz\u00e9ki \u00fcln\u00f6k, \u00e9s aljegyz\u0151, az erd\u00e9lyi kir. t\u00e1bla \u00fcln\u00f6ke (\u20131849, 1861\u201363, 1865\u201385). Bizalmi \u00e1ll\u00e1sa volt B\u00e9csben (1850), az erd\u00e9lyi \u00farb\u00e9ri \u00fcgyek szak\u00e9rt\u0151je. Kuriai b\u00edr\u00f3. Erd\u00e9ly \u00f6sszes ogy. -\u00e9n (1836\u2013) r\u00e9sztvett mint kir. hivatalos \u00e9s mint Ol\u00e1hfalu k\u00fcld\u00f6tte. Tagja volt m. ogy. -nek \u00e9s az erd\u00e9lyi R. K. St\u00e1tus gy\u0171l\u00e9seinek. A Gecse-f\u00e9le Emberszereteti Int\u00e9zet alap\u00edt\u00e1s\u00e1n\u00e1l a kir. korm\u00e1nysz\u00e9k r\u00e9sz\u00e9r\u0151l kirendelt biztos volt (1839\u2013). \u0150t tekintik a szakszer\u0171 sz\u0151l\u0151termeszt\u00e9s egyik erd\u00e9lyi \u00fatt\u00f6r\u0151j\u00e9nek. Jogi n\u00e9pszer\u0171s\u00edt\u0151 munk\u00e1kat \u00edrt. Cikkei a Mentorban, a Bor\u00e1szati F\u00fczetekben \u2013 a mikefalvi \u00e9s sz\u00e1szcs\u00e1v\u00e1si sz\u0151l\u0151it ismertette. A kir. a Lip\u00f3t-rend lovagkeresztj\u00e9vel t\u00fcntette ki (1880). \u2013 <strong>F. m.:<\/strong> T\u00f6rv\u00e9nykez\u00e9si \u00e9s alkotm\u00e1nyi el\u0151ismeretek; Erd\u00e9lyi gazd\u00e1szati viszonyok; Ut\u00f3hangok az erd\u00e9lyi t\u00f6rv\u00e9nyes \u00e1llapotok visszahelyez\u00e9se t\u00e1rgy\u00e1ban; <strong>antol\u00f3g.:<\/strong> Magyar orvosok \u00e9s term\u00e9szetvizsg\u00e1l\u00f3k munk\u00e1latai (10. k\u00f6t., 1865). <br \/><strong>Irod.:<\/strong> Cs\u00e1vossy; Gy\u00e1szjelent\u0151; K\u0151v\u00e1ry; Kr\u00f3n. F\u00fcz. (1939. 4\/6); P\u00e1lffy; P\u00e1lmay; Rugonfalvi Kiss; Szinnyei<\/br><\/p>\n","protected":false},"excerpt":{"rendered":"<p>Kismagyar, 1799. okt. 13., \u2020\u00a0Bp., 1891. febr. 11.: kir. t\u00e1bl. \u00fcln\u00f6k, kir. k\u00fariai b\u00edr\u00f3. \u2013 Domokos (1786\u20131845) \u00e9s p\u00e1losi D\u00f3n\u00e1t M\u00e1ria fia. Feles\u00e9ge: petrovinai Pekry Karolina (1819 \u2013 Mikefalva, 1883. j\u00fal. 15.). Gyermekeik: Kl\u00e1ra nagysolymosi \u00e9s mv.-i Koncz Elekn\u00e9 (1840 \u2013 Mv., 1885. m\u00e1rc. 16.); Gizella E\u00f6ry Albertn\u00e9; Anna Henter G\u00e9z\u00e1n\u00e9; R\u00f3za K\u00f6bl\u00f6s Dezs\u0151n\u00e9; Domokos [&hellip;]<\/p>\n","protected":false},"featured_media":0,"comment_status":"open","ping_status":"closed","template":"","meta":[],"product_brand":[],"product_cat":[137],"product_tag":[],"class_list":{"0":"post-8511","1":"product","2":"type-product","3":"status-publish","5":"product_cat-maros-megyei-eletrajzi-lexikon","7":"first","8":"instock","9":"shipping-taxable","10":"product-type-simple"},"_links":{"self":[{"href":"https:\/\/uj.adatbank.ro\/lexikon\/wp-json\/wp\/v2\/product\/8511","targetHints":{"allow":["GET"]}}],"collection":[{"href":"https:\/\/uj.adatbank.ro\/lexikon\/wp-json\/wp\/v2\/product"}],"about":[{"href":"https:\/\/uj.adatbank.ro\/lexikon\/wp-json\/wp\/v2\/types\/product"}],"replies":[{"embeddable":true,"href":"https:\/\/uj.adatbank.ro\/lexikon\/wp-json\/wp\/v2\/comments?post=8511"}],"wp:attachment":[{"href":"https:\/\/uj.adatbank.ro\/lexikon\/wp-json\/wp\/v2\/media?parent=8511"}],"wp:term":[{"taxonomy":"product_brand","embeddable":true,"href":"https:\/\/uj.adatbank.ro\/lexikon\/wp-json\/wp\/v2\/product_brand?post=8511"},{"taxonomy":"product_cat","embeddable":true,"href":"https:\/\/uj.adatbank.ro\/lexikon\/wp-json\/wp\/v2\/product_cat?post=8511"},{"taxonomy":"product_tag","embeddable":true,"href":"https:\/\/uj.adatbank.ro\/lexikon\/wp-json\/wp\/v2\/product_tag?post=8511"}],"curies":[{"name":"wp","href":"https:\/\/api.w.org\/{rel}","templated":true}]}}