{"id":8518,"date":"2025-06-29T10:28:41","date_gmt":"2025-06-29T08:28:41","guid":{"rendered":"https:\/\/uj.adatbank.ro\/lexikon\/termek\/gal-kalman\/"},"modified":"2025-06-29T10:28:41","modified_gmt":"2025-06-29T08:28:41","slug":"gal-kalman","status":"publish","type":"product","link":"https:\/\/uj.adatbank.ro\/lexikon\/termek\/gal-kalman\/","title":{"rendered":"G\u00c1L K\u00e1lm\u00e1n"},"content":{"rendered":"<p>Szentgerice, 1857. jan. 5., \u2020\u00a0Feh\u00e9rtemplom, 1917. dec. 27.: tan\u00e1r. \u2013 G. Kelemen testv\u00e9re. \u2013 Tanult Sz\u00e9kelykereszt\u00faron \u00e9s Kv.-on az unit. koll.-ban, majd Kv.-on a B\u00f6lcs\u00e9szkaron tan\u00e1ri oklevelet szerzett (1875\u20131880). M\u0171k\u00f6d\u00f6tt a kv.-i Unit. F\u0151imn.-ban (1879\u201381), Szegsz\u00e1rdon (1881\u2013) az \u00c1llami Polg\u00e1ri Iskol\u00e1ban, Feh\u00e9rtemplom-on a f\u0151gimn.-ban (1892\u2013). F\u0151munkat\u00e1rsa, szerk.-je volt a Szegsz\u00e1rd \u00e9s Vid\u00e9ke, a temesv\u00e1ri D\u00e9lmagyarosz\u00e1gi K\u00f6zl\u00f6nynek. T\u00f6bb cikke jelent meg a Kereszt\u00e9ny Magvet\u0151ben. \u2013 <strong>F. m.:<\/strong> A szegsz\u00e1rdi olvs\u00f3 \u2013 \u00e9s dalk\u00f6r t\u00f6rt\u00e9nete (Szegsz\u00e1rd, 1887). <br \/><strong>Irod.:<\/strong> Kelemen; Rugonfalvi Kiss; Szab\u00f3\u2013Simon\u2013Sz\u00f6gi; Szinnyei<\/br><\/p>\n","protected":false},"excerpt":{"rendered":"<p>Szentgerice, 1857. jan. 5., \u2020\u00a0Feh\u00e9rtemplom, 1917. dec. 27.: tan\u00e1r. \u2013 G. Kelemen testv\u00e9re. \u2013 Tanult Sz\u00e9kelykereszt\u00faron \u00e9s Kv.-on az unit. koll.-ban, majd Kv.-on a B\u00f6lcs\u00e9szkaron tan\u00e1ri oklevelet szerzett (1875\u20131880). M\u0171k\u00f6d\u00f6tt a kv.-i Unit. F\u0151imn.-ban (1879\u201381), Szegsz\u00e1rdon (1881\u2013) az \u00c1llami Polg\u00e1ri Iskol\u00e1ban, Feh\u00e9rtemplom-on a f\u0151gimn.-ban (1892\u2013). F\u0151munkat\u00e1rsa, szerk.-je volt a Szegsz\u00e1rd \u00e9s Vid\u00e9ke, a temesv\u00e1ri D\u00e9lmagyarosz\u00e1gi [&hellip;]<\/p>\n","protected":false},"featured_media":0,"comment_status":"open","ping_status":"closed","template":"","meta":[],"product_brand":[],"product_cat":[137],"product_tag":[],"class_list":{"0":"post-8518","1":"product","2":"type-product","3":"status-publish","5":"product_cat-maros-megyei-eletrajzi-lexikon","7":"first","8":"instock","9":"shipping-taxable","10":"product-type-simple"},"_links":{"self":[{"href":"https:\/\/uj.adatbank.ro\/lexikon\/wp-json\/wp\/v2\/product\/8518","targetHints":{"allow":["GET"]}}],"collection":[{"href":"https:\/\/uj.adatbank.ro\/lexikon\/wp-json\/wp\/v2\/product"}],"about":[{"href":"https:\/\/uj.adatbank.ro\/lexikon\/wp-json\/wp\/v2\/types\/product"}],"replies":[{"embeddable":true,"href":"https:\/\/uj.adatbank.ro\/lexikon\/wp-json\/wp\/v2\/comments?post=8518"}],"wp:attachment":[{"href":"https:\/\/uj.adatbank.ro\/lexikon\/wp-json\/wp\/v2\/media?parent=8518"}],"wp:term":[{"taxonomy":"product_brand","embeddable":true,"href":"https:\/\/uj.adatbank.ro\/lexikon\/wp-json\/wp\/v2\/product_brand?post=8518"},{"taxonomy":"product_cat","embeddable":true,"href":"https:\/\/uj.adatbank.ro\/lexikon\/wp-json\/wp\/v2\/product_cat?post=8518"},{"taxonomy":"product_tag","embeddable":true,"href":"https:\/\/uj.adatbank.ro\/lexikon\/wp-json\/wp\/v2\/product_tag?post=8518"}],"curies":[{"name":"wp","href":"https:\/\/api.w.org\/{rel}","templated":true}]}}

GÁL Kálmán

<p>Szentgerice, 1857. jan. 5., † Fehértemplom, 1917. dec. 27.: tanár. – G. Kelemen testvére. – Tanult Székelykeresztúron és Kv.-on az unit. koll.-ban, majd Kv.-on a Bölcsészkaron tanári oklevelet szerzett (1875–1880). Működött a kv.-i Unit. Főimn.-ban (1879–81), Szegszárdon (1881–) az Állami Polgári Iskolában, Fehértemplom-on a főgimn.-ban (1892–). Főmunkatársa, szerk.-je volt a Szegszárd és Vidéke, a temesvári Délmagyaroszági Közlönynek. Több cikke jelent meg a Keresztény Magvetőben. – <strong>F. m.:</strong> A szegszárdi olvsó – és dalkör története (Szegszárd, 1887). <br /><strong>Irod.:</strong> Kelemen; Rugonfalvi Kiss; Szabó–Simon–Szögi; Szinnyei</br></p>

<p>Szentgerice, 1857. jan. 5., † Fehértemplom, 1917. dec. 27.: tanár. – G. Kelemen testvére. – Tanult Székelykeresztúron és Kv.-on az unit. koll.-ban, majd Kv.-on a Bölcsészkaron tanári oklevelet szerzett (1875–1880). Működött a kv.-i Unit. Főimn.-ban (1879–81), Szegszárdon (1881–) az Állami Polgári Iskolában, Fehértemplom-on a főgimn.-ban (1892–). Főmunkatársa, szerk.-je volt a Szegszárd és Vidéke, a temesvári Délmagyaroszági [&hellip;]</p>
