{"id":8519,"date":"2025-06-29T10:28:44","date_gmt":"2025-06-29T08:28:44","guid":{"rendered":"https:\/\/uj.adatbank.ro\/lexikon\/termek\/gal-kelemen-szentgericei\/"},"modified":"2025-06-29T10:28:44","modified_gmt":"2025-06-29T08:28:44","slug":"gal-kelemen-szentgericei","status":"publish","type":"product","link":"https:\/\/uj.adatbank.ro\/lexikon\/termek\/gal-kelemen-szentgericei\/","title":{"rendered":"G\u00c1L Kelemen, szentgericei"},"content":{"rendered":"<p>Szentgerice, 1869. dec. 27., \u2020\u00a0Tatab\u00e1nya, Fels\u0151galla, 1945. febr. 10.: unit tan\u00e1r, pedag\u00f3giai, filoz\u00f3fiai, t\u00f6rt\u00e9neti \u00edr\u00f3. \u2013 G. K\u00e1lm\u00e1n \u00f6ccse. Feles\u00e9ge: Fekete Ilona (1895\u2013). \u2013 K\u00f6z\u00e9piskol\u00e1it Sz\u00e9kelykereszt\u00faron \u00e9s a kv.-i Unit. Gimn.-ban v\u00e9gezte, majd a kv.-i \u00e9s a gr\u00e1zi (1889\u201390) egyetemeken tanult \u00e9s n\u00e9met nyelv\u00e9szeti \u00e9s filoz\u00f3fiai tan\u00e1ri oklevelet nyert (1892), b\u00f6lcs\u00e9szdoktor lett Kv.-on (1895). A kv.-i Unit. F\u0151gimn. tan\u00e1ra nyugd\u00edjaz\u00e1s\u00e1ig (1893\u20131931), k\u00f6zben egy negyedsz\u00e1zadon \u00e1t igazgat\u00f3ja (1901\u201325.). Nyugalomba vonult (1931), aTatab\u00e1ny\u00e1n (Fels\u0151galla) \u00e9l\u0151 m\u00e9rn\u00f6k fi\u00e1hoz menek\u00fclt (1944\u2013). A hagyom\u00e1nyos tekint\u00e9lyelvekhez ragaszkodott, t\u00f6rt\u00e9net\u00edr\u00f3i munk\u00e1ss\u00e1g\u00e1t a nemzeti ir\u00e1ny jellemezte. Vall\u00e1si \u00e9s vil\u00e1gn\u00e9zeti t\u00e9ren liber\u00e1lis volt, az ifj\u00fas\u00e1g nevel\u00e9s\u00e9ben magas erk\u00f6lcsi k\u00f6vetelm\u00e9nyeket \u00e1ll\u00edtott fel. A Kereszt\u00e9ny Magvet\u0151 szerk.-je (1910\u201318), majd munkat\u00e1rsa, a M. Kisebbs\u00e9g tan\u00fcgyi rovat\u00e1nak vezet\u0151je. Cikkeit, besz\u00e9deit \u00e9s k\u00f6nyvismertet\u00e9seit k\u00f6z\u00f6lte a Kereszt\u00e9ny Magvet\u0151 \u00e9s elk\u00e9sz\u00edtette a foly\u00f3irat t\u00e1rgym\u00fatat\u00f3j\u00e1t (1861\u2013). Eszt\u00e9tikai, filoz\u00f3fiai \u00e9rtekez\u00e9seit az: Erd\u00e9lyi M\u00fazeum, Athenaeum, Ellenz\u00e9k, Csal\u00e1d \u00e9s Iskola, Vall\u00e1s \u00e9s szabads\u00e1g, Unit\u00e1rius K\u00f6zl\u00f6ny, Erd\u00e9lyi Lapok, E. Irodalmi Szemle, E. Philologiai K\u00f6zl\u00f6ny, M. Pedag\u00f3gia, M. K\u00f6zm\u0171vel\u0151d\u00e9s, Kv.-i H\u00edrlap, Nyelv\u0151r k\u00f6z\u00f6lte. Aleln\u00f6ke az \u2013Unit. Irodalmi T\u00e1rsas\u00e1gnak (UIT). A II. o. polg\u00e1ri hadi \u00e9rdemkereszt kit\u00fcntetettje. \u2013 <strong>F. m.:<\/strong> Trendelenburg b\u00f6lcselet rendszere, tekintettel Kantra (Kv., 1895); Az \u00e9rdekn\u00e9lk\u00fcli tetsz\u00e9s tana Kant el\u0151tt (Athenaeum, 1897); Brassai mint philosophus (Kv., 1899); Hit \u00e9s halad\u00e1s (Sz\u00e9kelykereszt\u00far, 1909); \u00dajabb ir\u00e1nyok a pedag\u00f3gi\u00e1ban (Kv-S\u00e1rospatak., 1911, 1912); A j\u00f3 tan\u00e1r : Kuncz Elek eml\u00e9kezete (Kv., 1916); P\u00e9terfi D\u00e9nes (Kv., 1925); Brassai S\u00e1muel (Kv., 1926); Brassai k\u00fczdelme a magyartalans\u00e1gok ellen (Kv., 1927); A t\u00e1rsadalmi k\u00f6zszellem hat\u00e1sa az iskolai nevel\u00e9sre (Kv., 1928); A nemzeti nevel\u00e9s rom\u00e1n fogalmaz\u00e1sban (Kv., 1930); H\u00e1rom felolvas\u00e1s az unit\u00e1rizmusr\u00f3l (Kv., 1931); Brassai S\u00e1muel (Kv., 1932); A kv.-i Unit\u00e1rius Koll. t\u00f6rt\u00e9nete (Kv., 1935); Kily\u00e9ni Ferenc J\u00f3zsef unit. p\u00fcsp\u00f6k \u00e9lete \u00e9s kora, h\u00e1romnegyed sz\u00e1zad az unit. egyh\u00e1z t\u00f6rt\u00e9net\u00e9b\u0151l (Kv., 1936); Jakab Elek \u00e9let \u2013 \u00e9s jellemrajza k\u00fcl\u00f6n\u00f6s tekintettel irodalmi munk\u00e1ss\u00e1g\u00e1nak unit. vonatkoz\u00e1saira \u00e9s jelent\u0151s\u00e9g\u00e9re (Kv., 1938); Benc\u00e9di Gergely sz\u00fclet\u00e9s\u00e9nek 100. \u00e9. fordul\u00f3j\u00e1ra (Kv., 1939); <strong>antol\u00f3g.:<\/strong> Az erd\u00e9lyi m. k\u00f6zoktat\u00e1s\u00fcgy k\u00fczdelmes hat \u00e9ve. = Erd\u00e9lyi Almanach, Bp., 1925.; <strong>ford.:<\/strong> Vall\u00e1s \u00e9s szabads\u00e1g (Kv., 1903); Vall\u00e1s, hit \u00e9s szabads\u00e1g (Kv., 1907); Az unit, vall\u00e1s D\u00e1vid Ferenc kor\u00e1ban \u00e9s azut\u00e1n (Kv., 1910). <br \/><strong>Irod.:<\/strong> Czirj\u00e1k 3; EM; Ferenczi 1929 \/2; F\u00fcl\u00f6p\u2013Ferencz; Ga\u00e1l 2001; Guly\u00e1s; H\u00e1zsong\u00e1rd; Kelemen; M\u00e1rkos Albert: Dr. G. K. (P\u00e1sztort\u0171z, 3. sz., 1927. febr. 13.); Ga\u00e1l Gy\u00f6rgy: G\u00e1l Kelemen (Kv., 2015); Kelemen; P\u00e1lmay; Pomog\u00e1ts 1.; RMIL; Rugonfalvi Kiss; R\u00daL; Szab\u00f3\u2013Simon\u2013Sz\u00f6gi; Szentgerice; Szinnyei; \u00daM\u00c9L; Zov\u00e1nyi<\/br><\/p>\n","protected":false},"excerpt":{"rendered":"<p>Szentgerice, 1869. dec. 27., \u2020\u00a0Tatab\u00e1nya, Fels\u0151galla, 1945. febr. 10.: unit tan\u00e1r, pedag\u00f3giai, filoz\u00f3fiai, t\u00f6rt\u00e9neti \u00edr\u00f3. \u2013 G. K\u00e1lm\u00e1n \u00f6ccse. Feles\u00e9ge: Fekete Ilona (1895\u2013). \u2013 K\u00f6z\u00e9piskol\u00e1it Sz\u00e9kelykereszt\u00faron \u00e9s a kv.-i Unit. Gimn.-ban v\u00e9gezte, majd a kv.-i \u00e9s a gr\u00e1zi (1889\u201390) egyetemeken tanult \u00e9s n\u00e9met nyelv\u00e9szeti \u00e9s filoz\u00f3fiai tan\u00e1ri oklevelet nyert (1892), b\u00f6lcs\u00e9szdoktor lett Kv.-on (1895). A [&hellip;]<\/p>\n","protected":false},"featured_media":0,"comment_status":"open","ping_status":"closed","template":"","meta":[],"product_brand":[],"product_cat":[137],"product_tag":[],"class_list":{"0":"post-8519","1":"product","2":"type-product","3":"status-publish","5":"product_cat-maros-megyei-eletrajzi-lexikon","7":"first","8":"instock","9":"shipping-taxable","10":"product-type-simple"},"_links":{"self":[{"href":"https:\/\/uj.adatbank.ro\/lexikon\/wp-json\/wp\/v2\/product\/8519","targetHints":{"allow":["GET"]}}],"collection":[{"href":"https:\/\/uj.adatbank.ro\/lexikon\/wp-json\/wp\/v2\/product"}],"about":[{"href":"https:\/\/uj.adatbank.ro\/lexikon\/wp-json\/wp\/v2\/types\/product"}],"replies":[{"embeddable":true,"href":"https:\/\/uj.adatbank.ro\/lexikon\/wp-json\/wp\/v2\/comments?post=8519"}],"wp:attachment":[{"href":"https:\/\/uj.adatbank.ro\/lexikon\/wp-json\/wp\/v2\/media?parent=8519"}],"wp:term":[{"taxonomy":"product_brand","embeddable":true,"href":"https:\/\/uj.adatbank.ro\/lexikon\/wp-json\/wp\/v2\/product_brand?post=8519"},{"taxonomy":"product_cat","embeddable":true,"href":"https:\/\/uj.adatbank.ro\/lexikon\/wp-json\/wp\/v2\/product_cat?post=8519"},{"taxonomy":"product_tag","embeddable":true,"href":"https:\/\/uj.adatbank.ro\/lexikon\/wp-json\/wp\/v2\/product_tag?post=8519"}],"curies":[{"name":"wp","href":"https:\/\/api.w.org\/{rel}","templated":true}]}}

GÁL Kelemen, szentgericei

<p>Szentgerice, 1869. dec. 27., † Tatabánya, Felsőgalla, 1945. febr. 10.: unit tanár, pedagógiai, filozófiai, történeti író. – G. Kálmán öccse. Felesége: Fekete Ilona (1895–). – Középiskoláit Székelykeresztúron és a kv.-i Unit. Gimn.-ban végezte, majd a kv.-i és a grázi (1889–90) egyetemeken tanult és német nyelvészeti és filozófiai tanári oklevelet nyert (1892), bölcsészdoktor lett Kv.-on (1895). A kv.-i Unit. Főgimn. tanára nyugdíjazásáig (1893–1931), közben egy negyedszázadon át igazgatója (1901–25.). Nyugalomba vonult (1931), aTatabányán (Felsőgalla) élő mérnök fiához menekült (1944–). A hagyományos tekintélyelvekhez ragaszkodott, történetírói munkásságát a nemzeti irány jellemezte. Vallási és világnézeti téren liberális volt, az ifjúság nevelésében magas erkölcsi követelményeket állított fel. A Keresztény Magvető szerk.-je (1910–18), majd munkatársa, a M. Kisebbség tanügyi rovatának vezetője. Cikkeit, beszédeit és könyvismertetéseit közölte a Keresztény Magvető és elkészítette a folyóirat tárgymútatóját (1861–). Esztétikai, filozófiai értekezéseit az: Erdélyi Múzeum, Athenaeum, Ellenzék, Család és Iskola, Vallás és szabadság, Unitárius Közlöny, Erdélyi Lapok, E. Irodalmi Szemle, E. Philologiai Közlöny, M. Pedagógia, M. Közművelődés, Kv.-i Hírlap, Nyelvőr közölte. Alelnöke az –Unit. Irodalmi Társaságnak (UIT). A II. o. polgári hadi érdemkereszt kitüntetettje. – <strong>F. m.:</strong> Trendelenburg bölcselet rendszere, tekintettel Kantra (Kv., 1895); Az érdeknélküli tetszés tana Kant előtt (Athenaeum, 1897); Brassai mint philosophus (Kv., 1899); Hit és haladás (Székelykeresztúr, 1909); Újabb irányok a pedagógiában (Kv-Sárospatak., 1911, 1912); A jó tanár : Kuncz Elek emlékezete (Kv., 1916); Péterfi Dénes (Kv., 1925); Brassai Sámuel (Kv., 1926); Brassai küzdelme a magyartalanságok ellen (Kv., 1927); A társadalmi közszellem hatása az iskolai nevelésre (Kv., 1928); A nemzeti nevelés román fogalmazásban (Kv., 1930); Három felolvasás az unitárizmusról (Kv., 1931); Brassai Sámuel (Kv., 1932); A kv.-i Unitárius Koll. története (Kv., 1935); Kilyéni Ferenc József unit. püspök élete és kora, háromnegyed század az unit. egyház történetéből (Kv., 1936); Jakab Elek élet – és jellemrajza különös tekintettel irodalmi munkásságának unit. vonatkozásaira és jelentőségére (Kv., 1938); Bencédi Gergely születésének 100. é. fordulójára (Kv., 1939); <strong>antológ.:</strong> Az erdélyi m. közoktatásügy küzdelmes hat éve. = Erdélyi Almanach, Bp., 1925.; <strong>ford.:</strong> Vallás és szabadság (Kv., 1903); Vallás, hit és szabadság (Kv., 1907); Az unit, vallás Dávid Ferenc korában és azután (Kv., 1910). <br /><strong>Irod.:</strong> Czirják 3; EM; Ferenczi 1929 /2; Fülöp–Ferencz; Gaál 2001; Gulyás; Házsongárd; Kelemen; Márkos Albert: Dr. G. K. (Pásztortűz, 3. sz., 1927. febr. 13.); Gaál György: Gál Kelemen (Kv., 2015); Kelemen; Pálmay; Pomogáts 1.; RMIL; Rugonfalvi Kiss; RÚL; Szabó–Simon–Szögi; Szentgerice; Szinnyei; ÚMÉL; Zoványi</br></p>

<p>Szentgerice, 1869. dec. 27., † Tatabánya, Felsőgalla, 1945. febr. 10.: unit tanár, pedagógiai, filozófiai, történeti író. – G. Kálmán öccse. Felesége: Fekete Ilona (1895–). – Középiskoláit Székelykeresztúron és a kv.-i Unit. Gimn.-ban végezte, majd a kv.-i és a grázi (1889–90) egyetemeken tanult és német nyelvészeti és filozófiai tanári oklevelet nyert (1892), bölcsészdoktor lett Kv.-on (1895). A [&hellip;]</p>
