{"id":8521,"date":"2025-06-29T10:28:47","date_gmt":"2025-06-29T08:28:47","guid":{"rendered":"https:\/\/uj.adatbank.ro\/lexikon\/termek\/gal-lajos-2\/"},"modified":"2025-06-29T10:28:47","modified_gmt":"2025-06-29T08:28:47","slug":"gal-lajos-2","status":"publish","type":"product","link":"https:\/\/uj.adatbank.ro\/lexikon\/termek\/gal-lajos-2\/","title":{"rendered":"G\u00c1L Lajos"},"content":{"rendered":"<p>Ny\u00e1r\u00e1dremete, 1814. j\u00fan. 14., \u2020\u00a0Kv., 1890.: jog\u00e1sz. \u2013 G. J\u00f3zsef \u00e9s Szab\u00f3 Katalin fia. \u2013 Jogot v\u00e9gzett. A kv.-i Kir. It\u00e9l\u0151t\u00e1bla b\u00edr\u00e1ja lett. A T\u00e1bla egyik tan\u00e1cs\u00e1nak eln\u00f6ke volt, amikor meghalt. V\u00e9grendelet\u00e9ben a V\u00e1rmez\u0151ben \u00e9p\u00edtend\u0151 templom jav\u00e1ra t\u00edzezer koron\u00e1t \u00e9s a Ny\u00e1r\u00e1dment\u00e9n l\u00e9tes\u00fclend\u0151 magt\u00e1r jav\u00e1ra 500 fr. -t adom\u00e1nyozott, de ez nem \u00e9p\u00fclt meg, az \u00f6sszeget a szeg\u00e9nyek \u00e9s a templom jav\u00e1ra adom\u00e1nyozta. <br \/><strong>Irod.:<\/strong> Eremitu\u2013Ny\u00e1r\u00e1dremete; Ny\u00e1r\u00e1dremete<\/br><\/p>\n","protected":false},"excerpt":{"rendered":"<p>Ny\u00e1r\u00e1dremete, 1814. j\u00fan. 14., \u2020\u00a0Kv., 1890.: jog\u00e1sz. \u2013 G. J\u00f3zsef \u00e9s Szab\u00f3 Katalin fia. \u2013 Jogot v\u00e9gzett. A kv.-i Kir. It\u00e9l\u0151t\u00e1bla b\u00edr\u00e1ja lett. A T\u00e1bla egyik tan\u00e1cs\u00e1nak eln\u00f6ke volt, amikor meghalt. V\u00e9grendelet\u00e9ben a V\u00e1rmez\u0151ben \u00e9p\u00edtend\u0151 templom jav\u00e1ra t\u00edzezer koron\u00e1t \u00e9s a Ny\u00e1r\u00e1dment\u00e9n l\u00e9tes\u00fclend\u0151 magt\u00e1r jav\u00e1ra 500 fr. -t adom\u00e1nyozott, de ez nem \u00e9p\u00fclt meg, az [&hellip;]<\/p>\n","protected":false},"featured_media":0,"comment_status":"open","ping_status":"closed","template":"","meta":[],"product_brand":[],"product_cat":[137],"product_tag":[],"class_list":{"0":"post-8521","1":"product","2":"type-product","3":"status-publish","5":"product_cat-maros-megyei-eletrajzi-lexikon","7":"first","8":"instock","9":"shipping-taxable","10":"product-type-simple"},"_links":{"self":[{"href":"https:\/\/uj.adatbank.ro\/lexikon\/wp-json\/wp\/v2\/product\/8521","targetHints":{"allow":["GET"]}}],"collection":[{"href":"https:\/\/uj.adatbank.ro\/lexikon\/wp-json\/wp\/v2\/product"}],"about":[{"href":"https:\/\/uj.adatbank.ro\/lexikon\/wp-json\/wp\/v2\/types\/product"}],"replies":[{"embeddable":true,"href":"https:\/\/uj.adatbank.ro\/lexikon\/wp-json\/wp\/v2\/comments?post=8521"}],"wp:attachment":[{"href":"https:\/\/uj.adatbank.ro\/lexikon\/wp-json\/wp\/v2\/media?parent=8521"}],"wp:term":[{"taxonomy":"product_brand","embeddable":true,"href":"https:\/\/uj.adatbank.ro\/lexikon\/wp-json\/wp\/v2\/product_brand?post=8521"},{"taxonomy":"product_cat","embeddable":true,"href":"https:\/\/uj.adatbank.ro\/lexikon\/wp-json\/wp\/v2\/product_cat?post=8521"},{"taxonomy":"product_tag","embeddable":true,"href":"https:\/\/uj.adatbank.ro\/lexikon\/wp-json\/wp\/v2\/product_tag?post=8521"}],"curies":[{"name":"wp","href":"https:\/\/api.w.org\/{rel}","templated":true}]}}

GÁL Lajos

<p>Nyárádremete, 1814. jún. 14., † Kv., 1890.: jogász. – G. József és Szabó Katalin fia. – Jogot végzett. A kv.-i Kir. Itélőtábla bírája lett. A Tábla egyik tanácsának elnöke volt, amikor meghalt. Végrendeletében a Vármezőben építendő templom javára tízezer koronát és a Nyárádmentén létesülendő magtár javára 500 fr. -t adományozott, de ez nem épült meg, az összeget a szegények és a templom javára adományozta. <br /><strong>Irod.:</strong> Eremitu–Nyárádremete; Nyárádremete</br></p>

<p>Nyárádremete, 1814. jún. 14., † Kv., 1890.: jogász. – G. József és Szabó Katalin fia. – Jogot végzett. A kv.-i Kir. Itélőtábla bírája lett. A Tábla egyik tanácsának elnöke volt, amikor meghalt. Végrendeletében a Vármezőben építendő templom javára tízezer koronát és a Nyárádmentén létesülendő magtár javára 500 fr. -t adományozott, de ez nem épült meg, az [&hellip;]</p>
