{"id":8523,"date":"2025-06-29T10:28:50","date_gmt":"2025-06-29T08:28:50","guid":{"rendered":"https:\/\/uj.adatbank.ro\/lexikon\/termek\/gal-laszlo\/"},"modified":"2025-07-26T13:34:07","modified_gmt":"2025-07-26T11:34:07","slug":"gal-laszlo","status":"publish","type":"product","link":"https:\/\/uj.adatbank.ro\/lexikon\/termek\/gal-laszlo\/","title":{"rendered":"G\u00c1L L\u00e1szl\u00f3"},"content":{"rendered":"<p>? \u2020\u00a0?: alszolgab\u00edr\u00f3. \u2013 Feles\u00e9ge (val\u00f3sz\u00edn\u0171): Tolnai Kl\u00e1ra (\u2020 B\u00faz\u00e1sbocs\u00e1rd, 1811. aug. 12. \u00e9s Somogyomban temett\u00e9k). \u2013 A k\u00f6zigazgat\u00e1s \u00e1tszervez\u00e9s\u00e9vel l\u00e9trehozott Maros megye g\u00e1lfalvi szakasz\u00e1ban volt alszolgab\u00edr\u00f3 (1849. \u00e1pr.).<br \/>\n<strong>Irod.:<\/strong> 1848\u20131849 Marossz\u00e9k; Gy\u00e1szjelent\u0151; P\u00e1l-Antal; P\u00e1l-Antal 2002<\/p>\n","protected":false},"excerpt":{"rendered":"<p>? \u2020\u00a0?: alszolgab\u00edr\u00f3. \u2013 Feles\u00e9ge (val\u00f3sz\u00edn\u0171): Tolnai Kl\u00e1ra (\u2020 B\u00faz\u00e1sbocs\u00e1rd, 1811. aug. 12. \u00e9s Somogyomban temett\u00e9k). \u2013 A k\u00f6zigazgat\u00e1s \u00e1tszervez\u00e9s\u00e9vel l\u00e9trehozott Maros megye g\u00e1lfalvi szakasz\u00e1ban volt alszolgab\u00edr\u00f3 (1849. \u00e1pr.). Irod.: 1848\u20131849 Marossz\u00e9k; Gy\u00e1szjelent\u0151; P\u00e1l-Antal; P\u00e1l-Antal 2002<\/p>\n","protected":false},"featured_media":0,"comment_status":"open","ping_status":"closed","template":"","meta":[],"product_brand":[],"product_cat":[137],"product_tag":[],"class_list":{"0":"post-8523","1":"product","2":"type-product","3":"status-publish","5":"product_cat-maros-megyei-eletrajzi-lexikon","7":"first","8":"instock","9":"shipping-taxable","10":"product-type-simple"},"_links":{"self":[{"href":"https:\/\/uj.adatbank.ro\/lexikon\/wp-json\/wp\/v2\/product\/8523","targetHints":{"allow":["GET"]}}],"collection":[{"href":"https:\/\/uj.adatbank.ro\/lexikon\/wp-json\/wp\/v2\/product"}],"about":[{"href":"https:\/\/uj.adatbank.ro\/lexikon\/wp-json\/wp\/v2\/types\/product"}],"replies":[{"embeddable":true,"href":"https:\/\/uj.adatbank.ro\/lexikon\/wp-json\/wp\/v2\/comments?post=8523"}],"wp:attachment":[{"href":"https:\/\/uj.adatbank.ro\/lexikon\/wp-json\/wp\/v2\/media?parent=8523"}],"wp:term":[{"taxonomy":"product_brand","embeddable":true,"href":"https:\/\/uj.adatbank.ro\/lexikon\/wp-json\/wp\/v2\/product_brand?post=8523"},{"taxonomy":"product_cat","embeddable":true,"href":"https:\/\/uj.adatbank.ro\/lexikon\/wp-json\/wp\/v2\/product_cat?post=8523"},{"taxonomy":"product_tag","embeddable":true,"href":"https:\/\/uj.adatbank.ro\/lexikon\/wp-json\/wp\/v2\/product_tag?post=8523"}],"curies":[{"name":"wp","href":"https:\/\/api.w.org\/{rel}","templated":true}]}}