{"id":8524,"date":"2025-06-29T10:28:51","date_gmt":"2025-06-29T08:28:51","guid":{"rendered":"https:\/\/uj.adatbank.ro\/lexikon\/termek\/gal-laszlo-h-gal-laszlo\/"},"modified":"2025-06-29T10:28:51","modified_gmt":"2025-06-29T08:28:51","slug":"gal-laszlo-h-gal-laszlo","status":"publish","type":"product","link":"https:\/\/uj.adatbank.ro\/lexikon\/termek\/gal-laszlo-h-gal-laszlo\/","title":{"rendered":"G\u00c1L L\u00e1szl\u00f3 H., G\u00e1l L\u00e1szl\u00f3"},"content":{"rendered":"<p>? \u2020\u00a0? : nyomd\u00e1sz. \u2013 Kapronczai ut\u00e1n, \u00e1tvette a mv.-i nyomd\u00e1t Husz\u00e1r Antalt\u00f3l (1787\u201390). Nyomd\u00e1j\u00e1b\u00f3l k\u00e9t k\u00f6nyv ker\u00fclt ki: J\u00f3zsef ts\u00e1sz\u00e1r im\u00e1ds\u00e1gos k\u00f6nyve, \u00e9s legnevezetesebb kiadv\u00e1nya Zrinyi Mikl\u00f3s T\u00f6r\u00f6k \u00e1fium\u00e1nak els\u0151 kiad\u00e1sa, melyet Zilahi S\u00e1muel a Koll. tan\u00e1ra k\u00e9sz\u00edtett el\u0151 kiad\u00e1sra. \u2013 Kiadv\u00e1nyai: 1. B\u00fajdos\u00e1snak eml\u00e9kezet k\u00f6ve. J\u00f3zsef ts\u00e1sz\u00e1r im\u00e1ds\u00e1gos k\u00f6nyve (2. kiad.; Mv., 1787); 2. Zrinyi Mikl\u00f3s: Ne b\u00e1ntsd a magyart (Mv., 1790), <br \/><strong>Irod.:<\/strong> De\u00e9 Nagy Anik\u00f3: A mv.-i Ref. Koll. k\u00f6nyvnyomd\u00e1ja (N\u00fa., 1993. szept. 29.); Id\u0151t\u00e1r 1; Koncz; Kr\u00f3n. F\u00fcz. (1939. 4\/9); MAM\u0170L; P\u00e1l-Antal 2009; Pusztai<\/br><\/p>\n","protected":false},"excerpt":{"rendered":"<p>? \u2020\u00a0? : nyomd\u00e1sz. \u2013 Kapronczai ut\u00e1n, \u00e1tvette a mv.-i nyomd\u00e1t Husz\u00e1r Antalt\u00f3l (1787\u201390). Nyomd\u00e1j\u00e1b\u00f3l k\u00e9t k\u00f6nyv ker\u00fclt ki: J\u00f3zsef ts\u00e1sz\u00e1r im\u00e1ds\u00e1gos k\u00f6nyve, \u00e9s legnevezetesebb kiadv\u00e1nya Zrinyi Mikl\u00f3s T\u00f6r\u00f6k \u00e1fium\u00e1nak els\u0151 kiad\u00e1sa, melyet Zilahi S\u00e1muel a Koll. tan\u00e1ra k\u00e9sz\u00edtett el\u0151 kiad\u00e1sra. \u2013 Kiadv\u00e1nyai: 1. B\u00fajdos\u00e1snak eml\u00e9kezet k\u00f6ve. J\u00f3zsef ts\u00e1sz\u00e1r im\u00e1ds\u00e1gos k\u00f6nyve (2. kiad.; Mv., 1787); [&hellip;]<\/p>\n","protected":false},"featured_media":0,"comment_status":"open","ping_status":"closed","template":"","meta":[],"product_brand":[],"product_cat":[137],"product_tag":[],"class_list":{"0":"post-8524","1":"product","2":"type-product","3":"status-publish","5":"product_cat-maros-megyei-eletrajzi-lexikon","7":"first","8":"instock","9":"shipping-taxable","10":"product-type-simple"},"_links":{"self":[{"href":"https:\/\/uj.adatbank.ro\/lexikon\/wp-json\/wp\/v2\/product\/8524","targetHints":{"allow":["GET"]}}],"collection":[{"href":"https:\/\/uj.adatbank.ro\/lexikon\/wp-json\/wp\/v2\/product"}],"about":[{"href":"https:\/\/uj.adatbank.ro\/lexikon\/wp-json\/wp\/v2\/types\/product"}],"replies":[{"embeddable":true,"href":"https:\/\/uj.adatbank.ro\/lexikon\/wp-json\/wp\/v2\/comments?post=8524"}],"wp:attachment":[{"href":"https:\/\/uj.adatbank.ro\/lexikon\/wp-json\/wp\/v2\/media?parent=8524"}],"wp:term":[{"taxonomy":"product_brand","embeddable":true,"href":"https:\/\/uj.adatbank.ro\/lexikon\/wp-json\/wp\/v2\/product_brand?post=8524"},{"taxonomy":"product_cat","embeddable":true,"href":"https:\/\/uj.adatbank.ro\/lexikon\/wp-json\/wp\/v2\/product_cat?post=8524"},{"taxonomy":"product_tag","embeddable":true,"href":"https:\/\/uj.adatbank.ro\/lexikon\/wp-json\/wp\/v2\/product_tag?post=8524"}],"curies":[{"name":"wp","href":"https:\/\/api.w.org\/{rel}","templated":true}]}}