{"id":8537,"date":"2025-06-29T10:29:23","date_gmt":"2025-06-29T08:29:23","guid":{"rendered":"https:\/\/uj.adatbank.ro\/lexikon\/termek\/gal-sandor-2\/"},"modified":"2025-06-29T10:29:23","modified_gmt":"2025-06-29T08:29:23","slug":"gal-sandor-2","status":"publish","type":"product","link":"https:\/\/uj.adatbank.ro\/lexikon\/termek\/gal-sandor-2\/","title":{"rendered":"G\u00c1L S\u00e1ndor"},"content":{"rendered":"<p>Gyergy\u00f3alfalu, 1868., \u2020\u00a0? : \u00fcgyv\u00e9d, ogy.-i k\u00e9pvisel\u0151. \u2013 K\u00f6z\u00e9piskol\u00e1it \u00e9s az egyetemet a kat. sz\u00e9kely alapt\u00f3l nyert t\u00e1mogat\u00e1ssal v\u00e9gezte. Sz\u00e1szr\u00e9genben volt gyakorl\u00f3 \u00fcgyv\u00e9d. \u00c9l\u00e9nk szerepet j\u00e1tszott a megy\u00e9ben, melynek k\u00f6zgy\u0171l\u00e9sein gyakran \u00f6sszet\u0171z\u00e9sbe ker\u00fclt a sz\u00e1sz bizotts\u00e1gi tagokkal. A Sz\u00e1szr\u00e9geni Kaszin\u00f3 (alakult 1894) els\u0151 jegyz\u0151je, dr. Az 1901. \u00e1ltal\u00e1nos v\u00e1lszt\u00e1sok alkalm\u00e1val a ny\u00e1r\u00e1dszeredai ker. Kossuth p\u00e1rti programmal k\u00e9pvisel\u0151nek megv\u00e1lasztotta, majd \u00fajra e ker.-ben nyert mand\u00e1tumot (1905), a mentelmi bizotts\u00e1g tagja. A nemzeti k\u00fczdelmek tev\u00e9keny harcosa volt (1905), majd r\u00e9gi ker\u00fclete ism\u00e9t megv\u00e1lasztotta (1906, 1910), a k\u00e9pvisel\u0151h\u00e1z eln\u00f6k\u00e9v\u00e9 v\u00e1lasztott\u00e1k (1909). A Kossuth P\u00e1rt tagja. A megyei ellenz\u00e9k neves k\u00e9pvisel\u0151je. \u00d6r\u00f6k\u00f6seit\u0151l az 1921-es f\u00f6ldreformot k\u00f6vet\u0151en kisaj\u00e1t\u00edtott\u00e1k birtokai egyr\u00e9sz\u00e9t. <br \/><strong>Irod.:<\/strong> B\u00edr\u00f3 Don\u00e1t; Id\u0151t\u00e1r 2; Kelemen; Koszta Istv\u00e1n: F\u00f6ldindul\u00e1s \u2013 1916 = P\u00e1l-Antal \u2013 Simon; A magyar orsz\u00e1ggy\u0171l\u00e9s (Bp., 1906); Ogy.-i almanach (1901\u20131905)<\/br><\/p>\n","protected":false},"excerpt":{"rendered":"<p>Gyergy\u00f3alfalu, 1868., \u2020\u00a0? : \u00fcgyv\u00e9d, ogy.-i k\u00e9pvisel\u0151. \u2013 K\u00f6z\u00e9piskol\u00e1it \u00e9s az egyetemet a kat. sz\u00e9kely alapt\u00f3l nyert t\u00e1mogat\u00e1ssal v\u00e9gezte. Sz\u00e1szr\u00e9genben volt gyakorl\u00f3 \u00fcgyv\u00e9d. \u00c9l\u00e9nk szerepet j\u00e1tszott a megy\u00e9ben, melynek k\u00f6zgy\u0171l\u00e9sein gyakran \u00f6sszet\u0171z\u00e9sbe ker\u00fclt a sz\u00e1sz bizotts\u00e1gi tagokkal. A Sz\u00e1szr\u00e9geni Kaszin\u00f3 (alakult 1894) els\u0151 jegyz\u0151je, dr. Az 1901. \u00e1ltal\u00e1nos v\u00e1lszt\u00e1sok alkalm\u00e1val a ny\u00e1r\u00e1dszeredai ker. Kossuth p\u00e1rti [&hellip;]<\/p>\n","protected":false},"featured_media":0,"comment_status":"open","ping_status":"closed","template":"","meta":[],"product_brand":[],"product_cat":[137],"product_tag":[],"class_list":{"0":"post-8537","1":"product","2":"type-product","3":"status-publish","5":"product_cat-maros-megyei-eletrajzi-lexikon","7":"first","8":"instock","9":"shipping-taxable","10":"product-type-simple"},"_links":{"self":[{"href":"https:\/\/uj.adatbank.ro\/lexikon\/wp-json\/wp\/v2\/product\/8537","targetHints":{"allow":["GET"]}}],"collection":[{"href":"https:\/\/uj.adatbank.ro\/lexikon\/wp-json\/wp\/v2\/product"}],"about":[{"href":"https:\/\/uj.adatbank.ro\/lexikon\/wp-json\/wp\/v2\/types\/product"}],"replies":[{"embeddable":true,"href":"https:\/\/uj.adatbank.ro\/lexikon\/wp-json\/wp\/v2\/comments?post=8537"}],"wp:attachment":[{"href":"https:\/\/uj.adatbank.ro\/lexikon\/wp-json\/wp\/v2\/media?parent=8537"}],"wp:term":[{"taxonomy":"product_brand","embeddable":true,"href":"https:\/\/uj.adatbank.ro\/lexikon\/wp-json\/wp\/v2\/product_brand?post=8537"},{"taxonomy":"product_cat","embeddable":true,"href":"https:\/\/uj.adatbank.ro\/lexikon\/wp-json\/wp\/v2\/product_cat?post=8537"},{"taxonomy":"product_tag","embeddable":true,"href":"https:\/\/uj.adatbank.ro\/lexikon\/wp-json\/wp\/v2\/product_tag?post=8537"}],"curies":[{"name":"wp","href":"https:\/\/api.w.org\/{rel}","templated":true}]}}

GÁL Sándor

<p>Gyergyóalfalu, 1868., † ? : ügyvéd, ogy.-i képviselő. – Középiskoláit és az egyetemet a kat. székely alaptól nyert támogatással végezte. Szászrégenben volt gyakorló ügyvéd. Élénk szerepet játszott a megyében, melynek közgyűlésein gyakran összetűzésbe került a szász bizottsági tagokkal. A Szászrégeni Kaszinó (alakult 1894) első jegyzője, dr. Az 1901. általános válsztások alkalmával a nyárádszeredai ker. Kossuth párti programmal képviselőnek megválasztotta, majd újra e ker.-ben nyert mandátumot (1905), a mentelmi bizottság tagja. A nemzeti küzdelmek tevékeny harcosa volt (1905), majd régi kerülete ismét megválasztotta (1906, 1910), a képviselőház elnökévé választották (1909). A Kossuth Párt tagja. A megyei ellenzék neves képviselője. Örököseitől az 1921-es földreformot követően kisajátították birtokai egyrészét. <br /><strong>Irod.:</strong> Bíró Donát; Időtár 2; Kelemen; Koszta István: Földindulás – 1916 = Pál-Antal – Simon; A magyar országgyűlés (Bp., 1906); Ogy.-i almanach (1901–1905)</br></p>

<p>Gyergyóalfalu, 1868., † ? : ügyvéd, ogy.-i képviselő. – Középiskoláit és az egyetemet a kat. székely alaptól nyert támogatással végezte. Szászrégenben volt gyakorló ügyvéd. Élénk szerepet játszott a megyében, melynek közgyűlésein gyakran összetűzésbe került a szász bizottsági tagokkal. A Szászrégeni Kaszinó (alakult 1894) első jegyzője, dr. Az 1901. általános válsztások alkalmával a nyárádszeredai ker. Kossuth párti [&hellip;]</p>
