{"id":8539,"date":"2025-06-29T10:29:26","date_gmt":"2025-06-29T08:29:26","guid":{"rendered":"https:\/\/uj.adatbank.ro\/lexikon\/termek\/gal-zsigmond\/"},"modified":"2025-06-29T10:29:26","modified_gmt":"2025-06-29T08:29:26","slug":"gal-zsigmond","status":"publish","type":"product","link":"https:\/\/uj.adatbank.ro\/lexikon\/termek\/gal-zsigmond\/","title":{"rendered":"G\u00c1L Zsigmond"},"content":{"rendered":"<p>? \u2020\u00a0? : ad\u00f3szed\u0151. \u2013 Marossz\u00e9ki perceptor (1792 t\u00e1j\u00e9k\u00e1n). Vajdaszentiv\u00e1nyon \u00e9s Magyarp\u00e9terlak\u00e1n k\u00fari\u00e1ji \u00e9s birtoka volt. Az unit. egyh\u00e1z marosk\u00f6ri gondnoka (1800-as \u00e9vek elej\u00e9n). <br \/><strong>Irod.:<\/strong> Bi\u00e1s; Kelemen; K\u0151v\u00e1ry L\u00e1szl\u00f3 1899<\/br><\/p>\n","protected":false},"excerpt":{"rendered":"<p>? \u2020\u00a0? : ad\u00f3szed\u0151. \u2013 Marossz\u00e9ki perceptor (1792 t\u00e1j\u00e9k\u00e1n). Vajdaszentiv\u00e1nyon \u00e9s Magyarp\u00e9terlak\u00e1n k\u00fari\u00e1ji \u00e9s birtoka volt. Az unit. egyh\u00e1z marosk\u00f6ri gondnoka (1800-as \u00e9vek elej\u00e9n). Irod.: Bi\u00e1s; Kelemen; K\u0151v\u00e1ry L\u00e1szl\u00f3 1899<\/p>\n","protected":false},"featured_media":0,"comment_status":"open","ping_status":"closed","template":"","meta":[],"product_brand":[],"product_cat":[137],"product_tag":[],"class_list":{"0":"post-8539","1":"product","2":"type-product","3":"status-publish","5":"product_cat-maros-megyei-eletrajzi-lexikon","7":"first","8":"instock","9":"shipping-taxable","10":"product-type-simple"},"_links":{"self":[{"href":"https:\/\/uj.adatbank.ro\/lexikon\/wp-json\/wp\/v2\/product\/8539","targetHints":{"allow":["GET"]}}],"collection":[{"href":"https:\/\/uj.adatbank.ro\/lexikon\/wp-json\/wp\/v2\/product"}],"about":[{"href":"https:\/\/uj.adatbank.ro\/lexikon\/wp-json\/wp\/v2\/types\/product"}],"replies":[{"embeddable":true,"href":"https:\/\/uj.adatbank.ro\/lexikon\/wp-json\/wp\/v2\/comments?post=8539"}],"wp:attachment":[{"href":"https:\/\/uj.adatbank.ro\/lexikon\/wp-json\/wp\/v2\/media?parent=8539"}],"wp:term":[{"taxonomy":"product_brand","embeddable":true,"href":"https:\/\/uj.adatbank.ro\/lexikon\/wp-json\/wp\/v2\/product_brand?post=8539"},{"taxonomy":"product_cat","embeddable":true,"href":"https:\/\/uj.adatbank.ro\/lexikon\/wp-json\/wp\/v2\/product_cat?post=8539"},{"taxonomy":"product_tag","embeddable":true,"href":"https:\/\/uj.adatbank.ro\/lexikon\/wp-json\/wp\/v2\/product_tag?post=8539"}],"curies":[{"name":"wp","href":"https:\/\/api.w.org\/{rel}","templated":true}]}}